{"id":4981,"date":"2021-01-21T09:43:46","date_gmt":"2021-01-21T14:43:46","guid":{"rendered":"https:\/\/ecpamericas.org\/events\/online-course-strengthening-the-traceability-of-ozone-measurements-in-latin-america-and-the-caribbean\/"},"modified":"2021-01-21T10:56:01","modified_gmt":"2021-01-21T15:56:01","slug":"online-course-strengthening-the-traceability-of-ozone-measurements-in-latin-america-and-the-caribbean","status":"publish","type":"mec-events","link":"https:\/\/ecpamericas.org\/es\/events\/online-course-strengthening-the-traceability-of-ozone-measurements-in-latin-america-and-the-caribbean\/","title":{"rendered":"Taller para el Fortalecimiento de la Trazabilidad de las Mediciones de Ozono en Am\u00e9rica Latina y el Caribe"},"content":{"rendered":"<p><img fetchpriority=\"high\" decoding=\"async\" class=\"size-medium wp-image-4985 alignleft\" src=\"https:\/\/ecpamericas.org\/wp-content\/uploads\/2021\/01\/Manizales-300x204.png\" alt=\"\" width=\"300\" height=\"204\" srcset=\"https:\/\/ecpamericas.org\/wp-content\/uploads\/2021\/01\/Manizales-300x204.png 300w, https:\/\/ecpamericas.org\/wp-content\/uploads\/2021\/01\/Manizales-1024x697.png 1024w, https:\/\/ecpamericas.org\/wp-content\/uploads\/2021\/01\/Manizales-768x523.png 768w, https:\/\/ecpamericas.org\/wp-content\/uploads\/2021\/01\/Manizales-474x324.png 474w, https:\/\/ecpamericas.org\/wp-content\/uploads\/2021\/01\/Manizales.png 1392w\" sizes=\"(max-width: 300px) 100vw, 300px\" \/>El seminario web tiene como objetivo reforzar los conocimientos y pr\u00e1cticas utilizadas para la medici\u00f3n y diseminaci\u00f3n del patr\u00f3n de ozono a los equipos de monitoreo y control de calidad.\u00a0El seminario est\u00e1 dirigido al personal de las estaciones de monitoreo de la calidad del aire y sus contrapartes en los Institutos Nacionales de Metrologia de Latinoam\u00e9rica y el Caribe.<\/p>\n<p>Bajo el marco de la Alianza de Energ\u00eda y Clima de las Am\u00e9ricas (ECPA), La Organizaci\u00f3n de los Estados Americanos (OEA) se complace en anunciar el tercer taller de fortalecimiento de las mediciones de Ozono en Ciudades de Am\u00e9rica Latina y el Caribe.<\/p>\n<p>En esta ocasi\u00f3n, el taller se concentrar\u00e1 en reforzar conocimientos y pr\u00e1cticas utilizadas por la Agencia de Protecci\u00f3n Ambiental de los Estados Unidos (EPA) y el Consejo de Recursos del Aire de California (CARB, siglas en ingl\u00e9s) para dar trazabilidad a las mediciones de ozono y diseminar el patr\u00f3n a los equipos de ozono en el campo. Asimismo, se analizar\u00e1 el impacto de estas pr\u00e1cticas en las mediciones de la calidad del aire.<\/p>\n","protected":false},"excerpt":{"rendered":"<p>Este curso, disponible solo por invitaci\u00f3n, est\u00e1 dirigido al personal que trabaja en estaciones de monitoreo de la calidad del aire e Institutos Nacionales de Metrolog\u00eda de Metrolog\u00eda en Am\u00e9rica Latina y el Caribe. El seminario web tiene como objetivo reforzar los conocimientos y pr\u00e1cticas utilizadas para la medici\u00f3n y diseminaci\u00f3n del patr\u00f3n de ozono a los equipos de monitoreo y control de calidad. Esta actividad es organizada por la Secretar\u00eda Ejecutiva para el Desarrollo Integral (SEDI), bajo los auspicios de la Alianza de Energ\u00eda y Clima de las Am\u00e9ricas (ECPA).<\/p>\n","protected":false},"author":2,"featured_media":4985,"comment_status":"open","ping_status":"closed","template":"","tags":[],"mec_category":[109],"class_list":["post-4981","mec-events","type-mec-events","status-publish","has-post-thumbnail","hentry","mec_category-109"],"acf":[],"yoast_head":"<!-- This site is optimized with the Yoast SEO plugin v21.7 - https:\/\/yoast.com\/wordpress\/plugins\/seo\/ -->\n<title>Taller para el Fortalecimiento de la Trazabilidad de las Mediciones de Ozono en Am\u00e9rica Latina y el Caribe - ECPA - Energy and Climate Partnership of the Americas<\/title>\n<meta name=\"robots\" content=\"index, follow, max-snippet:-1, max-image-preview:large, max-video-preview:-1\" \/>\n<link rel=\"canonical\" href=\"https:\/\/ecpamericas.org\/es\/events\/online-course-strengthening-the-traceability-of-ozone-measurements-in-latin-america-and-the-caribbean\/\" \/>\n<meta property=\"og:locale\" content=\"es_ES\" \/>\n<meta property=\"og:type\" content=\"article\" \/>\n<meta property=\"og:title\" content=\"Taller para el Fortalecimiento de la Trazabilidad de las Mediciones de Ozono en Am\u00e9rica Latina y el Caribe - ECPA - Energy and Climate Partnership of the Americas\" \/>\n<meta property=\"og:description\" content=\"Este curso, disponible solo por invitaci\u00f3n, est\u00e1 dirigido al personal que trabaja en estaciones de monitoreo de la calidad del aire e Institutos Nacionales de Metrolog\u00eda de Metrolog\u00eda en Am\u00e9rica Latina y el Caribe. El seminario web tiene como objetivo reforzar los conocimientos y pr\u00e1cticas utilizadas para la medici\u00f3n y diseminaci\u00f3n del patr\u00f3n de ozono a los equipos de monitoreo y control de calidad. Esta actividad es organizada por la Secretar\u00eda Ejecutiva para el Desarrollo Integral (SEDI), bajo los auspicios de la Alianza de Energ\u00eda y Clima de las Am\u00e9ricas (ECPA).\" \/>\n<meta property=\"og:url\" content=\"https:\/\/ecpamericas.org\/es\/events\/online-course-strengthening-the-traceability-of-ozone-measurements-in-latin-america-and-the-caribbean\/\" \/>\n<meta property=\"og:site_name\" content=\"ECPA - Energy and Climate Partnership of the Americas\" \/>\n<meta property=\"article:modified_time\" content=\"2021-01-21T15:56:01+00:00\" \/>\n<meta property=\"og:image\" content=\"https:\/\/ecpamericas.org\/wp-content\/uploads\/2021\/01\/Manizales-1024x697.png\" \/>\n\t<meta property=\"og:image:width\" content=\"1024\" \/>\n\t<meta property=\"og:image:height\" content=\"697\" \/>\n\t<meta property=\"og:image:type\" content=\"image\/png\" \/>\n<meta name=\"twitter:card\" content=\"summary_large_image\" \/>\n<meta name=\"twitter:label1\" content=\"Tiempo de lectura\" \/>\n\t<meta name=\"twitter:data1\" content=\"1 minuto\" \/>\n<script type=\"application\/ld+json\" class=\"yoast-schema-graph\">{\"@context\":\"https:\/\/schema.org\",\"@graph\":[{\"@type\":\"WebPage\",\"@id\":\"https:\/\/ecpamericas.org\/es\/events\/online-course-strengthening-the-traceability-of-ozone-measurements-in-latin-america-and-the-caribbean\/\",\"url\":\"https:\/\/ecpamericas.org\/es\/events\/online-course-strengthening-the-traceability-of-ozone-measurements-in-latin-america-and-the-caribbean\/\",\"name\":\"Taller para el Fortalecimiento de la Trazabilidad de las Mediciones de Ozono en Am\u00e9rica Latina y el Caribe - ECPA - Energy and Climate Partnership of the Americas\",\"isPartOf\":{\"@id\":\"https:\/\/ecpamericas.org\/es\/#website\"},\"datePublished\":\"2021-01-21T14:43:46+00:00\",\"dateModified\":\"2021-01-21T15:56:01+00:00\",\"breadcrumb\":{\"@id\":\"https:\/\/ecpamericas.org\/es\/events\/online-course-strengthening-the-traceability-of-ozone-measurements-in-latin-america-and-the-caribbean\/#breadcrumb\"},\"inLanguage\":\"es\",\"potentialAction\":[{\"@type\":\"ReadAction\",\"target\":[\"https:\/\/ecpamericas.org\/es\/events\/online-course-strengthening-the-traceability-of-ozone-measurements-in-latin-america-and-the-caribbean\/\"]}]},{\"@type\":\"BreadcrumbList\",\"@id\":\"https:\/\/ecpamericas.org\/es\/events\/online-course-strengthening-the-traceability-of-ozone-measurements-in-latin-america-and-the-caribbean\/#breadcrumb\",\"itemListElement\":[{\"@type\":\"ListItem\",\"position\":1,\"name\":\"Home\",\"item\":\"https:\/\/ecpamericas.org\/es\/\"},{\"@type\":\"ListItem\",\"position\":2,\"name\":\"Taller para el Fortalecimiento de la Trazabilidad de las Mediciones de Ozono en Am\u00e9rica Latina y el Caribe\"}]},{\"@type\":\"WebSite\",\"@id\":\"https:\/\/ecpamericas.org\/es\/#website\",\"url\":\"https:\/\/ecpamericas.org\/es\/\",\"name\":\"ECPA - Energy and Climate Partnership of the Americas\",\"description\":\"Promoting cooperation for a sustainable energy future in the Americas\",\"potentialAction\":[{\"@type\":\"SearchAction\",\"target\":{\"@type\":\"EntryPoint\",\"urlTemplate\":\"https:\/\/ecpamericas.org\/es\/?s={search_term_string}\"},\"query-input\":\"required name=search_term_string\"}],\"inLanguage\":\"es\"}]}<\/script>\n<!-- \/ Yoast SEO plugin. -->","yoast_head_json":{"title":"Taller para el Fortalecimiento de la Trazabilidad de las Mediciones de Ozono en Am\u00e9rica Latina y el Caribe - ECPA - Energy and Climate Partnership of the Americas","robots":{"index":"index","follow":"follow","max-snippet":"max-snippet:-1","max-image-preview":"max-image-preview:large","max-video-preview":"max-video-preview:-1"},"canonical":"https:\/\/ecpamericas.org\/es\/events\/online-course-strengthening-the-traceability-of-ozone-measurements-in-latin-america-and-the-caribbean\/","og_locale":"es_ES","og_type":"article","og_title":"Taller para el Fortalecimiento de la Trazabilidad de las Mediciones de Ozono en Am\u00e9rica Latina y el Caribe - ECPA - Energy and Climate Partnership of the Americas","og_description":"Este curso, disponible solo por invitaci\u00f3n, est\u00e1 dirigido al personal que trabaja en estaciones de monitoreo de la calidad del aire e Institutos Nacionales de Metrolog\u00eda de Metrolog\u00eda en Am\u00e9rica Latina y el Caribe. El seminario web tiene como objetivo reforzar los conocimientos y pr\u00e1cticas utilizadas para la medici\u00f3n y diseminaci\u00f3n del patr\u00f3n de ozono a los equipos de monitoreo y control de calidad. Esta actividad es organizada por la Secretar\u00eda Ejecutiva para el Desarrollo Integral (SEDI), bajo los auspicios de la Alianza de Energ\u00eda y Clima de las Am\u00e9ricas (ECPA).","og_url":"https:\/\/ecpamericas.org\/es\/events\/online-course-strengthening-the-traceability-of-ozone-measurements-in-latin-america-and-the-caribbean\/","og_site_name":"ECPA - Energy and Climate Partnership of the Americas","article_modified_time":"2021-01-21T15:56:01+00:00","og_image":[{"width":1024,"height":697,"url":"https:\/\/ecpamericas.org\/wp-content\/uploads\/2021\/01\/Manizales-1024x697.png","type":"image\/png"}],"twitter_card":"summary_large_image","twitter_misc":{"Tiempo de lectura":"1 minuto"},"schema":{"@context":"https:\/\/schema.org","@graph":[{"@type":"WebPage","@id":"https:\/\/ecpamericas.org\/es\/events\/online-course-strengthening-the-traceability-of-ozone-measurements-in-latin-america-and-the-caribbean\/","url":"https:\/\/ecpamericas.org\/es\/events\/online-course-strengthening-the-traceability-of-ozone-measurements-in-latin-america-and-the-caribbean\/","name":"Taller para el Fortalecimiento de la Trazabilidad de las Mediciones de Ozono en Am\u00e9rica Latina y el Caribe - ECPA - Energy and Climate Partnership of the Americas","isPartOf":{"@id":"https:\/\/ecpamericas.org\/es\/#website"},"datePublished":"2021-01-21T14:43:46+00:00","dateModified":"2021-01-21T15:56:01+00:00","breadcrumb":{"@id":"https:\/\/ecpamericas.org\/es\/events\/online-course-strengthening-the-traceability-of-ozone-measurements-in-latin-america-and-the-caribbean\/#breadcrumb"},"inLanguage":"es","potentialAction":[{"@type":"ReadAction","target":["https:\/\/ecpamericas.org\/es\/events\/online-course-strengthening-the-traceability-of-ozone-measurements-in-latin-america-and-the-caribbean\/"]}]},{"@type":"BreadcrumbList","@id":"https:\/\/ecpamericas.org\/es\/events\/online-course-strengthening-the-traceability-of-ozone-measurements-in-latin-america-and-the-caribbean\/#breadcrumb","itemListElement":[{"@type":"ListItem","position":1,"name":"Home","item":"https:\/\/ecpamericas.org\/es\/"},{"@type":"ListItem","position":2,"name":"Taller para el Fortalecimiento de la Trazabilidad de las Mediciones de Ozono en Am\u00e9rica Latina y el Caribe"}]},{"@type":"WebSite","@id":"https:\/\/ecpamericas.org\/es\/#website","url":"https:\/\/ecpamericas.org\/es\/","name":"ECPA - Energy and Climate Partnership of the Americas","description":"Promoting cooperation for a sustainable energy future in the Americas","potentialAction":[{"@type":"SearchAction","target":{"@type":"EntryPoint","urlTemplate":"https:\/\/ecpamericas.org\/es\/?s={search_term_string}"},"query-input":"required name=search_term_string"}],"inLanguage":"es"}]}},"_links":{"self":[{"href":"https:\/\/ecpamericas.org\/es\/wp-json\/wp\/v2\/mec-events\/4981","targetHints":{"allow":["GET"]}}],"collection":[{"href":"https:\/\/ecpamericas.org\/es\/wp-json\/wp\/v2\/mec-events"}],"about":[{"href":"https:\/\/ecpamericas.org\/es\/wp-json\/wp\/v2\/types\/mec-events"}],"author":[{"embeddable":true,"href":"https:\/\/ecpamericas.org\/es\/wp-json\/wp\/v2\/users\/2"}],"replies":[{"embeddable":true,"href":"https:\/\/ecpamericas.org\/es\/wp-json\/wp\/v2\/comments?post=4981"}],"wp:featuredmedia":[{"embeddable":true,"href":"https:\/\/ecpamericas.org\/es\/wp-json\/wp\/v2\/media\/4985"}],"wp:attachment":[{"href":"https:\/\/ecpamericas.org\/es\/wp-json\/wp\/v2\/media?parent=4981"}],"wp:term":[{"taxonomy":"post_tag","embeddable":true,"href":"https:\/\/ecpamericas.org\/es\/wp-json\/wp\/v2\/tags?post=4981"},{"taxonomy":"mec_category","embeddable":true,"href":"https:\/\/ecpamericas.org\/es\/wp-json\/wp\/v2\/mec_category?post=4981"}],"curies":[{"name":"wp","href":"https:\/\/api.w.org\/{rel}","templated":true}]}}

Taller para el Fortalecimiento de la Trazabilidad de las Mediciones de Ozono en América Latina y el Caribe

<p><img fetchpriority="high" decoding="async" class="size-medium wp-image-4985 alignleft" src="https://ecpamericas.org/wp-content/uploads/2021/01/Manizales-300x204.png" alt="" width="300" height="204" srcset="https://ecpamericas.org/wp-content/uploads/2021/01/Manizales-300x204.png 300w, https://ecpamericas.org/wp-content/uploads/2021/01/Manizales-1024x697.png 1024w, https://ecpamericas.org/wp-content/uploads/2021/01/Manizales-768x523.png 768w, https://ecpamericas.org/wp-content/uploads/2021/01/Manizales-474x324.png 474w, https://ecpamericas.org/wp-content/uploads/2021/01/Manizales.png 1392w" sizes="(max-width: 300px) 100vw, 300px" />El seminario web tiene como objetivo reforzar los conocimientos y prácticas utilizadas para la medición y diseminación del patrón de ozono a los equipos de monitoreo y control de calidad. El seminario está dirigido al personal de las estaciones de monitoreo de la calidad del aire y sus contrapartes en los Institutos Nacionales de Metrologia de Latinoamérica y el Caribe.</p>
<p>Bajo el marco de la Alianza de Energía y Clima de las Américas (ECPA), La Organización de los Estados Americanos (OEA) se complace en anunciar el tercer taller de fortalecimiento de las mediciones de Ozono en Ciudades de América Latina y el Caribe.</p>
<p>En esta ocasión, el taller se concentrará en reforzar conocimientos y prácticas utilizadas por la Agencia de Protección Ambiental de los Estados Unidos (EPA) y el Consejo de Recursos del Aire de California (CARB, siglas en inglés) para dar trazabilidad a las mediciones de ozono y diseminar el patrón a los equipos de ozono en el campo. Asimismo, se analizará el impacto de estas prácticas en las mediciones de la calidad del aire.</p>

<p>Este curso, disponible solo por invitación, está dirigido al personal que trabaja en estaciones de monitoreo de la calidad del aire e Institutos Nacionales de Metrología de Metrología en América Latina y el Caribe. El seminario web tiene como objetivo reforzar los conocimientos y prácticas utilizadas para la medición y diseminación del patrón de ozono a los equipos de monitoreo y control de calidad. Esta actividad es organizada por la Secretaría Ejecutiva para el Desarrollo Integral (SEDI), bajo los auspicios de la Alianza de Energía y Clima de las Américas (ECPA).</p>

<!-- This site is optimized with the Yoast SEO plugin v21.7 - https://yoast.com/wordpress/plugins/seo/ -->
<title>Taller para el Fortalecimiento de la Trazabilidad de las Mediciones de Ozono en América Latina y el Caribe - ECPA - Energy and Climate Partnership of the Americas</title>
<meta name="robots" content="index, follow, max-snippet:-1, max-image-preview:large, max-video-preview:-1" />
<link rel="canonical" href="https://ecpamericas.org/es/events/online-course-strengthening-the-traceability-of-ozone-measurements-in-latin-america-and-the-caribbean/" />
<meta property="og:locale" content="es_ES" />
<meta property="og:type" content="article" />
<meta property="og:title" content="Taller para el Fortalecimiento de la Trazabilidad de las Mediciones de Ozono en América Latina y el Caribe - ECPA - Energy and Climate Partnership of the Americas" />
<meta property="og:description" content="Este curso, disponible solo por invitación, está dirigido al personal que trabaja en estaciones de monitoreo de la calidad del aire e Institutos Nacionales de Metrología de Metrología en América Latina y el Caribe. El seminario web tiene como objetivo reforzar los conocimientos y prácticas utilizadas para la medición y diseminación del patrón de ozono a los equipos de monitoreo y control de calidad. Esta actividad es organizada por la Secretaría Ejecutiva para el Desarrollo Integral (SEDI), bajo los auspicios de la Alianza de Energía y Clima de las Américas (ECPA)." />
<meta property="og:url" content="https://ecpamericas.org/es/events/online-course-strengthening-the-traceability-of-ozone-measurements-in-latin-america-and-the-caribbean/" />
<meta property="og:site_name" content="ECPA - Energy and Climate Partnership of the Americas" />
<meta property="article:modified_time" content="2021-01-21T15:56:01+00:00" />
<meta property="og:image" content="https://ecpamericas.org/wp-content/uploads/2021/01/Manizales-1024x697.png" />
	<meta property="og:image:width" content="1024" />
	<meta property="og:image:height" content="697" />
	<meta property="og:image:type" content="image/png" />
<meta name="twitter:card" content="summary_large_image" />
<meta name="twitter:label1" content="Tiempo de lectura" />
	<meta name="twitter:data1" content="1 minuto" />
<script type="application/ld+json" class="yoast-schema-graph">{"@context":"https://schema.org","@graph":[{"@type":"WebPage","@id":"https://ecpamericas.org/es/events/online-course-strengthening-the-traceability-of-ozone-measurements-in-latin-america-and-the-caribbean/","url":"https://ecpamericas.org/es/events/online-course-strengthening-the-traceability-of-ozone-measurements-in-latin-america-and-the-caribbean/","name":"Taller para el Fortalecimiento de la Trazabilidad de las Mediciones de Ozono en América Latina y el Caribe - ECPA - Energy and Climate Partnership of the Americas","isPartOf":{"@id":"https://ecpamericas.org/es/#website"},"datePublished":"2021-01-21T14:43:46+00:00","dateModified":"2021-01-21T15:56:01+00:00","breadcrumb":{"@id":"https://ecpamericas.org/es/events/online-course-strengthening-the-traceability-of-ozone-measurements-in-latin-america-and-the-caribbean/#breadcrumb"},"inLanguage":"es","potentialAction":[{"@type":"ReadAction","target":["https://ecpamericas.org/es/events/online-course-strengthening-the-traceability-of-ozone-measurements-in-latin-america-and-the-caribbean/"]}]},{"@type":"BreadcrumbList","@id":"https://ecpamericas.org/es/events/online-course-strengthening-the-traceability-of-ozone-measurements-in-latin-america-and-the-caribbean/#breadcrumb","itemListElement":[{"@type":"ListItem","position":1,"name":"Home","item":"https://ecpamericas.org/es/"},{"@type":"ListItem","position":2,"name":"Taller para el Fortalecimiento de la Trazabilidad de las Mediciones de Ozono en América Latina y el Caribe"}]},{"@type":"WebSite","@id":"https://ecpamericas.org/es/#website","url":"https://ecpamericas.org/es/","name":"ECPA - Energy and Climate Partnership of the Americas","description":"Promoting cooperation for a sustainable energy future in the Americas","potentialAction":[{"@type":"SearchAction","target":{"@type":"EntryPoint","urlTemplate":"https://ecpamericas.org/es/?s={search_term_string}"},"query-input":"required name=search_term_string"}],"inLanguage":"es"}]}</script>
<!-- / Yoast SEO plugin. -->

Taller para el Fortalecimiento de la Trazabilidad de las Mediciones de Ozono en América Latina y el Caribe - ECPA - Energy and Climate Partnership of the Americas

Este curso, disponible solo por invitación, está dirigido al personal que trabaja en estaciones de monitoreo de la calidad del aire e Institutos Nacionales de Metrología de Metrología en América Latina y el Caribe. El seminario web tiene como objetivo reforzar los conocimientos y prácticas utilizadas para la medición y diseminación del patrón de ozono a los equipos de monitoreo y control de calidad. Esta actividad es organizada por la Secretaría Ejecutiva para el Desarrollo Integral (SEDI), bajo los auspicios de la Alianza de Energía y Clima de las Américas (ECPA).
