{"id":4200,"date":"2011-05-05T00:00:00","date_gmt":"2011-05-05T00:00:00","guid":{"rendered":"https:\/\/ecpamericas.org\/events\/iv-conferencia-internacional-del-ciemades-interconexion-electrica-en-el-caribe-aspectos-tecnicos-ambientales-y-economicos\/"},"modified":"2020-12-31T16:57:59","modified_gmt":"2020-12-31T21:57:59","slug":"iv-conferencia-internacional-del-ciemades-interconexion-electrica-en-el-caribe-aspectos-tecnicos-ambientales-y-economicos","status":"publish","type":"mec-events","link":"https:\/\/ecpamericas.org\/es\/events\/iv-conferencia-internacional-del-ciemades-interconexion-electrica-en-el-caribe-aspectos-tecnicos-ambientales-y-economicos\/","title":{"rendered":"IV Conferencia Internacional del CIEMADeS &#8211; Interconexi\u00f3n El\u00e9ctrica en el Caribe: Aspectos T\u00e9cnicos, Ambientales y Econ\u00f3micos"},"content":{"rendered":"<div id=\"ctl00_ContentPlaceHolder1_ucEventDetail_divEventItem\" class=\"item\">\n<div class=\"date\" style=\"font-style: italic; font-size: 14px;\">jueves, 5 de mayo de 2011 &#8211; s\u00e1bado, 7 de mayo de 2011<\/div>\n<h2 style=\"margin: 25px 0 35px 0;\">IV Conferencia Internacional del CIEMADeS &#8211; Interconexi\u00f3n El\u00e9ctrica en el Caribe: Aspectos T\u00e9cnicos, Ambientales y Econ\u00f3micos<\/h2>\n<p>El evento del Centro Internacional de Estudios del Medio Ameibente y Desarrollo Sostenible (CIEMADes) se propone describir y analizar en un marco multidisciplinario, la viabilidad de la interconexi\u00f3n el\u00e9ctrica de la cuenca caribe\u00f1a y sus aspectos ambientales, t\u00e9cnicos y econ\u00f3micos. La Conferencia permitir\u00e1 adem\u00e1s, conocer y profundizar en el potencial del archipi\u00e9lago antillano para la diversificaci\u00f3n de sus fuentes energ\u00e9ticas as\u00ed como fomentar la cooperaci\u00f3n cient\u00edfica y tecnol\u00f3gica tanto bilateral como multilateral entre instituciones y gobiernos interesados en el desarrollo sostenible de la regi\u00f3n.<\/p>\n<p>Para la realizaci\u00f3n de este evento CIEMADeS cuenta con la cooperaci\u00f3n del Centro Energ\u00e9tico de Puerto Rico (Puerto Rico Energy Center \u2013 PREC). Las presentaciones se enmarcan en los siguientes temas medulares:<\/p>\n<p>(1) Situaci\u00f3n actual y necesidades para la generaci\u00f3n de energ\u00eda el\u00e9ctrica<br \/>\n(2) Escenarios y retos tecnol\u00f3gicos de la interconexi\u00f3n el\u00e9ctrica<br \/>\n(3) Estudios de casos sobre la operaci\u00f3n de sistemas interconectados<br \/>\n(4) Consideraciones ambientales y econ\u00f3micas<br \/>\n(5) Aspectos legales y pol\u00edticos<br \/>\n(6) Amenazas y manejo de riesgos<\/p>\n<p><a href=\"\/data\/files\/Events\/iv-ciemades-program-final_esp.pdf\" target=\"_blank\" rel=\"noopener noreferrer\" shape=\"rect\">Temario<\/a> | <a href=\"http:\/\/www.ciemades.org\/conf_11\/index.html\" target=\"_blank\" rel=\"noopener noreferrer\" shape=\"rect\">V\u00ednculo Relacionado<\/a><\/p>\n<div id=\"ctl00_ContentPlaceHolder1_ucEventDetail_divGoogleMap\" class=\"topPad\">\n<div id=\"div_GoogleMap\"><\/div>\n<\/div>\n<div class=\"topPad floatL postedBy\">ES-Posted By: ES-N\/A &#8211; jueves, 05 mayo, 2011 ES-at 12:00<\/div>\n<\/div>\n","protected":false},"excerpt":{"rendered":"<p>jueves, 5 de mayo de 2011 &#8211; s\u00e1bado, 7 de mayo de 2011 IV Conferencia Internacional del CIEMADeS &#8211; Interconexi\u00f3n El\u00e9ctrica en el Caribe: Aspectos T\u00e9cnicos, Ambientales y Econ\u00f3micos El evento del Centro Internacional de Estudios del Medio Ameibente y Desarrollo Sostenible (CIEMADes) se propone describir y analizar en un marco multidisciplinario, la viabilidad de [&hellip;]<\/p>\n","protected":false},"author":1,"featured_media":0,"comment_status":"open","ping_status":"closed","template":"","tags":[],"mec_category":[],"class_list":["post-4200","mec-events","type-mec-events","status-publish","hentry"],"acf":[],"yoast_head":"<!-- This site is optimized with the Yoast SEO plugin v21.7 - https:\/\/yoast.com\/wordpress\/plugins\/seo\/ -->\n<title>IV Conferencia Internacional del CIEMADeS - Interconexi\u00f3n El\u00e9ctrica en el Caribe: Aspectos T\u00e9cnicos, Ambientales y Econ\u00f3micos - ECPA - Energy and Climate Partnership of the Americas<\/title>\n<meta name=\"robots\" content=\"index, follow, max-snippet:-1, max-image-preview:large, max-video-preview:-1\" \/>\n<link rel=\"canonical\" href=\"https:\/\/ecpamericas.org\/es\/events\/iv-conferencia-internacional-del-ciemades-interconexion-electrica-en-el-caribe-aspectos-tecnicos-ambientales-y-economicos\/\" \/>\n<meta property=\"og:locale\" content=\"es_ES\" \/>\n<meta property=\"og:type\" content=\"article\" \/>\n<meta property=\"og:title\" content=\"IV Conferencia Internacional del CIEMADeS - Interconexi\u00f3n El\u00e9ctrica en el Caribe: Aspectos T\u00e9cnicos, Ambientales y Econ\u00f3micos - ECPA - Energy and Climate Partnership of the Americas\" \/>\n<meta property=\"og:description\" content=\"jueves, 5 de mayo de 2011 &#8211; s\u00e1bado, 7 de mayo de 2011 IV Conferencia Internacional del CIEMADeS &#8211; Interconexi\u00f3n El\u00e9ctrica en el Caribe: Aspectos T\u00e9cnicos, Ambientales y Econ\u00f3micos El evento del Centro Internacional de Estudios del Medio Ameibente y Desarrollo Sostenible (CIEMADes) se propone describir y analizar en un marco multidisciplinario, la viabilidad de [&hellip;]\" \/>\n<meta property=\"og:url\" content=\"https:\/\/ecpamericas.org\/es\/events\/iv-conferencia-internacional-del-ciemades-interconexion-electrica-en-el-caribe-aspectos-tecnicos-ambientales-y-economicos\/\" \/>\n<meta property=\"og:site_name\" content=\"ECPA - Energy and Climate Partnership of the Americas\" \/>\n<meta property=\"article:modified_time\" content=\"2020-12-31T21:57:59+00:00\" \/>\n<meta name=\"twitter:card\" content=\"summary_large_image\" \/>\n<meta name=\"twitter:label1\" content=\"Tiempo de lectura\" \/>\n\t<meta name=\"twitter:data1\" content=\"1 minuto\" \/>\n<script type=\"application\/ld+json\" class=\"yoast-schema-graph\">{\"@context\":\"https:\/\/schema.org\",\"@graph\":[{\"@type\":\"WebPage\",\"@id\":\"https:\/\/ecpamericas.org\/es\/events\/iv-conferencia-internacional-del-ciemades-interconexion-electrica-en-el-caribe-aspectos-tecnicos-ambientales-y-economicos\/\",\"url\":\"https:\/\/ecpamericas.org\/es\/events\/iv-conferencia-internacional-del-ciemades-interconexion-electrica-en-el-caribe-aspectos-tecnicos-ambientales-y-economicos\/\",\"name\":\"IV Conferencia Internacional del CIEMADeS - Interconexi\u00f3n El\u00e9ctrica en el Caribe: Aspectos T\u00e9cnicos, Ambientales y Econ\u00f3micos - ECPA - Energy and Climate Partnership of the Americas\",\"isPartOf\":{\"@id\":\"https:\/\/ecpamericas.org\/es\/#website\"},\"datePublished\":\"2011-05-05T00:00:00+00:00\",\"dateModified\":\"2020-12-31T21:57:59+00:00\",\"breadcrumb\":{\"@id\":\"https:\/\/ecpamericas.org\/es\/events\/iv-conferencia-internacional-del-ciemades-interconexion-electrica-en-el-caribe-aspectos-tecnicos-ambientales-y-economicos\/#breadcrumb\"},\"inLanguage\":\"es\",\"potentialAction\":[{\"@type\":\"ReadAction\",\"target\":[\"https:\/\/ecpamericas.org\/es\/events\/iv-conferencia-internacional-del-ciemades-interconexion-electrica-en-el-caribe-aspectos-tecnicos-ambientales-y-economicos\/\"]}]},{\"@type\":\"BreadcrumbList\",\"@id\":\"https:\/\/ecpamericas.org\/es\/events\/iv-conferencia-internacional-del-ciemades-interconexion-electrica-en-el-caribe-aspectos-tecnicos-ambientales-y-economicos\/#breadcrumb\",\"itemListElement\":[{\"@type\":\"ListItem\",\"position\":1,\"name\":\"Home\",\"item\":\"https:\/\/ecpamericas.org\/es\/\"},{\"@type\":\"ListItem\",\"position\":2,\"name\":\"IV Conferencia Internacional del CIEMADeS &#8211; Interconexi\u00f3n El\u00e9ctrica en el Caribe: Aspectos T\u00e9cnicos, Ambientales y Econ\u00f3micos\"}]},{\"@type\":\"WebSite\",\"@id\":\"https:\/\/ecpamericas.org\/es\/#website\",\"url\":\"https:\/\/ecpamericas.org\/es\/\",\"name\":\"ECPA - Energy and Climate Partnership of the Americas\",\"description\":\"Promoting cooperation for a sustainable energy future in the Americas\",\"potentialAction\":[{\"@type\":\"SearchAction\",\"target\":{\"@type\":\"EntryPoint\",\"urlTemplate\":\"https:\/\/ecpamericas.org\/es\/?s={search_term_string}\"},\"query-input\":\"required name=search_term_string\"}],\"inLanguage\":\"es\"}]}<\/script>\n<!-- \/ Yoast SEO plugin. -->","yoast_head_json":{"title":"IV Conferencia Internacional del CIEMADeS - Interconexi\u00f3n El\u00e9ctrica en el Caribe: Aspectos T\u00e9cnicos, Ambientales y Econ\u00f3micos - ECPA - Energy and Climate Partnership of the Americas","robots":{"index":"index","follow":"follow","max-snippet":"max-snippet:-1","max-image-preview":"max-image-preview:large","max-video-preview":"max-video-preview:-1"},"canonical":"https:\/\/ecpamericas.org\/es\/events\/iv-conferencia-internacional-del-ciemades-interconexion-electrica-en-el-caribe-aspectos-tecnicos-ambientales-y-economicos\/","og_locale":"es_ES","og_type":"article","og_title":"IV Conferencia Internacional del CIEMADeS - Interconexi\u00f3n El\u00e9ctrica en el Caribe: Aspectos T\u00e9cnicos, Ambientales y Econ\u00f3micos - ECPA - Energy and Climate Partnership of the Americas","og_description":"jueves, 5 de mayo de 2011 &#8211; s\u00e1bado, 7 de mayo de 2011 IV Conferencia Internacional del CIEMADeS &#8211; Interconexi\u00f3n El\u00e9ctrica en el Caribe: Aspectos T\u00e9cnicos, Ambientales y Econ\u00f3micos El evento del Centro Internacional de Estudios del Medio Ameibente y Desarrollo Sostenible (CIEMADes) se propone describir y analizar en un marco multidisciplinario, la viabilidad de [&hellip;]","og_url":"https:\/\/ecpamericas.org\/es\/events\/iv-conferencia-internacional-del-ciemades-interconexion-electrica-en-el-caribe-aspectos-tecnicos-ambientales-y-economicos\/","og_site_name":"ECPA - Energy and Climate Partnership of the Americas","article_modified_time":"2020-12-31T21:57:59+00:00","twitter_card":"summary_large_image","twitter_misc":{"Tiempo de lectura":"1 minuto"},"schema":{"@context":"https:\/\/schema.org","@graph":[{"@type":"WebPage","@id":"https:\/\/ecpamericas.org\/es\/events\/iv-conferencia-internacional-del-ciemades-interconexion-electrica-en-el-caribe-aspectos-tecnicos-ambientales-y-economicos\/","url":"https:\/\/ecpamericas.org\/es\/events\/iv-conferencia-internacional-del-ciemades-interconexion-electrica-en-el-caribe-aspectos-tecnicos-ambientales-y-economicos\/","name":"IV Conferencia Internacional del CIEMADeS - Interconexi\u00f3n El\u00e9ctrica en el Caribe: Aspectos T\u00e9cnicos, Ambientales y Econ\u00f3micos - ECPA - Energy and Climate Partnership of the Americas","isPartOf":{"@id":"https:\/\/ecpamericas.org\/es\/#website"},"datePublished":"2011-05-05T00:00:00+00:00","dateModified":"2020-12-31T21:57:59+00:00","breadcrumb":{"@id":"https:\/\/ecpamericas.org\/es\/events\/iv-conferencia-internacional-del-ciemades-interconexion-electrica-en-el-caribe-aspectos-tecnicos-ambientales-y-economicos\/#breadcrumb"},"inLanguage":"es","potentialAction":[{"@type":"ReadAction","target":["https:\/\/ecpamericas.org\/es\/events\/iv-conferencia-internacional-del-ciemades-interconexion-electrica-en-el-caribe-aspectos-tecnicos-ambientales-y-economicos\/"]}]},{"@type":"BreadcrumbList","@id":"https:\/\/ecpamericas.org\/es\/events\/iv-conferencia-internacional-del-ciemades-interconexion-electrica-en-el-caribe-aspectos-tecnicos-ambientales-y-economicos\/#breadcrumb","itemListElement":[{"@type":"ListItem","position":1,"name":"Home","item":"https:\/\/ecpamericas.org\/es\/"},{"@type":"ListItem","position":2,"name":"IV Conferencia Internacional del CIEMADeS &#8211; Interconexi\u00f3n El\u00e9ctrica en el Caribe: Aspectos T\u00e9cnicos, Ambientales y Econ\u00f3micos"}]},{"@type":"WebSite","@id":"https:\/\/ecpamericas.org\/es\/#website","url":"https:\/\/ecpamericas.org\/es\/","name":"ECPA - Energy and Climate Partnership of the Americas","description":"Promoting cooperation for a sustainable energy future in the Americas","potentialAction":[{"@type":"SearchAction","target":{"@type":"EntryPoint","urlTemplate":"https:\/\/ecpamericas.org\/es\/?s={search_term_string}"},"query-input":"required name=search_term_string"}],"inLanguage":"es"}]}},"_links":{"self":[{"href":"https:\/\/ecpamericas.org\/es\/wp-json\/wp\/v2\/mec-events\/4200","targetHints":{"allow":["GET"]}}],"collection":[{"href":"https:\/\/ecpamericas.org\/es\/wp-json\/wp\/v2\/mec-events"}],"about":[{"href":"https:\/\/ecpamericas.org\/es\/wp-json\/wp\/v2\/types\/mec-events"}],"author":[{"embeddable":true,"href":"https:\/\/ecpamericas.org\/es\/wp-json\/wp\/v2\/users\/1"}],"replies":[{"embeddable":true,"href":"https:\/\/ecpamericas.org\/es\/wp-json\/wp\/v2\/comments?post=4200"}],"wp:attachment":[{"href":"https:\/\/ecpamericas.org\/es\/wp-json\/wp\/v2\/media?parent=4200"}],"wp:term":[{"taxonomy":"post_tag","embeddable":true,"href":"https:\/\/ecpamericas.org\/es\/wp-json\/wp\/v2\/tags?post=4200"},{"taxonomy":"mec_category","embeddable":true,"href":"https:\/\/ecpamericas.org\/es\/wp-json\/wp\/v2\/mec_category?post=4200"}],"curies":[{"name":"wp","href":"https:\/\/api.w.org\/{rel}","templated":true}]}}

IV Conferencia Internacional del CIEMADeS &#8211; Interconexión Eléctrica en el Caribe: Aspectos Técnicos, Ambientales y Económicos

<div id="ctl00_ContentPlaceHolder1_ucEventDetail_divEventItem" class="item">
<div class="date" style="font-style: italic; font-size: 14px;">jueves, 5 de mayo de 2011 &#8211; sábado, 7 de mayo de 2011</div>
<h2 style="margin: 25px 0 35px 0;">IV Conferencia Internacional del CIEMADeS &#8211; Interconexión Eléctrica en el Caribe: Aspectos Técnicos, Ambientales y Económicos</h2>
<p>El evento del Centro Internacional de Estudios del Medio Ameibente y Desarrollo Sostenible (CIEMADes) se propone describir y analizar en un marco multidisciplinario, la viabilidad de la interconexión eléctrica de la cuenca caribeña y sus aspectos ambientales, técnicos y económicos. La Conferencia permitirá además, conocer y profundizar en el potencial del archipiélago antillano para la diversificación de sus fuentes energéticas así como fomentar la cooperación científica y tecnológica tanto bilateral como multilateral entre instituciones y gobiernos interesados en el desarrollo sostenible de la región.</p>
<p>Para la realización de este evento CIEMADeS cuenta con la cooperación del Centro Energético de Puerto Rico (Puerto Rico Energy Center – PREC). Las presentaciones se enmarcan en los siguientes temas medulares:</p>
<p>(1) Situación actual y necesidades para la generación de energía eléctrica<br />
(2) Escenarios y retos tecnológicos de la interconexión eléctrica<br />
(3) Estudios de casos sobre la operación de sistemas interconectados<br />
(4) Consideraciones ambientales y económicas<br />
(5) Aspectos legales y políticos<br />
(6) Amenazas y manejo de riesgos</p>
<p><a href="/data/files/Events/iv-ciemades-program-final_esp.pdf" target="_blank" rel="noopener noreferrer" shape="rect">Temario</a> | <a href="http://www.ciemades.org/conf_11/index.html" target="_blank" rel="noopener noreferrer" shape="rect">Vínculo Relacionado</a></p>
<div id="ctl00_ContentPlaceHolder1_ucEventDetail_divGoogleMap" class="topPad">
<div id="div_GoogleMap"></div>
</div>
<div class="topPad floatL postedBy">ES-Posted By: ES-N/A &#8211; jueves, 05 mayo, 2011 ES-at 12:00</div>
</div>

<p>jueves, 5 de mayo de 2011 &#8211; sábado, 7 de mayo de 2011 IV Conferencia Internacional del CIEMADeS &#8211; Interconexión Eléctrica en el Caribe: Aspectos Técnicos, Ambientales y Económicos El evento del Centro Internacional de Estudios del Medio Ameibente y Desarrollo Sostenible (CIEMADes) se propone describir y analizar en un marco multidisciplinario, la viabilidad de [&hellip;]</p>

<!-- This site is optimized with the Yoast SEO plugin v21.7 - https://yoast.com/wordpress/plugins/seo/ -->
<title>IV Conferencia Internacional del CIEMADeS - Interconexión Eléctrica en el Caribe: Aspectos Técnicos, Ambientales y Económicos - ECPA - Energy and Climate Partnership of the Americas</title>
<meta name="robots" content="index, follow, max-snippet:-1, max-image-preview:large, max-video-preview:-1" />
<link rel="canonical" href="https://ecpamericas.org/es/events/iv-conferencia-internacional-del-ciemades-interconexion-electrica-en-el-caribe-aspectos-tecnicos-ambientales-y-economicos/" />
<meta property="og:locale" content="es_ES" />
<meta property="og:type" content="article" />
<meta property="og:title" content="IV Conferencia Internacional del CIEMADeS - Interconexión Eléctrica en el Caribe: Aspectos Técnicos, Ambientales y Económicos - ECPA - Energy and Climate Partnership of the Americas" />
<meta property="og:description" content="jueves, 5 de mayo de 2011 &#8211; sábado, 7 de mayo de 2011 IV Conferencia Internacional del CIEMADeS &#8211; Interconexión Eléctrica en el Caribe: Aspectos Técnicos, Ambientales y Económicos El evento del Centro Internacional de Estudios del Medio Ameibente y Desarrollo Sostenible (CIEMADes) se propone describir y analizar en un marco multidisciplinario, la viabilidad de [&hellip;]" />
<meta property="og:url" content="https://ecpamericas.org/es/events/iv-conferencia-internacional-del-ciemades-interconexion-electrica-en-el-caribe-aspectos-tecnicos-ambientales-y-economicos/" />
<meta property="og:site_name" content="ECPA - Energy and Climate Partnership of the Americas" />
<meta property="article:modified_time" content="2020-12-31T21:57:59+00:00" />
<meta name="twitter:card" content="summary_large_image" />
<meta name="twitter:label1" content="Tiempo de lectura" />
	<meta name="twitter:data1" content="1 minuto" />
<script type="application/ld+json" class="yoast-schema-graph">{"@context":"https://schema.org","@graph":[{"@type":"WebPage","@id":"https://ecpamericas.org/es/events/iv-conferencia-internacional-del-ciemades-interconexion-electrica-en-el-caribe-aspectos-tecnicos-ambientales-y-economicos/","url":"https://ecpamericas.org/es/events/iv-conferencia-internacional-del-ciemades-interconexion-electrica-en-el-caribe-aspectos-tecnicos-ambientales-y-economicos/","name":"IV Conferencia Internacional del CIEMADeS - Interconexión Eléctrica en el Caribe: Aspectos Técnicos, Ambientales y Económicos - ECPA - Energy and Climate Partnership of the Americas","isPartOf":{"@id":"https://ecpamericas.org/es/#website"},"datePublished":"2011-05-05T00:00:00+00:00","dateModified":"2020-12-31T21:57:59+00:00","breadcrumb":{"@id":"https://ecpamericas.org/es/events/iv-conferencia-internacional-del-ciemades-interconexion-electrica-en-el-caribe-aspectos-tecnicos-ambientales-y-economicos/#breadcrumb"},"inLanguage":"es","potentialAction":[{"@type":"ReadAction","target":["https://ecpamericas.org/es/events/iv-conferencia-internacional-del-ciemades-interconexion-electrica-en-el-caribe-aspectos-tecnicos-ambientales-y-economicos/"]}]},{"@type":"BreadcrumbList","@id":"https://ecpamericas.org/es/events/iv-conferencia-internacional-del-ciemades-interconexion-electrica-en-el-caribe-aspectos-tecnicos-ambientales-y-economicos/#breadcrumb","itemListElement":[{"@type":"ListItem","position":1,"name":"Home","item":"https://ecpamericas.org/es/"},{"@type":"ListItem","position":2,"name":"IV Conferencia Internacional del CIEMADeS &#8211; Interconexión Eléctrica en el Caribe: Aspectos Técnicos, Ambientales y Económicos"}]},{"@type":"WebSite","@id":"https://ecpamericas.org/es/#website","url":"https://ecpamericas.org/es/","name":"ECPA - Energy and Climate Partnership of the Americas","description":"Promoting cooperation for a sustainable energy future in the Americas","potentialAction":[{"@type":"SearchAction","target":{"@type":"EntryPoint","urlTemplate":"https://ecpamericas.org/es/?s={search_term_string}"},"query-input":"required name=search_term_string"}],"inLanguage":"es"}]}</script>
<!-- / Yoast SEO plugin. -->

IV Conferencia Internacional del CIEMADeS - Interconexión Eléctrica en el Caribe: Aspectos Técnicos, Ambientales y Económicos - ECPA - Energy and Climate Partnership of the Americas

jueves, 5 de mayo de 2011 &#8211; sábado, 7 de mayo de 2011 IV Conferencia Internacional del CIEMADeS &#8211; Interconexión Eléctrica en el Caribe: Aspectos Técnicos, Ambientales y Económicos El evento del Centro Internacional de Estudios del Medio Ameibente y Desarrollo Sostenible (CIEMADes) se propone describir y analizar en un marco multidisciplinario, la viabilidad de [&hellip;]
