{"id":4181,"date":"2012-02-22T00:00:00","date_gmt":"2012-02-22T00:00:00","guid":{"rendered":"https:\/\/ecpamericas.org\/events\/metering-y-smart-grids-caribe\/"},"modified":"2020-12-31T16:48:11","modified_gmt":"2020-12-31T21:48:11","slug":"metering-y-smart-grids-caribe","status":"publish","type":"mec-events","link":"https:\/\/ecpamericas.org\/es\/events\/metering-y-smart-grids-caribe\/","title":{"rendered":"Metering y Smart Grids Caribe"},"content":{"rendered":"<div id=\"ctl00_ContentPlaceHolder1_ucEventDetail_divEventItem\" class=\"item\">\n<div class=\"date\" style=\"font-style: italic; font-size: 14px;\">mi\u00e9rcoles, 22 de febrero de 2012 &#8211; viernes, 24 de febrero de 2012<\/div>\n<h2 style=\"margin: 25px 0 35px 0;\">Metering y Smart Grids Caribe<\/h2>\n<p><a href=\"http:\/\/www.meteringcaribbean.com\/spa\/index.php\" target=\"_blank\" rel=\"noopener noreferrer\"><img decoding=\"async\" src=\"https:\/\/ecpamericas.org\/data\/images\/event_images\/metering_smar_grids.jpg\" alt=\"\" \/><\/a><\/p>\n<p>El segundo evento Smart Metering y Smart Grids en el Caribe ofrece a los delegados una oportunidad de aprendizaje entre pares en base a casos de estudio reales de todo el Caribe. El programa fue desarrollado con organizciones de la regi\u00f3n e incluir\u00e1 presentaciones sobre los modelos de negocios y la factibilidad de infraestructuras avanzadas de medici\u00f3n (conocidas por su acr\u00f3nimo en ingl\u00e9s, AMI), participaci\u00f3n de los consumidores, incremento de la eficiencia energ\u00e9tica, protecci\u00f3n de ingresos, redes inteligentes, automatizaci\u00f3n de la distribuci\u00f3n, gesti\u00f3n de la demanda, pago anticipado, energ\u00eda renovable, estand\u00e1res de medidores, financiamiento y pol\u00edticas de proyectos, hogares inteligentes piloto, tecnolog\u00edas de la comunicaci\u00f3n y demostraci\u00f3n de productos.<\/p>\n<p>Se incluir\u00e1n los siguientes temas de debate:<\/p>\n<ul>\n<li>Obtenci\u00f3n de financiamiento para proyectos de energ\u00eda en el Caribe<\/li>\n<li>Visi\u00f3n a largo plazo de la energ\u00eda y las pol\u00edticas energ\u00e9ticas<\/li>\n<li>Superaci\u00f3n de los desaf\u00edos de interoperabilidad<\/li>\n<li>Cuantificaci\u00f3n del modelo de negocios para el despliegue a gran escala de infraestructuras avanzadas de medici\u00f3n (AMI)<\/li>\n<li>Utilizaci\u00f3n de las AMI para aumentar la eficiencia y mejorar las curbas de demanda<\/li>\n<li>Evaluaci\u00f3n de los resultados de hogares inteligentes piloto en el Caribe<\/li>\n<li>Optimizaci\u00f3n de las AMI y el pago anticipado como parte de un programa de reducci\u00f3n de p\u00e9rdida de ingresos<\/li>\n<li>Automatizaci\u00f3n de la red: herramientas efectivas que mejoren la confiabilidad y reduzcan los cortes<\/li>\n<li>Distribuci\u00f3n automatizada orientada a mejorar la eficiencia operativa<\/li>\n<li>Gesti\u00f3n organizativa, calidad y expectativas de los consumidores con respecto a las AMI y la lectura autom\u00e1tica de medidores (conocida por su acr\u00f3nimo en ingl\u00e9s, AMR)<\/li>\n<li>Talleres interactivos de gesti\u00f3n de proyectos de AMI y de medidores de agua inteligentes<\/li>\n<\/ul>\n<p>Para visitar el sitio web del evento haga <a href=\"http:\/\/www.meteringcaribbean.com\/spa\/index.php\" target=\"_blank\" rel=\"noopener noreferrer\">click aqu\u00ed<\/a><\/p>\n<div id=\"ctl00_ContentPlaceHolder1_ucEventDetail_divGoogleMap\" class=\"topPad\">\n<div id=\"div_GoogleMap\"><\/div>\n<\/div>\n<div class=\"topPad floatL postedBy\">ES-Posted By: ES-N\/A &#8211; lunes, 12 diciembre, 2011 ES-at 12:00<\/div>\n<\/div>\n","protected":false},"excerpt":{"rendered":"<p>mi\u00e9rcoles, 22 de febrero de 2012 &#8211; viernes, 24 de febrero de 2012 Metering y Smart Grids Caribe El segundo evento Smart Metering y Smart Grids en el Caribe ofrece a los delegados una oportunidad de aprendizaje entre pares en base a casos de estudio reales de todo el Caribe. El programa fue desarrollado con [&hellip;]<\/p>\n","protected":false},"author":1,"featured_media":0,"comment_status":"open","ping_status":"closed","template":"","tags":[],"mec_category":[],"class_list":["post-4181","mec-events","type-mec-events","status-publish","hentry"],"acf":[],"yoast_head":"<!-- This site is optimized with the Yoast SEO plugin v21.7 - https:\/\/yoast.com\/wordpress\/plugins\/seo\/ -->\n<title>Metering y Smart Grids Caribe - ECPA - Energy and Climate Partnership of the Americas<\/title>\n<meta name=\"robots\" content=\"index, follow, max-snippet:-1, max-image-preview:large, max-video-preview:-1\" \/>\n<link rel=\"canonical\" href=\"https:\/\/ecpamericas.org\/es\/events\/metering-y-smart-grids-caribe\/\" \/>\n<meta property=\"og:locale\" content=\"es_ES\" \/>\n<meta property=\"og:type\" content=\"article\" \/>\n<meta property=\"og:title\" content=\"Metering y Smart Grids Caribe - ECPA - Energy and Climate Partnership of the Americas\" \/>\n<meta property=\"og:description\" content=\"mi\u00e9rcoles, 22 de febrero de 2012 &#8211; viernes, 24 de febrero de 2012 Metering y Smart Grids Caribe El segundo evento Smart Metering y Smart Grids en el Caribe ofrece a los delegados una oportunidad de aprendizaje entre pares en base a casos de estudio reales de todo el Caribe. El programa fue desarrollado con [&hellip;]\" \/>\n<meta property=\"og:url\" content=\"https:\/\/ecpamericas.org\/es\/events\/metering-y-smart-grids-caribe\/\" \/>\n<meta property=\"og:site_name\" content=\"ECPA - Energy and Climate Partnership of the Americas\" \/>\n<meta property=\"article:modified_time\" content=\"2020-12-31T21:48:11+00:00\" \/>\n<meta property=\"og:image\" content=\"https:\/\/ecpamericas.org\/data\/images\/event_images\/metering_smar_grids.jpg\" \/>\n<meta name=\"twitter:card\" content=\"summary_large_image\" \/>\n<meta name=\"twitter:label1\" content=\"Tiempo de lectura\" \/>\n\t<meta name=\"twitter:data1\" content=\"2 minutos\" \/>\n<script type=\"application\/ld+json\" class=\"yoast-schema-graph\">{\"@context\":\"https:\/\/schema.org\",\"@graph\":[{\"@type\":\"WebPage\",\"@id\":\"https:\/\/ecpamericas.org\/es\/events\/metering-y-smart-grids-caribe\/\",\"url\":\"https:\/\/ecpamericas.org\/es\/events\/metering-y-smart-grids-caribe\/\",\"name\":\"Metering y Smart Grids Caribe - ECPA - Energy and Climate Partnership of the Americas\",\"isPartOf\":{\"@id\":\"https:\/\/ecpamericas.org\/es\/#website\"},\"datePublished\":\"2012-02-22T00:00:00+00:00\",\"dateModified\":\"2020-12-31T21:48:11+00:00\",\"breadcrumb\":{\"@id\":\"https:\/\/ecpamericas.org\/es\/events\/metering-y-smart-grids-caribe\/#breadcrumb\"},\"inLanguage\":\"es\",\"potentialAction\":[{\"@type\":\"ReadAction\",\"target\":[\"https:\/\/ecpamericas.org\/es\/events\/metering-y-smart-grids-caribe\/\"]}]},{\"@type\":\"BreadcrumbList\",\"@id\":\"https:\/\/ecpamericas.org\/es\/events\/metering-y-smart-grids-caribe\/#breadcrumb\",\"itemListElement\":[{\"@type\":\"ListItem\",\"position\":1,\"name\":\"Home\",\"item\":\"https:\/\/ecpamericas.org\/es\/\"},{\"@type\":\"ListItem\",\"position\":2,\"name\":\"Metering y Smart Grids Caribe\"}]},{\"@type\":\"WebSite\",\"@id\":\"https:\/\/ecpamericas.org\/es\/#website\",\"url\":\"https:\/\/ecpamericas.org\/es\/\",\"name\":\"ECPA - Energy and Climate Partnership of the Americas\",\"description\":\"Promoting cooperation for a sustainable energy future in the Americas\",\"potentialAction\":[{\"@type\":\"SearchAction\",\"target\":{\"@type\":\"EntryPoint\",\"urlTemplate\":\"https:\/\/ecpamericas.org\/es\/?s={search_term_string}\"},\"query-input\":\"required name=search_term_string\"}],\"inLanguage\":\"es\"}]}<\/script>\n<!-- \/ Yoast SEO plugin. -->","yoast_head_json":{"title":"Metering y Smart Grids Caribe - ECPA - Energy and Climate Partnership of the Americas","robots":{"index":"index","follow":"follow","max-snippet":"max-snippet:-1","max-image-preview":"max-image-preview:large","max-video-preview":"max-video-preview:-1"},"canonical":"https:\/\/ecpamericas.org\/es\/events\/metering-y-smart-grids-caribe\/","og_locale":"es_ES","og_type":"article","og_title":"Metering y Smart Grids Caribe - ECPA - Energy and Climate Partnership of the Americas","og_description":"mi\u00e9rcoles, 22 de febrero de 2012 &#8211; viernes, 24 de febrero de 2012 Metering y Smart Grids Caribe El segundo evento Smart Metering y Smart Grids en el Caribe ofrece a los delegados una oportunidad de aprendizaje entre pares en base a casos de estudio reales de todo el Caribe. El programa fue desarrollado con [&hellip;]","og_url":"https:\/\/ecpamericas.org\/es\/events\/metering-y-smart-grids-caribe\/","og_site_name":"ECPA - Energy and Climate Partnership of the Americas","article_modified_time":"2020-12-31T21:48:11+00:00","og_image":[{"url":"https:\/\/ecpamericas.org\/data\/images\/event_images\/metering_smar_grids.jpg"}],"twitter_card":"summary_large_image","twitter_misc":{"Tiempo de lectura":"2 minutos"},"schema":{"@context":"https:\/\/schema.org","@graph":[{"@type":"WebPage","@id":"https:\/\/ecpamericas.org\/es\/events\/metering-y-smart-grids-caribe\/","url":"https:\/\/ecpamericas.org\/es\/events\/metering-y-smart-grids-caribe\/","name":"Metering y Smart Grids Caribe - ECPA - Energy and Climate Partnership of the Americas","isPartOf":{"@id":"https:\/\/ecpamericas.org\/es\/#website"},"datePublished":"2012-02-22T00:00:00+00:00","dateModified":"2020-12-31T21:48:11+00:00","breadcrumb":{"@id":"https:\/\/ecpamericas.org\/es\/events\/metering-y-smart-grids-caribe\/#breadcrumb"},"inLanguage":"es","potentialAction":[{"@type":"ReadAction","target":["https:\/\/ecpamericas.org\/es\/events\/metering-y-smart-grids-caribe\/"]}]},{"@type":"BreadcrumbList","@id":"https:\/\/ecpamericas.org\/es\/events\/metering-y-smart-grids-caribe\/#breadcrumb","itemListElement":[{"@type":"ListItem","position":1,"name":"Home","item":"https:\/\/ecpamericas.org\/es\/"},{"@type":"ListItem","position":2,"name":"Metering y Smart Grids Caribe"}]},{"@type":"WebSite","@id":"https:\/\/ecpamericas.org\/es\/#website","url":"https:\/\/ecpamericas.org\/es\/","name":"ECPA - Energy and Climate Partnership of the Americas","description":"Promoting cooperation for a sustainable energy future in the Americas","potentialAction":[{"@type":"SearchAction","target":{"@type":"EntryPoint","urlTemplate":"https:\/\/ecpamericas.org\/es\/?s={search_term_string}"},"query-input":"required name=search_term_string"}],"inLanguage":"es"}]}},"_links":{"self":[{"href":"https:\/\/ecpamericas.org\/es\/wp-json\/wp\/v2\/mec-events\/4181","targetHints":{"allow":["GET"]}}],"collection":[{"href":"https:\/\/ecpamericas.org\/es\/wp-json\/wp\/v2\/mec-events"}],"about":[{"href":"https:\/\/ecpamericas.org\/es\/wp-json\/wp\/v2\/types\/mec-events"}],"author":[{"embeddable":true,"href":"https:\/\/ecpamericas.org\/es\/wp-json\/wp\/v2\/users\/1"}],"replies":[{"embeddable":true,"href":"https:\/\/ecpamericas.org\/es\/wp-json\/wp\/v2\/comments?post=4181"}],"wp:attachment":[{"href":"https:\/\/ecpamericas.org\/es\/wp-json\/wp\/v2\/media?parent=4181"}],"wp:term":[{"taxonomy":"post_tag","embeddable":true,"href":"https:\/\/ecpamericas.org\/es\/wp-json\/wp\/v2\/tags?post=4181"},{"taxonomy":"mec_category","embeddable":true,"href":"https:\/\/ecpamericas.org\/es\/wp-json\/wp\/v2\/mec_category?post=4181"}],"curies":[{"name":"wp","href":"https:\/\/api.w.org\/{rel}","templated":true}]}}

<div id="ctl00_ContentPlaceHolder1_ucEventDetail_divEventItem" class="item">
<div class="date" style="font-style: italic; font-size: 14px;">miércoles, 22 de febrero de 2012 &#8211; viernes, 24 de febrero de 2012</div>
<h2 style="margin: 25px 0 35px 0;">Metering y Smart Grids Caribe</h2>
<p><a href="http://www.meteringcaribbean.com/spa/index.php" target="_blank" rel="noopener noreferrer"><img decoding="async" src="https://ecpamericas.org/data/images/event_images/metering_smar_grids.jpg" alt="" /></a></p>
<p>El segundo evento Smart Metering y Smart Grids en el Caribe ofrece a los delegados una oportunidad de aprendizaje entre pares en base a casos de estudio reales de todo el Caribe. El programa fue desarrollado con organizciones de la región e incluirá presentaciones sobre los modelos de negocios y la factibilidad de infraestructuras avanzadas de medición (conocidas por su acrónimo en inglés, AMI), participación de los consumidores, incremento de la eficiencia energética, protección de ingresos, redes inteligentes, automatización de la distribución, gestión de la demanda, pago anticipado, energía renovable, estandáres de medidores, financiamiento y políticas de proyectos, hogares inteligentes piloto, tecnologías de la comunicación y demostración de productos.</p>
<p>Se incluirán los siguientes temas de debate:</p>
<ul>
<li>Obtención de financiamiento para proyectos de energía en el Caribe</li>
<li>Visión a largo plazo de la energía y las políticas energéticas</li>
<li>Superación de los desafíos de interoperabilidad</li>
<li>Cuantificación del modelo de negocios para el despliegue a gran escala de infraestructuras avanzadas de medición (AMI)</li>
<li>Utilización de las AMI para aumentar la eficiencia y mejorar las curbas de demanda</li>
<li>Evaluación de los resultados de hogares inteligentes piloto en el Caribe</li>
<li>Optimización de las AMI y el pago anticipado como parte de un programa de reducción de pérdida de ingresos</li>
<li>Automatización de la red: herramientas efectivas que mejoren la confiabilidad y reduzcan los cortes</li>
<li>Distribución automatizada orientada a mejorar la eficiencia operativa</li>
<li>Gestión organizativa, calidad y expectativas de los consumidores con respecto a las AMI y la lectura automática de medidores (conocida por su acrónimo en inglés, AMR)</li>
<li>Talleres interactivos de gestión de proyectos de AMI y de medidores de agua inteligentes</li>
</ul>
<p>Para visitar el sitio web del evento haga <a href="http://www.meteringcaribbean.com/spa/index.php" target="_blank" rel="noopener noreferrer">click aquí</a></p>
<div id="ctl00_ContentPlaceHolder1_ucEventDetail_divGoogleMap" class="topPad">
<div id="div_GoogleMap"></div>
</div>
<div class="topPad floatL postedBy">ES-Posted By: ES-N/A &#8211; lunes, 12 diciembre, 2011 ES-at 12:00</div>
</div>

<p>miércoles, 22 de febrero de 2012 &#8211; viernes, 24 de febrero de 2012 Metering y Smart Grids Caribe El segundo evento Smart Metering y Smart Grids en el Caribe ofrece a los delegados una oportunidad de aprendizaje entre pares en base a casos de estudio reales de todo el Caribe. El programa fue desarrollado con [&hellip;]</p>

<!-- This site is optimized with the Yoast SEO plugin v21.7 - https://yoast.com/wordpress/plugins/seo/ -->
<title>Metering y Smart Grids Caribe - ECPA - Energy and Climate Partnership of the Americas</title>
<meta name="robots" content="index, follow, max-snippet:-1, max-image-preview:large, max-video-preview:-1" />
<link rel="canonical" href="https://ecpamericas.org/es/events/metering-y-smart-grids-caribe/" />
<meta property="og:locale" content="es_ES" />
<meta property="og:type" content="article" />
<meta property="og:title" content="Metering y Smart Grids Caribe - ECPA - Energy and Climate Partnership of the Americas" />
<meta property="og:description" content="miércoles, 22 de febrero de 2012 &#8211; viernes, 24 de febrero de 2012 Metering y Smart Grids Caribe El segundo evento Smart Metering y Smart Grids en el Caribe ofrece a los delegados una oportunidad de aprendizaje entre pares en base a casos de estudio reales de todo el Caribe. El programa fue desarrollado con [&hellip;]" />
<meta property="og:url" content="https://ecpamericas.org/es/events/metering-y-smart-grids-caribe/" />
<meta property="og:site_name" content="ECPA - Energy and Climate Partnership of the Americas" />
<meta property="article:modified_time" content="2020-12-31T21:48:11+00:00" />
<meta property="og:image" content="https://ecpamericas.org/data/images/event_images/metering_smar_grids.jpg" />
<meta name="twitter:card" content="summary_large_image" />
<meta name="twitter:label1" content="Tiempo de lectura" />
	<meta name="twitter:data1" content="2 minutos" />
<script type="application/ld+json" class="yoast-schema-graph">{"@context":"https://schema.org","@graph":[{"@type":"WebPage","@id":"https://ecpamericas.org/es/events/metering-y-smart-grids-caribe/","url":"https://ecpamericas.org/es/events/metering-y-smart-grids-caribe/","name":"Metering y Smart Grids Caribe - ECPA - Energy and Climate Partnership of the Americas","isPartOf":{"@id":"https://ecpamericas.org/es/#website"},"datePublished":"2012-02-22T00:00:00+00:00","dateModified":"2020-12-31T21:48:11+00:00","breadcrumb":{"@id":"https://ecpamericas.org/es/events/metering-y-smart-grids-caribe/#breadcrumb"},"inLanguage":"es","potentialAction":[{"@type":"ReadAction","target":["https://ecpamericas.org/es/events/metering-y-smart-grids-caribe/"]}]},{"@type":"BreadcrumbList","@id":"https://ecpamericas.org/es/events/metering-y-smart-grids-caribe/#breadcrumb","itemListElement":[{"@type":"ListItem","position":1,"name":"Home","item":"https://ecpamericas.org/es/"},{"@type":"ListItem","position":2,"name":"Metering y Smart Grids Caribe"}]},{"@type":"WebSite","@id":"https://ecpamericas.org/es/#website","url":"https://ecpamericas.org/es/","name":"ECPA - Energy and Climate Partnership of the Americas","description":"Promoting cooperation for a sustainable energy future in the Americas","potentialAction":[{"@type":"SearchAction","target":{"@type":"EntryPoint","urlTemplate":"https://ecpamericas.org/es/?s={search_term_string}"},"query-input":"required name=search_term_string"}],"inLanguage":"es"}]}</script>
<!-- / Yoast SEO plugin. -->

miércoles, 22 de febrero de 2012 &#8211; viernes, 24 de febrero de 2012 Metering y Smart Grids Caribe El segundo evento Smart Metering y Smart Grids en el Caribe ofrece a los delegados una oportunidad de aprendizaje entre pares en base a casos de estudio reales de todo el Caribe. El programa fue desarrollado con [&hellip;]
