{"id":4172,"date":"2012-05-22T00:00:00","date_gmt":"2012-05-22T00:00:00","guid":{"rendered":"https:\/\/ecpamericas.org\/events\/experto-en-cambio-climatico-paul-westbrook-viajara-al-honduras-para-el-programa-de-expertos-de-la-ecpa\/"},"modified":"2020-12-31T17:35:37","modified_gmt":"2020-12-31T22:35:37","slug":"experto-en-cambio-climatico-paul-westbrook-viajara-al-honduras-para-el-programa-de-expertos-de-la-ecpa","status":"publish","type":"mec-events","link":"https:\/\/ecpamericas.org\/es\/events\/experto-en-cambio-climatico-paul-westbrook-viajara-al-honduras-para-el-programa-de-expertos-de-la-ecpa\/","title":{"rendered":"Experto en cambio clim\u00e1tico, Paul Westbrook, viajar\u00e1 al Honduras para el Programa de Expertos de la ECPA"},"content":{"rendered":"<div id=\"ctl00_ContentPlaceHolder1_ucEventDetail_divEventItem\" class=\"item\">\n<div class=\"date\" style=\"font-style: italic; font-size: 14px;\">martes, 22 de mayo de 2012 &#8211; viernes, 25 de mayo de 2012<\/div>\n<h2 style=\"margin: 25px 0 35px 0;\">Experto en cambio clim\u00e1tico, Paul Westbrook, viajar\u00e1 al Honduras para el Programa de Expertos de la ECPA<\/h2>\n<p>Paul Westbrook, <a href=\"https:\/\/ecpamericas.org\/Initiatives\/default.aspx?id=57\">experto de la Alianza de Energ\u00eda y Clima de las Am\u00e9ricas (ECPA)<\/a>, estar\u00e1 en Honduras del 22 al 25 de mayo para abordar temas relacionados con energ\u00eda limpia y construcci\u00f3n ecol\u00f3gica, en coordinaci\u00f3n con con la Embajada de EE.UU. en Tegucigalpa. El Sr. Westbrook es un profesional acreditado LEED, que trabaja en el desarrollo sostenible de Texas Instruments, en Dallas, donde tambi\u00e9n es un alto miembro del personal t\u00e9cnico.<\/p>\n<p>Por favor ver el <a href=\"\/data\/files\/Initiatives\/senior_ecpa_fellows\/ECPA_release_Westbrook_SPAN_new.pdf\" target=\"_blank\" rel=\"noopener noreferrer\">comunicado de prensa<\/a> para m\u00e1s informaci\u00f3n.<\/p>\n<div id=\"ctl00_ContentPlaceHolder1_ucEventDetail_divGoogleMap\" class=\"topPad\">\n<div id=\"div_GoogleMap\"><\/div>\n<\/div>\n<div class=\"topPad floatL postedBy\">ES-Posted By: ES-N\/A &#8211; lunes, 21 mayo, 2012 ES-at 12:00<\/div>\n<\/div>\n","protected":false},"excerpt":{"rendered":"<p>martes, 22 de mayo de 2012 &#8211; viernes, 25 de mayo de 2012 Experto en cambio clim\u00e1tico, Paul Westbrook, viajar\u00e1 al Honduras para el Programa de Expertos de la ECPA Paul Westbrook, experto de la Alianza de Energ\u00eda y Clima de las Am\u00e9ricas (ECPA), estar\u00e1 en Honduras del 22 al 25 de mayo para abordar [&hellip;]<\/p>\n","protected":false},"author":1,"featured_media":0,"comment_status":"open","ping_status":"closed","template":"","tags":[],"mec_category":[],"class_list":["post-4172","mec-events","type-mec-events","status-publish","hentry"],"acf":[],"yoast_head":"<!-- This site is optimized with the Yoast SEO plugin v21.7 - https:\/\/yoast.com\/wordpress\/plugins\/seo\/ -->\n<title>Experto en cambio clim\u00e1tico, Paul Westbrook, viajar\u00e1 al Honduras para el Programa de Expertos de la ECPA - ECPA - Energy and Climate Partnership of the Americas<\/title>\n<meta name=\"robots\" content=\"index, follow, max-snippet:-1, max-image-preview:large, max-video-preview:-1\" \/>\n<link rel=\"canonical\" href=\"https:\/\/ecpamericas.org\/es\/events\/experto-en-cambio-climatico-paul-westbrook-viajara-al-honduras-para-el-programa-de-expertos-de-la-ecpa\/\" \/>\n<meta property=\"og:locale\" content=\"es_ES\" \/>\n<meta property=\"og:type\" content=\"article\" \/>\n<meta property=\"og:title\" content=\"Experto en cambio clim\u00e1tico, Paul Westbrook, viajar\u00e1 al Honduras para el Programa de Expertos de la ECPA - ECPA - Energy and Climate Partnership of the Americas\" \/>\n<meta property=\"og:description\" content=\"martes, 22 de mayo de 2012 &#8211; viernes, 25 de mayo de 2012 Experto en cambio clim\u00e1tico, Paul Westbrook, viajar\u00e1 al Honduras para el Programa de Expertos de la ECPA Paul Westbrook, experto de la Alianza de Energ\u00eda y Clima de las Am\u00e9ricas (ECPA), estar\u00e1 en Honduras del 22 al 25 de mayo para abordar [&hellip;]\" \/>\n<meta property=\"og:url\" content=\"https:\/\/ecpamericas.org\/es\/events\/experto-en-cambio-climatico-paul-westbrook-viajara-al-honduras-para-el-programa-de-expertos-de-la-ecpa\/\" \/>\n<meta property=\"og:site_name\" content=\"ECPA - Energy and Climate Partnership of the Americas\" \/>\n<meta property=\"article:modified_time\" content=\"2020-12-31T22:35:37+00:00\" \/>\n<meta name=\"twitter:card\" content=\"summary_large_image\" \/>\n<meta name=\"twitter:label1\" content=\"Tiempo de lectura\" \/>\n\t<meta name=\"twitter:data1\" content=\"1 minuto\" \/>\n<script type=\"application\/ld+json\" class=\"yoast-schema-graph\">{\"@context\":\"https:\/\/schema.org\",\"@graph\":[{\"@type\":\"WebPage\",\"@id\":\"https:\/\/ecpamericas.org\/es\/events\/experto-en-cambio-climatico-paul-westbrook-viajara-al-honduras-para-el-programa-de-expertos-de-la-ecpa\/\",\"url\":\"https:\/\/ecpamericas.org\/es\/events\/experto-en-cambio-climatico-paul-westbrook-viajara-al-honduras-para-el-programa-de-expertos-de-la-ecpa\/\",\"name\":\"Experto en cambio clim\u00e1tico, Paul Westbrook, viajar\u00e1 al Honduras para el Programa de Expertos de la ECPA - ECPA - Energy and Climate Partnership of the Americas\",\"isPartOf\":{\"@id\":\"https:\/\/ecpamericas.org\/es\/#website\"},\"datePublished\":\"2012-05-22T00:00:00+00:00\",\"dateModified\":\"2020-12-31T22:35:37+00:00\",\"breadcrumb\":{\"@id\":\"https:\/\/ecpamericas.org\/es\/events\/experto-en-cambio-climatico-paul-westbrook-viajara-al-honduras-para-el-programa-de-expertos-de-la-ecpa\/#breadcrumb\"},\"inLanguage\":\"es\",\"potentialAction\":[{\"@type\":\"ReadAction\",\"target\":[\"https:\/\/ecpamericas.org\/es\/events\/experto-en-cambio-climatico-paul-westbrook-viajara-al-honduras-para-el-programa-de-expertos-de-la-ecpa\/\"]}]},{\"@type\":\"BreadcrumbList\",\"@id\":\"https:\/\/ecpamericas.org\/es\/events\/experto-en-cambio-climatico-paul-westbrook-viajara-al-honduras-para-el-programa-de-expertos-de-la-ecpa\/#breadcrumb\",\"itemListElement\":[{\"@type\":\"ListItem\",\"position\":1,\"name\":\"Home\",\"item\":\"https:\/\/ecpamericas.org\/es\/\"},{\"@type\":\"ListItem\",\"position\":2,\"name\":\"Experto en cambio clim\u00e1tico, Paul Westbrook, viajar\u00e1 al Honduras para el Programa de Expertos de la ECPA\"}]},{\"@type\":\"WebSite\",\"@id\":\"https:\/\/ecpamericas.org\/es\/#website\",\"url\":\"https:\/\/ecpamericas.org\/es\/\",\"name\":\"ECPA - Energy and Climate Partnership of the Americas\",\"description\":\"Promoting cooperation for a sustainable energy future in the Americas\",\"potentialAction\":[{\"@type\":\"SearchAction\",\"target\":{\"@type\":\"EntryPoint\",\"urlTemplate\":\"https:\/\/ecpamericas.org\/es\/?s={search_term_string}\"},\"query-input\":\"required name=search_term_string\"}],\"inLanguage\":\"es\"}]}<\/script>\n<!-- \/ Yoast SEO plugin. -->","yoast_head_json":{"title":"Experto en cambio clim\u00e1tico, Paul Westbrook, viajar\u00e1 al Honduras para el Programa de Expertos de la ECPA - ECPA - Energy and Climate Partnership of the Americas","robots":{"index":"index","follow":"follow","max-snippet":"max-snippet:-1","max-image-preview":"max-image-preview:large","max-video-preview":"max-video-preview:-1"},"canonical":"https:\/\/ecpamericas.org\/es\/events\/experto-en-cambio-climatico-paul-westbrook-viajara-al-honduras-para-el-programa-de-expertos-de-la-ecpa\/","og_locale":"es_ES","og_type":"article","og_title":"Experto en cambio clim\u00e1tico, Paul Westbrook, viajar\u00e1 al Honduras para el Programa de Expertos de la ECPA - ECPA - Energy and Climate Partnership of the Americas","og_description":"martes, 22 de mayo de 2012 &#8211; viernes, 25 de mayo de 2012 Experto en cambio clim\u00e1tico, Paul Westbrook, viajar\u00e1 al Honduras para el Programa de Expertos de la ECPA Paul Westbrook, experto de la Alianza de Energ\u00eda y Clima de las Am\u00e9ricas (ECPA), estar\u00e1 en Honduras del 22 al 25 de mayo para abordar [&hellip;]","og_url":"https:\/\/ecpamericas.org\/es\/events\/experto-en-cambio-climatico-paul-westbrook-viajara-al-honduras-para-el-programa-de-expertos-de-la-ecpa\/","og_site_name":"ECPA - Energy and Climate Partnership of the Americas","article_modified_time":"2020-12-31T22:35:37+00:00","twitter_card":"summary_large_image","twitter_misc":{"Tiempo de lectura":"1 minuto"},"schema":{"@context":"https:\/\/schema.org","@graph":[{"@type":"WebPage","@id":"https:\/\/ecpamericas.org\/es\/events\/experto-en-cambio-climatico-paul-westbrook-viajara-al-honduras-para-el-programa-de-expertos-de-la-ecpa\/","url":"https:\/\/ecpamericas.org\/es\/events\/experto-en-cambio-climatico-paul-westbrook-viajara-al-honduras-para-el-programa-de-expertos-de-la-ecpa\/","name":"Experto en cambio clim\u00e1tico, Paul Westbrook, viajar\u00e1 al Honduras para el Programa de Expertos de la ECPA - ECPA - Energy and Climate Partnership of the Americas","isPartOf":{"@id":"https:\/\/ecpamericas.org\/es\/#website"},"datePublished":"2012-05-22T00:00:00+00:00","dateModified":"2020-12-31T22:35:37+00:00","breadcrumb":{"@id":"https:\/\/ecpamericas.org\/es\/events\/experto-en-cambio-climatico-paul-westbrook-viajara-al-honduras-para-el-programa-de-expertos-de-la-ecpa\/#breadcrumb"},"inLanguage":"es","potentialAction":[{"@type":"ReadAction","target":["https:\/\/ecpamericas.org\/es\/events\/experto-en-cambio-climatico-paul-westbrook-viajara-al-honduras-para-el-programa-de-expertos-de-la-ecpa\/"]}]},{"@type":"BreadcrumbList","@id":"https:\/\/ecpamericas.org\/es\/events\/experto-en-cambio-climatico-paul-westbrook-viajara-al-honduras-para-el-programa-de-expertos-de-la-ecpa\/#breadcrumb","itemListElement":[{"@type":"ListItem","position":1,"name":"Home","item":"https:\/\/ecpamericas.org\/es\/"},{"@type":"ListItem","position":2,"name":"Experto en cambio clim\u00e1tico, Paul Westbrook, viajar\u00e1 al Honduras para el Programa de Expertos de la ECPA"}]},{"@type":"WebSite","@id":"https:\/\/ecpamericas.org\/es\/#website","url":"https:\/\/ecpamericas.org\/es\/","name":"ECPA - Energy and Climate Partnership of the Americas","description":"Promoting cooperation for a sustainable energy future in the Americas","potentialAction":[{"@type":"SearchAction","target":{"@type":"EntryPoint","urlTemplate":"https:\/\/ecpamericas.org\/es\/?s={search_term_string}"},"query-input":"required name=search_term_string"}],"inLanguage":"es"}]}},"_links":{"self":[{"href":"https:\/\/ecpamericas.org\/es\/wp-json\/wp\/v2\/mec-events\/4172","targetHints":{"allow":["GET"]}}],"collection":[{"href":"https:\/\/ecpamericas.org\/es\/wp-json\/wp\/v2\/mec-events"}],"about":[{"href":"https:\/\/ecpamericas.org\/es\/wp-json\/wp\/v2\/types\/mec-events"}],"author":[{"embeddable":true,"href":"https:\/\/ecpamericas.org\/es\/wp-json\/wp\/v2\/users\/1"}],"replies":[{"embeddable":true,"href":"https:\/\/ecpamericas.org\/es\/wp-json\/wp\/v2\/comments?post=4172"}],"wp:attachment":[{"href":"https:\/\/ecpamericas.org\/es\/wp-json\/wp\/v2\/media?parent=4172"}],"wp:term":[{"taxonomy":"post_tag","embeddable":true,"href":"https:\/\/ecpamericas.org\/es\/wp-json\/wp\/v2\/tags?post=4172"},{"taxonomy":"mec_category","embeddable":true,"href":"https:\/\/ecpamericas.org\/es\/wp-json\/wp\/v2\/mec_category?post=4172"}],"curies":[{"name":"wp","href":"https:\/\/api.w.org\/{rel}","templated":true}]}}

Experto en cambio climático, Paul Westbrook, viajará al Honduras para el Programa de Expertos de la ECPA

<div id="ctl00_ContentPlaceHolder1_ucEventDetail_divEventItem" class="item">
<div class="date" style="font-style: italic; font-size: 14px;">martes, 22 de mayo de 2012 &#8211; viernes, 25 de mayo de 2012</div>
<h2 style="margin: 25px 0 35px 0;">Experto en cambio climático, Paul Westbrook, viajará al Honduras para el Programa de Expertos de la ECPA</h2>
<p>Paul Westbrook, <a href="https://ecpamericas.org/Initiatives/default.aspx?id=57">experto de la Alianza de Energía y Clima de las Américas (ECPA)</a>, estará en Honduras del 22 al 25 de mayo para abordar temas relacionados con energía limpia y construcción ecológica, en coordinación con con la Embajada de EE.UU. en Tegucigalpa. El Sr. Westbrook es un profesional acreditado LEED, que trabaja en el desarrollo sostenible de Texas Instruments, en Dallas, donde también es un alto miembro del personal técnico.</p>
<p>Por favor ver el <a href="/data/files/Initiatives/senior_ecpa_fellows/ECPA_release_Westbrook_SPAN_new.pdf" target="_blank" rel="noopener noreferrer">comunicado de prensa</a> para más información.</p>
<div id="ctl00_ContentPlaceHolder1_ucEventDetail_divGoogleMap" class="topPad">
<div id="div_GoogleMap"></div>
</div>
<div class="topPad floatL postedBy">ES-Posted By: ES-N/A &#8211; lunes, 21 mayo, 2012 ES-at 12:00</div>
</div>

<p>martes, 22 de mayo de 2012 &#8211; viernes, 25 de mayo de 2012 Experto en cambio climático, Paul Westbrook, viajará al Honduras para el Programa de Expertos de la ECPA Paul Westbrook, experto de la Alianza de Energía y Clima de las Américas (ECPA), estará en Honduras del 22 al 25 de mayo para abordar [&hellip;]</p>

<!-- This site is optimized with the Yoast SEO plugin v21.7 - https://yoast.com/wordpress/plugins/seo/ -->
<title>Experto en cambio climático, Paul Westbrook, viajará al Honduras para el Programa de Expertos de la ECPA - ECPA - Energy and Climate Partnership of the Americas</title>
<meta name="robots" content="index, follow, max-snippet:-1, max-image-preview:large, max-video-preview:-1" />
<link rel="canonical" href="https://ecpamericas.org/es/events/experto-en-cambio-climatico-paul-westbrook-viajara-al-honduras-para-el-programa-de-expertos-de-la-ecpa/" />
<meta property="og:locale" content="es_ES" />
<meta property="og:type" content="article" />
<meta property="og:title" content="Experto en cambio climático, Paul Westbrook, viajará al Honduras para el Programa de Expertos de la ECPA - ECPA - Energy and Climate Partnership of the Americas" />
<meta property="og:description" content="martes, 22 de mayo de 2012 &#8211; viernes, 25 de mayo de 2012 Experto en cambio climático, Paul Westbrook, viajará al Honduras para el Programa de Expertos de la ECPA Paul Westbrook, experto de la Alianza de Energía y Clima de las Américas (ECPA), estará en Honduras del 22 al 25 de mayo para abordar [&hellip;]" />
<meta property="og:url" content="https://ecpamericas.org/es/events/experto-en-cambio-climatico-paul-westbrook-viajara-al-honduras-para-el-programa-de-expertos-de-la-ecpa/" />
<meta property="og:site_name" content="ECPA - Energy and Climate Partnership of the Americas" />
<meta property="article:modified_time" content="2020-12-31T22:35:37+00:00" />
<meta name="twitter:card" content="summary_large_image" />
<meta name="twitter:label1" content="Tiempo de lectura" />
	<meta name="twitter:data1" content="1 minuto" />
<script type="application/ld+json" class="yoast-schema-graph">{"@context":"https://schema.org","@graph":[{"@type":"WebPage","@id":"https://ecpamericas.org/es/events/experto-en-cambio-climatico-paul-westbrook-viajara-al-honduras-para-el-programa-de-expertos-de-la-ecpa/","url":"https://ecpamericas.org/es/events/experto-en-cambio-climatico-paul-westbrook-viajara-al-honduras-para-el-programa-de-expertos-de-la-ecpa/","name":"Experto en cambio climático, Paul Westbrook, viajará al Honduras para el Programa de Expertos de la ECPA - ECPA - Energy and Climate Partnership of the Americas","isPartOf":{"@id":"https://ecpamericas.org/es/#website"},"datePublished":"2012-05-22T00:00:00+00:00","dateModified":"2020-12-31T22:35:37+00:00","breadcrumb":{"@id":"https://ecpamericas.org/es/events/experto-en-cambio-climatico-paul-westbrook-viajara-al-honduras-para-el-programa-de-expertos-de-la-ecpa/#breadcrumb"},"inLanguage":"es","potentialAction":[{"@type":"ReadAction","target":["https://ecpamericas.org/es/events/experto-en-cambio-climatico-paul-westbrook-viajara-al-honduras-para-el-programa-de-expertos-de-la-ecpa/"]}]},{"@type":"BreadcrumbList","@id":"https://ecpamericas.org/es/events/experto-en-cambio-climatico-paul-westbrook-viajara-al-honduras-para-el-programa-de-expertos-de-la-ecpa/#breadcrumb","itemListElement":[{"@type":"ListItem","position":1,"name":"Home","item":"https://ecpamericas.org/es/"},{"@type":"ListItem","position":2,"name":"Experto en cambio climático, Paul Westbrook, viajará al Honduras para el Programa de Expertos de la ECPA"}]},{"@type":"WebSite","@id":"https://ecpamericas.org/es/#website","url":"https://ecpamericas.org/es/","name":"ECPA - Energy and Climate Partnership of the Americas","description":"Promoting cooperation for a sustainable energy future in the Americas","potentialAction":[{"@type":"SearchAction","target":{"@type":"EntryPoint","urlTemplate":"https://ecpamericas.org/es/?s={search_term_string}"},"query-input":"required name=search_term_string"}],"inLanguage":"es"}]}</script>
<!-- / Yoast SEO plugin. -->

Experto en cambio climático, Paul Westbrook, viajará al Honduras para el Programa de Expertos de la ECPA - ECPA - Energy and Climate Partnership of the Americas

martes, 22 de mayo de 2012 &#8211; viernes, 25 de mayo de 2012 Experto en cambio climático, Paul Westbrook, viajará al Honduras para el Programa de Expertos de la ECPA Paul Westbrook, experto de la Alianza de Energía y Clima de las Américas (ECPA), estará en Honduras del 22 al 25 de mayo para abordar [&hellip;]
