{"id":4159,"date":"2012-08-21T00:00:00","date_gmt":"2012-08-21T00:00:00","guid":{"rendered":"https:\/\/ecpamericas.org\/events\/vi-seminario-latinoamericano-y-del-caribe-de-biocombustibles\/"},"modified":"2020-12-31T17:31:34","modified_gmt":"2020-12-31T22:31:34","slug":"vi-seminario-latinoamericano-y-del-caribe-de-biocombustibles","status":"publish","type":"mec-events","link":"https:\/\/ecpamericas.org\/es\/events\/vi-seminario-latinoamericano-y-del-caribe-de-biocombustibles\/","title":{"rendered":"VI Seminario Latinoamericano y del Caribe de Biocombustibles"},"content":{"rendered":"<div id=\"ctl00_ContentPlaceHolder1_ucEventDetail_divEventItem\" class=\"item\">\n<div class=\"date\" style=\"font-style: italic; font-size: 14px;\">martes, 21 de agosto de 2012 &#8211; jueves, 23 de agosto de 2012<\/div>\n<h2 style=\"margin: 25px 0 35px 0;\">VI Seminario Latinoamericano y del Caribe de Biocombustibles<\/h2>\n<p>Se est\u00e1 organizando la sexta edici\u00f3n de esta serie de seminarios por la Organizaci\u00f3n Latinoamericana de Energ\u00eda (OLADE) con el apoyo de la Organizaci\u00f3n de las Naciones Unidas para la Agricultura y la Alimentaci\u00f3n (FAO) y el Instituto Interamericano de Cooperaci\u00f3n para la Agricultura (IICA), un organismo especializado de la Organizaci\u00f3n de los Estados Americanos (OEA). Se abrir\u00e1 el VI Seminario con la presentaci\u00f3n de estudios de caso de la evoluci\u00f3n de la pol\u00edtica p\u00fablica sobre los biocombustibles y su impacto en el desarrollo del mercado y las nuevas tecnolog\u00edas en los \u00faltimos cinco a\u00f1os, seguido por la discusi\u00f3n de varios temas: los impactos socioecon\u00f3micos de los biocombustibles en la aviaci\u00f3n, los avances tecnol\u00f3gicos en la producci\u00f3n de biocombustibles de segunda y tercera generaci\u00f3n, la participaci\u00f3n social en la producci\u00f3n de biodiesel, el mercado internacional de biocombustibles, y bio-refiner\u00edas. En el segundo d\u00eda una mesa redonda se llevar\u00e1 a cabo para los pa\u00edses miembros de OLADE en el desarrollo de biocombustibles en Am\u00e9rica Latina y el Caribe.<\/p>\n<p><strong>Fechas:<\/strong> 21-23 de agosto de 2012<br \/>\n<strong>Lugar:<\/strong> Cuernavaca (Morelos), M\u00e9xico<br \/>\n<strong>Contacto:<\/strong> Byron Chiliquinga<br \/>\n<strong>Tel\u00e9fono:<\/strong> +5932 229 3529<br \/>\n<strong>E-mail:<\/strong> <a href=\"mailto:byron.chiliquinga%20olade.org\">byron.chiliquinga olade.org<\/a><br \/>\n<strong>Website:<\/strong> <a href=\"http:\/\/www.olade.org\/seminarios\/VI-seminario-la-ca-biocomustibles\">http:\/\/www.olade.org\/seminarios\/VI-seminario-la-ca-biocomustibles<\/a><\/p>\n<div id=\"ctl00_ContentPlaceHolder1_ucEventDetail_divGoogleMap\" class=\"topPad\">\n<div id=\"div_GoogleMap\"><\/div>\n<\/div>\n<div class=\"topPad floatL postedBy\">ES-Posted By: ES-N\/A &#8211; domingo, 24 junio, 2012 ES-at 12:00<\/div>\n<\/div>\n","protected":false},"excerpt":{"rendered":"<p>martes, 21 de agosto de 2012 &#8211; jueves, 23 de agosto de 2012 VI Seminario Latinoamericano y del Caribe de Biocombustibles Se est\u00e1 organizando la sexta edici\u00f3n de esta serie de seminarios por la Organizaci\u00f3n Latinoamericana de Energ\u00eda (OLADE) con el apoyo de la Organizaci\u00f3n de las Naciones Unidas para la Agricultura y la Alimentaci\u00f3n [&hellip;]<\/p>\n","protected":false},"author":1,"featured_media":0,"comment_status":"open","ping_status":"closed","template":"","tags":[],"mec_category":[],"class_list":["post-4159","mec-events","type-mec-events","status-publish","hentry"],"acf":[],"yoast_head":"<!-- This site is optimized with the Yoast SEO plugin v21.7 - https:\/\/yoast.com\/wordpress\/plugins\/seo\/ -->\n<title>VI Seminario Latinoamericano y del Caribe de Biocombustibles - ECPA - Energy and Climate Partnership of the Americas<\/title>\n<meta name=\"robots\" content=\"index, follow, max-snippet:-1, max-image-preview:large, max-video-preview:-1\" \/>\n<link rel=\"canonical\" href=\"https:\/\/ecpamericas.org\/es\/events\/vi-seminario-latinoamericano-y-del-caribe-de-biocombustibles\/\" \/>\n<meta property=\"og:locale\" content=\"es_ES\" \/>\n<meta property=\"og:type\" content=\"article\" \/>\n<meta property=\"og:title\" content=\"VI Seminario Latinoamericano y del Caribe de Biocombustibles - ECPA - Energy and Climate Partnership of the Americas\" \/>\n<meta property=\"og:description\" content=\"martes, 21 de agosto de 2012 &#8211; jueves, 23 de agosto de 2012 VI Seminario Latinoamericano y del Caribe de Biocombustibles Se est\u00e1 organizando la sexta edici\u00f3n de esta serie de seminarios por la Organizaci\u00f3n Latinoamericana de Energ\u00eda (OLADE) con el apoyo de la Organizaci\u00f3n de las Naciones Unidas para la Agricultura y la Alimentaci\u00f3n [&hellip;]\" \/>\n<meta property=\"og:url\" content=\"https:\/\/ecpamericas.org\/es\/events\/vi-seminario-latinoamericano-y-del-caribe-de-biocombustibles\/\" \/>\n<meta property=\"og:site_name\" content=\"ECPA - Energy and Climate Partnership of the Americas\" \/>\n<meta property=\"article:modified_time\" content=\"2020-12-31T22:31:34+00:00\" \/>\n<meta name=\"twitter:card\" content=\"summary_large_image\" \/>\n<meta name=\"twitter:label1\" content=\"Tiempo de lectura\" \/>\n\t<meta name=\"twitter:data1\" content=\"1 minuto\" \/>\n<script type=\"application\/ld+json\" class=\"yoast-schema-graph\">{\"@context\":\"https:\/\/schema.org\",\"@graph\":[{\"@type\":\"WebPage\",\"@id\":\"https:\/\/ecpamericas.org\/es\/events\/vi-seminario-latinoamericano-y-del-caribe-de-biocombustibles\/\",\"url\":\"https:\/\/ecpamericas.org\/es\/events\/vi-seminario-latinoamericano-y-del-caribe-de-biocombustibles\/\",\"name\":\"VI Seminario Latinoamericano y del Caribe de Biocombustibles - ECPA - Energy and Climate Partnership of the Americas\",\"isPartOf\":{\"@id\":\"https:\/\/ecpamericas.org\/es\/#website\"},\"datePublished\":\"2012-08-21T00:00:00+00:00\",\"dateModified\":\"2020-12-31T22:31:34+00:00\",\"breadcrumb\":{\"@id\":\"https:\/\/ecpamericas.org\/es\/events\/vi-seminario-latinoamericano-y-del-caribe-de-biocombustibles\/#breadcrumb\"},\"inLanguage\":\"es\",\"potentialAction\":[{\"@type\":\"ReadAction\",\"target\":[\"https:\/\/ecpamericas.org\/es\/events\/vi-seminario-latinoamericano-y-del-caribe-de-biocombustibles\/\"]}]},{\"@type\":\"BreadcrumbList\",\"@id\":\"https:\/\/ecpamericas.org\/es\/events\/vi-seminario-latinoamericano-y-del-caribe-de-biocombustibles\/#breadcrumb\",\"itemListElement\":[{\"@type\":\"ListItem\",\"position\":1,\"name\":\"Home\",\"item\":\"https:\/\/ecpamericas.org\/es\/\"},{\"@type\":\"ListItem\",\"position\":2,\"name\":\"VI Seminario Latinoamericano y del Caribe de Biocombustibles\"}]},{\"@type\":\"WebSite\",\"@id\":\"https:\/\/ecpamericas.org\/es\/#website\",\"url\":\"https:\/\/ecpamericas.org\/es\/\",\"name\":\"ECPA - Energy and Climate Partnership of the Americas\",\"description\":\"Promoting cooperation for a sustainable energy future in the Americas\",\"potentialAction\":[{\"@type\":\"SearchAction\",\"target\":{\"@type\":\"EntryPoint\",\"urlTemplate\":\"https:\/\/ecpamericas.org\/es\/?s={search_term_string}\"},\"query-input\":\"required name=search_term_string\"}],\"inLanguage\":\"es\"}]}<\/script>\n<!-- \/ Yoast SEO plugin. -->","yoast_head_json":{"title":"VI Seminario Latinoamericano y del Caribe de Biocombustibles - ECPA - Energy and Climate Partnership of the Americas","robots":{"index":"index","follow":"follow","max-snippet":"max-snippet:-1","max-image-preview":"max-image-preview:large","max-video-preview":"max-video-preview:-1"},"canonical":"https:\/\/ecpamericas.org\/es\/events\/vi-seminario-latinoamericano-y-del-caribe-de-biocombustibles\/","og_locale":"es_ES","og_type":"article","og_title":"VI Seminario Latinoamericano y del Caribe de Biocombustibles - ECPA - Energy and Climate Partnership of the Americas","og_description":"martes, 21 de agosto de 2012 &#8211; jueves, 23 de agosto de 2012 VI Seminario Latinoamericano y del Caribe de Biocombustibles Se est\u00e1 organizando la sexta edici\u00f3n de esta serie de seminarios por la Organizaci\u00f3n Latinoamericana de Energ\u00eda (OLADE) con el apoyo de la Organizaci\u00f3n de las Naciones Unidas para la Agricultura y la Alimentaci\u00f3n [&hellip;]","og_url":"https:\/\/ecpamericas.org\/es\/events\/vi-seminario-latinoamericano-y-del-caribe-de-biocombustibles\/","og_site_name":"ECPA - Energy and Climate Partnership of the Americas","article_modified_time":"2020-12-31T22:31:34+00:00","twitter_card":"summary_large_image","twitter_misc":{"Tiempo de lectura":"1 minuto"},"schema":{"@context":"https:\/\/schema.org","@graph":[{"@type":"WebPage","@id":"https:\/\/ecpamericas.org\/es\/events\/vi-seminario-latinoamericano-y-del-caribe-de-biocombustibles\/","url":"https:\/\/ecpamericas.org\/es\/events\/vi-seminario-latinoamericano-y-del-caribe-de-biocombustibles\/","name":"VI Seminario Latinoamericano y del Caribe de Biocombustibles - ECPA - Energy and Climate Partnership of the Americas","isPartOf":{"@id":"https:\/\/ecpamericas.org\/es\/#website"},"datePublished":"2012-08-21T00:00:00+00:00","dateModified":"2020-12-31T22:31:34+00:00","breadcrumb":{"@id":"https:\/\/ecpamericas.org\/es\/events\/vi-seminario-latinoamericano-y-del-caribe-de-biocombustibles\/#breadcrumb"},"inLanguage":"es","potentialAction":[{"@type":"ReadAction","target":["https:\/\/ecpamericas.org\/es\/events\/vi-seminario-latinoamericano-y-del-caribe-de-biocombustibles\/"]}]},{"@type":"BreadcrumbList","@id":"https:\/\/ecpamericas.org\/es\/events\/vi-seminario-latinoamericano-y-del-caribe-de-biocombustibles\/#breadcrumb","itemListElement":[{"@type":"ListItem","position":1,"name":"Home","item":"https:\/\/ecpamericas.org\/es\/"},{"@type":"ListItem","position":2,"name":"VI Seminario Latinoamericano y del Caribe de Biocombustibles"}]},{"@type":"WebSite","@id":"https:\/\/ecpamericas.org\/es\/#website","url":"https:\/\/ecpamericas.org\/es\/","name":"ECPA - Energy and Climate Partnership of the Americas","description":"Promoting cooperation for a sustainable energy future in the Americas","potentialAction":[{"@type":"SearchAction","target":{"@type":"EntryPoint","urlTemplate":"https:\/\/ecpamericas.org\/es\/?s={search_term_string}"},"query-input":"required name=search_term_string"}],"inLanguage":"es"}]}},"_links":{"self":[{"href":"https:\/\/ecpamericas.org\/es\/wp-json\/wp\/v2\/mec-events\/4159","targetHints":{"allow":["GET"]}}],"collection":[{"href":"https:\/\/ecpamericas.org\/es\/wp-json\/wp\/v2\/mec-events"}],"about":[{"href":"https:\/\/ecpamericas.org\/es\/wp-json\/wp\/v2\/types\/mec-events"}],"author":[{"embeddable":true,"href":"https:\/\/ecpamericas.org\/es\/wp-json\/wp\/v2\/users\/1"}],"replies":[{"embeddable":true,"href":"https:\/\/ecpamericas.org\/es\/wp-json\/wp\/v2\/comments?post=4159"}],"wp:attachment":[{"href":"https:\/\/ecpamericas.org\/es\/wp-json\/wp\/v2\/media?parent=4159"}],"wp:term":[{"taxonomy":"post_tag","embeddable":true,"href":"https:\/\/ecpamericas.org\/es\/wp-json\/wp\/v2\/tags?post=4159"},{"taxonomy":"mec_category","embeddable":true,"href":"https:\/\/ecpamericas.org\/es\/wp-json\/wp\/v2\/mec_category?post=4159"}],"curies":[{"name":"wp","href":"https:\/\/api.w.org\/{rel}","templated":true}]}}

<div id="ctl00_ContentPlaceHolder1_ucEventDetail_divEventItem" class="item">
<div class="date" style="font-style: italic; font-size: 14px;">martes, 21 de agosto de 2012 &#8211; jueves, 23 de agosto de 2012</div>
<h2 style="margin: 25px 0 35px 0;">VI Seminario Latinoamericano y del Caribe de Biocombustibles</h2>
<p>Se está organizando la sexta edición de esta serie de seminarios por la Organización Latinoamericana de Energía (OLADE) con el apoyo de la Organización de las Naciones Unidas para la Agricultura y la Alimentación (FAO) y el Instituto Interamericano de Cooperación para la Agricultura (IICA), un organismo especializado de la Organización de los Estados Americanos (OEA). Se abrirá el VI Seminario con la presentación de estudios de caso de la evolución de la política pública sobre los biocombustibles y su impacto en el desarrollo del mercado y las nuevas tecnologías en los últimos cinco años, seguido por la discusión de varios temas: los impactos socioeconómicos de los biocombustibles en la aviación, los avances tecnológicos en la producción de biocombustibles de segunda y tercera generación, la participación social en la producción de biodiesel, el mercado internacional de biocombustibles, y bio-refinerías. En el segundo día una mesa redonda se llevará a cabo para los países miembros de OLADE en el desarrollo de biocombustibles en América Latina y el Caribe.</p>
<p><strong>Fechas:</strong> 21-23 de agosto de 2012<br />
<strong>Lugar:</strong> Cuernavaca (Morelos), México<br />
<strong>Contacto:</strong> Byron Chiliquinga<br />
<strong>Teléfono:</strong> +5932 229 3529<br />
<strong>E-mail:</strong> <a href="mailto:byron.chiliquinga%20olade.org">byron.chiliquinga olade.org</a><br />
<strong>Website:</strong> <a href="http://www.olade.org/seminarios/VI-seminario-la-ca-biocomustibles">http://www.olade.org/seminarios/VI-seminario-la-ca-biocomustibles</a></p>
<div id="ctl00_ContentPlaceHolder1_ucEventDetail_divGoogleMap" class="topPad">
<div id="div_GoogleMap"></div>
</div>
<div class="topPad floatL postedBy">ES-Posted By: ES-N/A &#8211; domingo, 24 junio, 2012 ES-at 12:00</div>
</div>

<p>martes, 21 de agosto de 2012 &#8211; jueves, 23 de agosto de 2012 VI Seminario Latinoamericano y del Caribe de Biocombustibles Se está organizando la sexta edición de esta serie de seminarios por la Organización Latinoamericana de Energía (OLADE) con el apoyo de la Organización de las Naciones Unidas para la Agricultura y la Alimentación [&hellip;]</p>

<!-- This site is optimized with the Yoast SEO plugin v21.7 - https://yoast.com/wordpress/plugins/seo/ -->
<title>VI Seminario Latinoamericano y del Caribe de Biocombustibles - ECPA - Energy and Climate Partnership of the Americas</title>
<meta name="robots" content="index, follow, max-snippet:-1, max-image-preview:large, max-video-preview:-1" />
<link rel="canonical" href="https://ecpamericas.org/es/events/vi-seminario-latinoamericano-y-del-caribe-de-biocombustibles/" />
<meta property="og:locale" content="es_ES" />
<meta property="og:type" content="article" />
<meta property="og:title" content="VI Seminario Latinoamericano y del Caribe de Biocombustibles - ECPA - Energy and Climate Partnership of the Americas" />
<meta property="og:description" content="martes, 21 de agosto de 2012 &#8211; jueves, 23 de agosto de 2012 VI Seminario Latinoamericano y del Caribe de Biocombustibles Se está organizando la sexta edición de esta serie de seminarios por la Organización Latinoamericana de Energía (OLADE) con el apoyo de la Organización de las Naciones Unidas para la Agricultura y la Alimentación [&hellip;]" />
<meta property="og:url" content="https://ecpamericas.org/es/events/vi-seminario-latinoamericano-y-del-caribe-de-biocombustibles/" />
<meta property="og:site_name" content="ECPA - Energy and Climate Partnership of the Americas" />
<meta property="article:modified_time" content="2020-12-31T22:31:34+00:00" />
<meta name="twitter:card" content="summary_large_image" />
<meta name="twitter:label1" content="Tiempo de lectura" />
	<meta name="twitter:data1" content="1 minuto" />
<script type="application/ld+json" class="yoast-schema-graph">{"@context":"https://schema.org","@graph":[{"@type":"WebPage","@id":"https://ecpamericas.org/es/events/vi-seminario-latinoamericano-y-del-caribe-de-biocombustibles/","url":"https://ecpamericas.org/es/events/vi-seminario-latinoamericano-y-del-caribe-de-biocombustibles/","name":"VI Seminario Latinoamericano y del Caribe de Biocombustibles - ECPA - Energy and Climate Partnership of the Americas","isPartOf":{"@id":"https://ecpamericas.org/es/#website"},"datePublished":"2012-08-21T00:00:00+00:00","dateModified":"2020-12-31T22:31:34+00:00","breadcrumb":{"@id":"https://ecpamericas.org/es/events/vi-seminario-latinoamericano-y-del-caribe-de-biocombustibles/#breadcrumb"},"inLanguage":"es","potentialAction":[{"@type":"ReadAction","target":["https://ecpamericas.org/es/events/vi-seminario-latinoamericano-y-del-caribe-de-biocombustibles/"]}]},{"@type":"BreadcrumbList","@id":"https://ecpamericas.org/es/events/vi-seminario-latinoamericano-y-del-caribe-de-biocombustibles/#breadcrumb","itemListElement":[{"@type":"ListItem","position":1,"name":"Home","item":"https://ecpamericas.org/es/"},{"@type":"ListItem","position":2,"name":"VI Seminario Latinoamericano y del Caribe de Biocombustibles"}]},{"@type":"WebSite","@id":"https://ecpamericas.org/es/#website","url":"https://ecpamericas.org/es/","name":"ECPA - Energy and Climate Partnership of the Americas","description":"Promoting cooperation for a sustainable energy future in the Americas","potentialAction":[{"@type":"SearchAction","target":{"@type":"EntryPoint","urlTemplate":"https://ecpamericas.org/es/?s={search_term_string}"},"query-input":"required name=search_term_string"}],"inLanguage":"es"}]}</script>
<!-- / Yoast SEO plugin. -->

martes, 21 de agosto de 2012 &#8211; jueves, 23 de agosto de 2012 VI Seminario Latinoamericano y del Caribe de Biocombustibles Se está organizando la sexta edición de esta serie de seminarios por la Organización Latinoamericana de Energía (OLADE) con el apoyo de la Organización de las Naciones Unidas para la Agricultura y la Alimentación [&hellip;]
