{"id":4059,"date":"2017-01-23T00:00:00","date_gmt":"2017-01-23T00:00:00","guid":{"rendered":"https:\/\/ecpamericas.org\/events\/5to-foro-de-energia-sostenible-del-caribe\/"},"modified":"2020-12-31T16:56:54","modified_gmt":"2020-12-31T21:56:54","slug":"5to-foro-de-energia-sostenible-del-caribe","status":"publish","type":"mec-events","link":"https:\/\/ecpamericas.org\/es\/events\/5to-foro-de-energia-sostenible-del-caribe\/","title":{"rendered":"5to Foro de Energ\u00eda Sostenible del Caribe"},"content":{"rendered":"<div id=\"ctl00_ContentPlaceHolder1_ucEventDetail_divEventItem\" class=\"item\">\n<div class=\"date\" style=\"font-style: italic; font-size: 14px;\">lunes, 23 de enero de 2017 &#8211; mi\u00e9rcoles, 25 de enero de 2017<\/div>\n<h2 style=\"margin: 25px 0 35px 0;\">5to Foro de Energ\u00eda Sostenible del Caribe<\/h2>\n<p><span style=\"color: #262626;\"> <img decoding=\"async\" style=\"width: 850px; height: 456px; vertical-align: middle;\" src=\"https:\/\/ecpamericas.org\/assets\/Site_32\/images\/OAS%20events\/2017\/CSEF%20COVER%20(2).jpg\" alt=\"\" \/><\/span><\/p>\n<p>&nbsp;<\/p>\n<p><span style=\"color: #262626;\">La Secretar\u00eda de la CARICOM y el Gobierno de Bahamas auspiciar\u00e1n el V CSEF. El Departamento de Estado de los Estados Unidos apoya el Foro, a trav\u00e9s de la Alianza de Energ\u00eda y Clima de las Am\u00e9ricas (ECPA) ejecutada por la Organizaci\u00f3n de Estados Americanos (OEA); la Deutsche Gesellschaft f\u00fcr Internationale Zusammenarbeit (GIZ), a trav\u00e9s del Programa de Asistencia T\u00e9cnica en Energ\u00edas Renovables y Eficiencia Energ\u00e9tica (REETA); el Banco Interamericano de Desarrollo (BID); Y el Banco Mundial.<\/span><\/p>\n<p><span style=\"color: #262626;\">Conectando la <strong>pol\u00edtica y la estrategia<\/strong> con la <strong>ejecuci\u00f3n y la pr\u00e1ctica<\/strong>, el evento est\u00e1 dirigido, entre otras cosas, a facilitar el di\u00e1logo de alto nivel e identificar acciones que puedan promover un cambio hacia la energ\u00eda sostenible, mediante el uso creciente de fuentes de energ\u00eda renovables y mejoras en la eficiencia energ\u00e9tica dentro de los Estados miembros.<\/span><\/p>\n<div id=\"ctl00_ContentPlaceHolder1_ucEventDetail_divLocation\" class=\"topPad\">British Colonial Hilton<br \/>\nNassau<br \/>\nBahamas<\/div>\n<div id=\"ctl00_ContentPlaceHolder1_ucEventDetail_divGoogleMap\" class=\"topPad\">\n<div id=\"div_GoogleMap\"><\/div>\n<\/div>\n<div class=\"topPad floatL postedBy\">ES-Posted By: AdminR &#8211; mi\u00e9rcoles, 21 diciembre, 2016 ES-at 12:00<\/div>\n<\/div>\n","protected":false},"excerpt":{"rendered":"<p>lunes, 23 de enero de 2017 &#8211; mi\u00e9rcoles, 25 de enero de 2017 5to Foro de Energ\u00eda Sostenible del Caribe &nbsp; La Secretar\u00eda de la CARICOM y el Gobierno de Bahamas auspiciar\u00e1n el V CSEF. El Departamento de Estado de los Estados Unidos apoya el Foro, a trav\u00e9s de la Alianza de Energ\u00eda y Clima [&hellip;]<\/p>\n","protected":false},"author":1,"featured_media":0,"comment_status":"open","ping_status":"closed","template":"","tags":[],"mec_category":[],"class_list":["post-4059","mec-events","type-mec-events","status-publish","hentry"],"acf":[],"yoast_head":"<!-- This site is optimized with the Yoast SEO plugin v21.7 - https:\/\/yoast.com\/wordpress\/plugins\/seo\/ -->\n<title>5to Foro de Energ\u00eda Sostenible del Caribe - ECPA - Energy and Climate Partnership of the Americas<\/title>\n<meta name=\"robots\" content=\"index, follow, max-snippet:-1, max-image-preview:large, max-video-preview:-1\" \/>\n<link rel=\"canonical\" href=\"https:\/\/ecpamericas.org\/es\/events\/5to-foro-de-energia-sostenible-del-caribe\/\" \/>\n<meta property=\"og:locale\" content=\"es_ES\" \/>\n<meta property=\"og:type\" content=\"article\" \/>\n<meta property=\"og:title\" content=\"5to Foro de Energ\u00eda Sostenible del Caribe - ECPA - Energy and Climate Partnership of the Americas\" \/>\n<meta property=\"og:description\" content=\"lunes, 23 de enero de 2017 &#8211; mi\u00e9rcoles, 25 de enero de 2017 5to Foro de Energ\u00eda Sostenible del Caribe &nbsp; La Secretar\u00eda de la CARICOM y el Gobierno de Bahamas auspiciar\u00e1n el V CSEF. El Departamento de Estado de los Estados Unidos apoya el Foro, a trav\u00e9s de la Alianza de Energ\u00eda y Clima [&hellip;]\" \/>\n<meta property=\"og:url\" content=\"https:\/\/ecpamericas.org\/es\/events\/5to-foro-de-energia-sostenible-del-caribe\/\" \/>\n<meta property=\"og:site_name\" content=\"ECPA - Energy and Climate Partnership of the Americas\" \/>\n<meta property=\"article:modified_time\" content=\"2020-12-31T21:56:54+00:00\" \/>\n<meta property=\"og:image\" content=\"https:\/\/ecpamericas.org\/assets\/Site_32\/images\/OAS%20events\/2017\/CSEF%20COVER%20(2).jpg\" \/>\n<meta name=\"twitter:card\" content=\"summary_large_image\" \/>\n<meta name=\"twitter:label1\" content=\"Tiempo de lectura\" \/>\n\t<meta name=\"twitter:data1\" content=\"1 minuto\" \/>\n<script type=\"application\/ld+json\" class=\"yoast-schema-graph\">{\"@context\":\"https:\/\/schema.org\",\"@graph\":[{\"@type\":\"WebPage\",\"@id\":\"https:\/\/ecpamericas.org\/es\/events\/5to-foro-de-energia-sostenible-del-caribe\/\",\"url\":\"https:\/\/ecpamericas.org\/es\/events\/5to-foro-de-energia-sostenible-del-caribe\/\",\"name\":\"5to Foro de Energ\u00eda Sostenible del Caribe - ECPA - Energy and Climate Partnership of the Americas\",\"isPartOf\":{\"@id\":\"https:\/\/ecpamericas.org\/es\/#website\"},\"datePublished\":\"2017-01-23T00:00:00+00:00\",\"dateModified\":\"2020-12-31T21:56:54+00:00\",\"breadcrumb\":{\"@id\":\"https:\/\/ecpamericas.org\/es\/events\/5to-foro-de-energia-sostenible-del-caribe\/#breadcrumb\"},\"inLanguage\":\"es\",\"potentialAction\":[{\"@type\":\"ReadAction\",\"target\":[\"https:\/\/ecpamericas.org\/es\/events\/5to-foro-de-energia-sostenible-del-caribe\/\"]}]},{\"@type\":\"BreadcrumbList\",\"@id\":\"https:\/\/ecpamericas.org\/es\/events\/5to-foro-de-energia-sostenible-del-caribe\/#breadcrumb\",\"itemListElement\":[{\"@type\":\"ListItem\",\"position\":1,\"name\":\"Home\",\"item\":\"https:\/\/ecpamericas.org\/es\/\"},{\"@type\":\"ListItem\",\"position\":2,\"name\":\"5to Foro de Energ\u00eda Sostenible del Caribe\"}]},{\"@type\":\"WebSite\",\"@id\":\"https:\/\/ecpamericas.org\/es\/#website\",\"url\":\"https:\/\/ecpamericas.org\/es\/\",\"name\":\"ECPA - Energy and Climate Partnership of the Americas\",\"description\":\"Promoting cooperation for a sustainable energy future in the Americas\",\"potentialAction\":[{\"@type\":\"SearchAction\",\"target\":{\"@type\":\"EntryPoint\",\"urlTemplate\":\"https:\/\/ecpamericas.org\/es\/?s={search_term_string}\"},\"query-input\":\"required name=search_term_string\"}],\"inLanguage\":\"es\"}]}<\/script>\n<!-- \/ Yoast SEO plugin. -->","yoast_head_json":{"title":"5to Foro de Energ\u00eda Sostenible del Caribe - ECPA - Energy and Climate Partnership of the Americas","robots":{"index":"index","follow":"follow","max-snippet":"max-snippet:-1","max-image-preview":"max-image-preview:large","max-video-preview":"max-video-preview:-1"},"canonical":"https:\/\/ecpamericas.org\/es\/events\/5to-foro-de-energia-sostenible-del-caribe\/","og_locale":"es_ES","og_type":"article","og_title":"5to Foro de Energ\u00eda Sostenible del Caribe - ECPA - Energy and Climate Partnership of the Americas","og_description":"lunes, 23 de enero de 2017 &#8211; mi\u00e9rcoles, 25 de enero de 2017 5to Foro de Energ\u00eda Sostenible del Caribe &nbsp; La Secretar\u00eda de la CARICOM y el Gobierno de Bahamas auspiciar\u00e1n el V CSEF. El Departamento de Estado de los Estados Unidos apoya el Foro, a trav\u00e9s de la Alianza de Energ\u00eda y Clima [&hellip;]","og_url":"https:\/\/ecpamericas.org\/es\/events\/5to-foro-de-energia-sostenible-del-caribe\/","og_site_name":"ECPA - Energy and Climate Partnership of the Americas","article_modified_time":"2020-12-31T21:56:54+00:00","og_image":[{"url":"https:\/\/ecpamericas.org\/assets\/Site_32\/images\/OAS%20events\/2017\/CSEF%20COVER%20(2).jpg"}],"twitter_card":"summary_large_image","twitter_misc":{"Tiempo de lectura":"1 minuto"},"schema":{"@context":"https:\/\/schema.org","@graph":[{"@type":"WebPage","@id":"https:\/\/ecpamericas.org\/es\/events\/5to-foro-de-energia-sostenible-del-caribe\/","url":"https:\/\/ecpamericas.org\/es\/events\/5to-foro-de-energia-sostenible-del-caribe\/","name":"5to Foro de Energ\u00eda Sostenible del Caribe - ECPA - Energy and Climate Partnership of the Americas","isPartOf":{"@id":"https:\/\/ecpamericas.org\/es\/#website"},"datePublished":"2017-01-23T00:00:00+00:00","dateModified":"2020-12-31T21:56:54+00:00","breadcrumb":{"@id":"https:\/\/ecpamericas.org\/es\/events\/5to-foro-de-energia-sostenible-del-caribe\/#breadcrumb"},"inLanguage":"es","potentialAction":[{"@type":"ReadAction","target":["https:\/\/ecpamericas.org\/es\/events\/5to-foro-de-energia-sostenible-del-caribe\/"]}]},{"@type":"BreadcrumbList","@id":"https:\/\/ecpamericas.org\/es\/events\/5to-foro-de-energia-sostenible-del-caribe\/#breadcrumb","itemListElement":[{"@type":"ListItem","position":1,"name":"Home","item":"https:\/\/ecpamericas.org\/es\/"},{"@type":"ListItem","position":2,"name":"5to Foro de Energ\u00eda Sostenible del Caribe"}]},{"@type":"WebSite","@id":"https:\/\/ecpamericas.org\/es\/#website","url":"https:\/\/ecpamericas.org\/es\/","name":"ECPA - Energy and Climate Partnership of the Americas","description":"Promoting cooperation for a sustainable energy future in the Americas","potentialAction":[{"@type":"SearchAction","target":{"@type":"EntryPoint","urlTemplate":"https:\/\/ecpamericas.org\/es\/?s={search_term_string}"},"query-input":"required name=search_term_string"}],"inLanguage":"es"}]}},"_links":{"self":[{"href":"https:\/\/ecpamericas.org\/es\/wp-json\/wp\/v2\/mec-events\/4059","targetHints":{"allow":["GET"]}}],"collection":[{"href":"https:\/\/ecpamericas.org\/es\/wp-json\/wp\/v2\/mec-events"}],"about":[{"href":"https:\/\/ecpamericas.org\/es\/wp-json\/wp\/v2\/types\/mec-events"}],"author":[{"embeddable":true,"href":"https:\/\/ecpamericas.org\/es\/wp-json\/wp\/v2\/users\/1"}],"replies":[{"embeddable":true,"href":"https:\/\/ecpamericas.org\/es\/wp-json\/wp\/v2\/comments?post=4059"}],"wp:attachment":[{"href":"https:\/\/ecpamericas.org\/es\/wp-json\/wp\/v2\/media?parent=4059"}],"wp:term":[{"taxonomy":"post_tag","embeddable":true,"href":"https:\/\/ecpamericas.org\/es\/wp-json\/wp\/v2\/tags?post=4059"},{"taxonomy":"mec_category","embeddable":true,"href":"https:\/\/ecpamericas.org\/es\/wp-json\/wp\/v2\/mec_category?post=4059"}],"curies":[{"name":"wp","href":"https:\/\/api.w.org\/{rel}","templated":true}]}}

5to Foro de Energía Sostenible del Caribe

<div id="ctl00_ContentPlaceHolder1_ucEventDetail_divEventItem" class="item">
<div class="date" style="font-style: italic; font-size: 14px;">lunes, 23 de enero de 2017 &#8211; miércoles, 25 de enero de 2017</div>
<h2 style="margin: 25px 0 35px 0;">5to Foro de Energía Sostenible del Caribe</h2>
<p><span style="color: #262626;"> <img decoding="async" style="width: 850px; height: 456px; vertical-align: middle;" src="https://ecpamericas.org/assets/Site_32/images/OAS%20events/2017/CSEF%20COVER%20(2).jpg" alt="" /></span></p>
<p>&nbsp;</p>
<p><span style="color: #262626;">La Secretaría de la CARICOM y el Gobierno de Bahamas auspiciarán el V CSEF. El Departamento de Estado de los Estados Unidos apoya el Foro, a través de la Alianza de Energía y Clima de las Américas (ECPA) ejecutada por la Organización de Estados Americanos (OEA); la Deutsche Gesellschaft für Internationale Zusammenarbeit (GIZ), a través del Programa de Asistencia Técnica en Energías Renovables y Eficiencia Energética (REETA); el Banco Interamericano de Desarrollo (BID); Y el Banco Mundial.</span></p>
<p><span style="color: #262626;">Conectando la <strong>política y la estrategia</strong> con la <strong>ejecución y la práctica</strong>, el evento está dirigido, entre otras cosas, a facilitar el diálogo de alto nivel e identificar acciones que puedan promover un cambio hacia la energía sostenible, mediante el uso creciente de fuentes de energía renovables y mejoras en la eficiencia energética dentro de los Estados miembros.</span></p>
<div id="ctl00_ContentPlaceHolder1_ucEventDetail_divLocation" class="topPad">British Colonial Hilton<br />
Nassau<br />
Bahamas</div>
<div id="ctl00_ContentPlaceHolder1_ucEventDetail_divGoogleMap" class="topPad">
<div id="div_GoogleMap"></div>
</div>
<div class="topPad floatL postedBy">ES-Posted By: AdminR &#8211; miércoles, 21 diciembre, 2016 ES-at 12:00</div>
</div>

<p>lunes, 23 de enero de 2017 &#8211; miércoles, 25 de enero de 2017 5to Foro de Energía Sostenible del Caribe &nbsp; La Secretaría de la CARICOM y el Gobierno de Bahamas auspiciarán el V CSEF. El Departamento de Estado de los Estados Unidos apoya el Foro, a través de la Alianza de Energía y Clima [&hellip;]</p>

<!-- This site is optimized with the Yoast SEO plugin v21.7 - https://yoast.com/wordpress/plugins/seo/ -->
<title>5to Foro de Energía Sostenible del Caribe - ECPA - Energy and Climate Partnership of the Americas</title>
<meta name="robots" content="index, follow, max-snippet:-1, max-image-preview:large, max-video-preview:-1" />
<link rel="canonical" href="https://ecpamericas.org/es/events/5to-foro-de-energia-sostenible-del-caribe/" />
<meta property="og:locale" content="es_ES" />
<meta property="og:type" content="article" />
<meta property="og:title" content="5to Foro de Energía Sostenible del Caribe - ECPA - Energy and Climate Partnership of the Americas" />
<meta property="og:description" content="lunes, 23 de enero de 2017 &#8211; miércoles, 25 de enero de 2017 5to Foro de Energía Sostenible del Caribe &nbsp; La Secretaría de la CARICOM y el Gobierno de Bahamas auspiciarán el V CSEF. El Departamento de Estado de los Estados Unidos apoya el Foro, a través de la Alianza de Energía y Clima [&hellip;]" />
<meta property="og:url" content="https://ecpamericas.org/es/events/5to-foro-de-energia-sostenible-del-caribe/" />
<meta property="og:site_name" content="ECPA - Energy and Climate Partnership of the Americas" />
<meta property="article:modified_time" content="2020-12-31T21:56:54+00:00" />
<meta property="og:image" content="https://ecpamericas.org/assets/Site_32/images/OAS%20events/2017/CSEF%20COVER%20(2).jpg" />
<meta name="twitter:card" content="summary_large_image" />
<meta name="twitter:label1" content="Tiempo de lectura" />
	<meta name="twitter:data1" content="1 minuto" />
<script type="application/ld+json" class="yoast-schema-graph">{"@context":"https://schema.org","@graph":[{"@type":"WebPage","@id":"https://ecpamericas.org/es/events/5to-foro-de-energia-sostenible-del-caribe/","url":"https://ecpamericas.org/es/events/5to-foro-de-energia-sostenible-del-caribe/","name":"5to Foro de Energía Sostenible del Caribe - ECPA - Energy and Climate Partnership of the Americas","isPartOf":{"@id":"https://ecpamericas.org/es/#website"},"datePublished":"2017-01-23T00:00:00+00:00","dateModified":"2020-12-31T21:56:54+00:00","breadcrumb":{"@id":"https://ecpamericas.org/es/events/5to-foro-de-energia-sostenible-del-caribe/#breadcrumb"},"inLanguage":"es","potentialAction":[{"@type":"ReadAction","target":["https://ecpamericas.org/es/events/5to-foro-de-energia-sostenible-del-caribe/"]}]},{"@type":"BreadcrumbList","@id":"https://ecpamericas.org/es/events/5to-foro-de-energia-sostenible-del-caribe/#breadcrumb","itemListElement":[{"@type":"ListItem","position":1,"name":"Home","item":"https://ecpamericas.org/es/"},{"@type":"ListItem","position":2,"name":"5to Foro de Energía Sostenible del Caribe"}]},{"@type":"WebSite","@id":"https://ecpamericas.org/es/#website","url":"https://ecpamericas.org/es/","name":"ECPA - Energy and Climate Partnership of the Americas","description":"Promoting cooperation for a sustainable energy future in the Americas","potentialAction":[{"@type":"SearchAction","target":{"@type":"EntryPoint","urlTemplate":"https://ecpamericas.org/es/?s={search_term_string}"},"query-input":"required name=search_term_string"}],"inLanguage":"es"}]}</script>
<!-- / Yoast SEO plugin. -->

5to Foro de Energía Sostenible del Caribe - ECPA - Energy and Climate Partnership of the Americas

lunes, 23 de enero de 2017 &#8211; miércoles, 25 de enero de 2017 5to Foro de Energía Sostenible del Caribe &nbsp; La Secretaría de la CARICOM y el Gobierno de Bahamas auspiciarán el V CSEF. El Departamento de Estado de los Estados Unidos apoya el Foro, a través de la Alianza de Energía y Clima [&hellip;]
