{"id":4015,"date":"2014-01-24T02:00:00","date_gmt":"2014-01-24T02:00:00","guid":{"rendered":"https:\/\/ecpamericas.org\/events\/seminario-virtual-transformacion-del-sector-energetico-de-mexico\/"},"modified":"2020-12-31T17:40:06","modified_gmt":"2020-12-31T22:40:06","slug":"seminario-virtual-transformacion-del-sector-energetico-de-mexico","status":"publish","type":"mec-events","link":"https:\/\/ecpamericas.org\/es\/events\/seminario-virtual-transformacion-del-sector-energetico-de-mexico\/","title":{"rendered":"[Seminario Virtual]: Transformaci\u00f3n del Sector Energ\u00e9tico de M\u00e9xico"},"content":{"rendered":"<div id=\"ctl00_ContentPlaceHolder1_ucEventDetail_divEventItem\" class=\"item\">\n<div class=\"date\" style=\"font-style: italic; font-size: 14px;\">viernes, 24 de enero de 2014 2:00<\/div>\n<h2 style=\"margin: 25px 0 35px 0;\">[Seminario Virtual]: Transformaci\u00f3n del Sector Energ\u00e9tico de M\u00e9xico<\/h2>\n<p style=\"margin: 5px 0px; padding: 0px; color: #000000; font-family: arial, helvetica, sans-serif; font-size: 13px; line-height: 21px; background-color: #ffffff;\"><strong>Fecha<\/strong>: 24 de enero <a style=\"outline: none; text-decoration: none; color: #0358a8;\" href=\"https:\/\/www.iamericas.org\/sponsorships\/IOA_2014_Energy_Webinar_Series.pdf\"><img decoding=\"async\" style=\"border: 1px solid #000000; max-width: 100%; height: auto; box-sizing: border-box; float: right;\" src=\"https:\/\/www.iamericas.org\/images\/stories\/webinar.jpg\" alt=\"Webinars\" width=\"160\" height=\"71\" \/><\/a><br \/>\n<strong>Hora<\/strong>: 11am San Diego (2pm New York\/ GMT\/UTC \u2013 8 hours)<br \/>\nContacto: <a style=\"outline: none; text-decoration: none; color: #0358a8;\" href=\"https:\/\/www.iamericas.org\/en\/contact-sp-47665712\/27-alexis-arthur\">Alexis Arthur<\/a><\/p>\n<table style=\"color: #000000; font-family: arial, helvetica, sans-serif; font-size: 13px; line-height: 21px; background-color: #ffffff; width: 84px;\" border=\"0\">\n<tbody>\n<tr>\n<td style=\"text-align: center; background-color: #066999; width: 63px;\"><a style=\"outline: none; text-decoration: none; color: #0358a8;\" href=\"https:\/\/www.iamericas.org\/en\/events\/events-registration?task=individual_registration&amp;event_id=44\"><span style=\"color: #ffffff;\"><strong>Register<\/strong><\/span><\/a><\/td>\n<\/tr>\n<\/tbody>\n<\/table>\n<p style=\"margin: 5px 0px; padding: 0px; color: #000000; font-family: arial, helvetica, sans-serif; font-size: 13px; line-height: 21px; background-color: #ffffff;\"><img fetchpriority=\"high\" decoding=\"async\" style=\"border: 1px solid #000000; max-width: 100%; height: auto; box-sizing: border-box; margin-top: 4px; margin-right: 4px; float: left;\" src=\"https:\/\/www.iamericas.org\/images\/stories\/Energy\/electric_web.jpg\" alt=\"\" width=\"304\" height=\"190\" \/><\/p>\n<p style=\"margin: 5px 0px; padding: 0px; color: #000000; font-family: arial, helvetica, sans-serif; font-size: 13px; line-height: 21px; background-color: #ffffff;\">El 2014 se perfila a ser un gran a\u00f1o para el sector energ\u00e9tico de M\u00e9xico. Las reformas energ\u00e9ticas que se pasaron en diciembre de 2013 han generado mucho optimismo. La reestructuraci\u00f3n de la empresa estatal CFE y las medidas destinadas a impulsar la inversi\u00f3n privada que pretende aumentar la competencia y mejorar el acceso, la fiabilidad y la asequibilidad de la energ\u00eda para la industria mexicana y los consumidores. Pero asi como con el sector petrolero del pa\u00eds mucho depende de la segunda legislaci\u00f3n en lo que se refiere a que significado tendr\u00e1n en la pr\u00e1ctica, tanto para la generaci\u00f3n y transmisi\u00f3n, y el mercado el\u00e9ctrico mexicano en general.<\/p>\n<p style=\"margin: 5px 0px; padding: 0px; color: #000000; font-family: arial, helvetica, sans-serif; font-size: 13px; line-height: 21px; background-color: #ffffff;\">\u00danase el Instituto de las Am\u00e9ricas para una discusi\u00f3n virtual con Nick Puga, socio de Bates White y connotado observador del sector el\u00e9ctrico de M\u00e9xico, quien examinar\u00e1 los pasos a seguir en el sector en\u00e9rgetico de M\u00e9xico que dar\u00e1 luz a las reformas, con un enfoque en las oportunidades para el sector privado y el gobierno mexicano, y qu\u00e9 desaf\u00edos se esperan.<\/p>\n<p style=\"margin: 5px 0px; padding: 0px; color: #000000; font-family: arial, helvetica, sans-serif; font-size: 13px; line-height: 21px; background-color: #ffffff; text-align: center;\"><strong>Patrocinado por:<\/strong><\/p>\n<p style=\"margin: 5px 0px; padding: 0px; color: #000000; font-family: arial, helvetica, sans-serif; font-size: 13px; line-height: 21px; background-color: #ffffff; text-align: center;\"><a style=\"outline: none; text-decoration: none; color: #0358a8;\" href=\"http:\/\/www.bateswhite.com\/home.php\" target=\"_blank\" rel=\"noopener noreferrer\"><strong><img decoding=\"async\" style=\"border: none; max-width: 100%; height: auto; box-sizing: border-box;\" src=\"https:\/\/www.iamericas.org\/images\/stories\/Energy\/Sponsors\/BatesWhite_logo.png\" alt=\"BATES WHITE \" \/><\/strong><\/a><\/p>\n<div id=\"ctl00_ContentPlaceHolder1_ucEventDetail_divGoogleMap\" class=\"topPad\">\n<div id=\"div_GoogleMap\"><\/div>\n<\/div>\n<div class=\"topPad floatL postedBy\">ES-Posted By: ES-N\/A &#8211; mi\u00e9rcoles, 22 enero, 2014 ES-at 12:00<\/div>\n<\/div>\n","protected":false},"excerpt":{"rendered":"<p>viernes, 24 de enero de 2014 2:00 [Seminario Virtual]: Transformaci\u00f3n del Sector Energ\u00e9tico de M\u00e9xico Fecha: 24 de enero Hora: 11am San Diego (2pm New York\/ GMT\/UTC \u2013 8 hours) Contacto: Alexis Arthur Register El 2014 se perfila a ser un gran a\u00f1o para el sector energ\u00e9tico de M\u00e9xico. Las reformas energ\u00e9ticas que se pasaron [&hellip;]<\/p>\n","protected":false},"author":1,"featured_media":0,"comment_status":"open","ping_status":"closed","template":"","tags":[],"mec_category":[],"class_list":["post-4015","mec-events","type-mec-events","status-publish","hentry"],"acf":[],"yoast_head":"<!-- This site is optimized with the Yoast SEO plugin v21.7 - https:\/\/yoast.com\/wordpress\/plugins\/seo\/ -->\n<title>[Seminario Virtual]: Transformaci\u00f3n del Sector Energ\u00e9tico de M\u00e9xico - ECPA - Energy and Climate Partnership of the Americas<\/title>\n<meta name=\"robots\" content=\"index, follow, max-snippet:-1, max-image-preview:large, max-video-preview:-1\" \/>\n<link rel=\"canonical\" href=\"https:\/\/ecpamericas.org\/es\/events\/seminario-virtual-transformacion-del-sector-energetico-de-mexico\/\" \/>\n<meta property=\"og:locale\" content=\"es_ES\" \/>\n<meta property=\"og:type\" content=\"article\" \/>\n<meta property=\"og:title\" content=\"[Seminario Virtual]: Transformaci\u00f3n del Sector Energ\u00e9tico de M\u00e9xico - ECPA - Energy and Climate Partnership of the Americas\" \/>\n<meta property=\"og:description\" content=\"viernes, 24 de enero de 2014 2:00 [Seminario Virtual]: Transformaci\u00f3n del Sector Energ\u00e9tico de M\u00e9xico Fecha: 24 de enero Hora: 11am San Diego (2pm New York\/ GMT\/UTC \u2013 8 hours) Contacto: Alexis Arthur Register El 2014 se perfila a ser un gran a\u00f1o para el sector energ\u00e9tico de M\u00e9xico. Las reformas energ\u00e9ticas que se pasaron [&hellip;]\" \/>\n<meta property=\"og:url\" content=\"https:\/\/ecpamericas.org\/es\/events\/seminario-virtual-transformacion-del-sector-energetico-de-mexico\/\" \/>\n<meta property=\"og:site_name\" content=\"ECPA - Energy and Climate Partnership of the Americas\" \/>\n<meta property=\"article:modified_time\" content=\"2020-12-31T22:40:06+00:00\" \/>\n<meta property=\"og:image\" content=\"https:\/\/www.iamericas.org\/images\/stories\/webinar.jpg\" \/>\n<meta name=\"twitter:card\" content=\"summary_large_image\" \/>\n<meta name=\"twitter:label1\" content=\"Tiempo de lectura\" \/>\n\t<meta name=\"twitter:data1\" content=\"1 minuto\" \/>\n<script type=\"application\/ld+json\" class=\"yoast-schema-graph\">{\"@context\":\"https:\/\/schema.org\",\"@graph\":[{\"@type\":\"WebPage\",\"@id\":\"https:\/\/ecpamericas.org\/es\/events\/seminario-virtual-transformacion-del-sector-energetico-de-mexico\/\",\"url\":\"https:\/\/ecpamericas.org\/es\/events\/seminario-virtual-transformacion-del-sector-energetico-de-mexico\/\",\"name\":\"[Seminario Virtual]: Transformaci\u00f3n del Sector Energ\u00e9tico de M\u00e9xico - ECPA - Energy and Climate Partnership of the Americas\",\"isPartOf\":{\"@id\":\"https:\/\/ecpamericas.org\/es\/#website\"},\"datePublished\":\"2014-01-24T02:00:00+00:00\",\"dateModified\":\"2020-12-31T22:40:06+00:00\",\"breadcrumb\":{\"@id\":\"https:\/\/ecpamericas.org\/es\/events\/seminario-virtual-transformacion-del-sector-energetico-de-mexico\/#breadcrumb\"},\"inLanguage\":\"es\",\"potentialAction\":[{\"@type\":\"ReadAction\",\"target\":[\"https:\/\/ecpamericas.org\/es\/events\/seminario-virtual-transformacion-del-sector-energetico-de-mexico\/\"]}]},{\"@type\":\"BreadcrumbList\",\"@id\":\"https:\/\/ecpamericas.org\/es\/events\/seminario-virtual-transformacion-del-sector-energetico-de-mexico\/#breadcrumb\",\"itemListElement\":[{\"@type\":\"ListItem\",\"position\":1,\"name\":\"Home\",\"item\":\"https:\/\/ecpamericas.org\/es\/\"},{\"@type\":\"ListItem\",\"position\":2,\"name\":\"[Seminario Virtual]: Transformaci\u00f3n del Sector Energ\u00e9tico de M\u00e9xico\"}]},{\"@type\":\"WebSite\",\"@id\":\"https:\/\/ecpamericas.org\/es\/#website\",\"url\":\"https:\/\/ecpamericas.org\/es\/\",\"name\":\"ECPA - Energy and Climate Partnership of the Americas\",\"description\":\"Promoting cooperation for a sustainable energy future in the Americas\",\"potentialAction\":[{\"@type\":\"SearchAction\",\"target\":{\"@type\":\"EntryPoint\",\"urlTemplate\":\"https:\/\/ecpamericas.org\/es\/?s={search_term_string}\"},\"query-input\":\"required name=search_term_string\"}],\"inLanguage\":\"es\"}]}<\/script>\n<!-- \/ Yoast SEO plugin. -->","yoast_head_json":{"title":"[Seminario Virtual]: Transformaci\u00f3n del Sector Energ\u00e9tico de M\u00e9xico - ECPA - Energy and Climate Partnership of the Americas","robots":{"index":"index","follow":"follow","max-snippet":"max-snippet:-1","max-image-preview":"max-image-preview:large","max-video-preview":"max-video-preview:-1"},"canonical":"https:\/\/ecpamericas.org\/es\/events\/seminario-virtual-transformacion-del-sector-energetico-de-mexico\/","og_locale":"es_ES","og_type":"article","og_title":"[Seminario Virtual]: Transformaci\u00f3n del Sector Energ\u00e9tico de M\u00e9xico - ECPA - Energy and Climate Partnership of the Americas","og_description":"viernes, 24 de enero de 2014 2:00 [Seminario Virtual]: Transformaci\u00f3n del Sector Energ\u00e9tico de M\u00e9xico Fecha: 24 de enero Hora: 11am San Diego (2pm New York\/ GMT\/UTC \u2013 8 hours) Contacto: Alexis Arthur Register El 2014 se perfila a ser un gran a\u00f1o para el sector energ\u00e9tico de M\u00e9xico. Las reformas energ\u00e9ticas que se pasaron [&hellip;]","og_url":"https:\/\/ecpamericas.org\/es\/events\/seminario-virtual-transformacion-del-sector-energetico-de-mexico\/","og_site_name":"ECPA - Energy and Climate Partnership of the Americas","article_modified_time":"2020-12-31T22:40:06+00:00","og_image":[{"url":"https:\/\/www.iamericas.org\/images\/stories\/webinar.jpg"}],"twitter_card":"summary_large_image","twitter_misc":{"Tiempo de lectura":"1 minuto"},"schema":{"@context":"https:\/\/schema.org","@graph":[{"@type":"WebPage","@id":"https:\/\/ecpamericas.org\/es\/events\/seminario-virtual-transformacion-del-sector-energetico-de-mexico\/","url":"https:\/\/ecpamericas.org\/es\/events\/seminario-virtual-transformacion-del-sector-energetico-de-mexico\/","name":"[Seminario Virtual]: Transformaci\u00f3n del Sector Energ\u00e9tico de M\u00e9xico - ECPA - Energy and Climate Partnership of the Americas","isPartOf":{"@id":"https:\/\/ecpamericas.org\/es\/#website"},"datePublished":"2014-01-24T02:00:00+00:00","dateModified":"2020-12-31T22:40:06+00:00","breadcrumb":{"@id":"https:\/\/ecpamericas.org\/es\/events\/seminario-virtual-transformacion-del-sector-energetico-de-mexico\/#breadcrumb"},"inLanguage":"es","potentialAction":[{"@type":"ReadAction","target":["https:\/\/ecpamericas.org\/es\/events\/seminario-virtual-transformacion-del-sector-energetico-de-mexico\/"]}]},{"@type":"BreadcrumbList","@id":"https:\/\/ecpamericas.org\/es\/events\/seminario-virtual-transformacion-del-sector-energetico-de-mexico\/#breadcrumb","itemListElement":[{"@type":"ListItem","position":1,"name":"Home","item":"https:\/\/ecpamericas.org\/es\/"},{"@type":"ListItem","position":2,"name":"[Seminario Virtual]: Transformaci\u00f3n del Sector Energ\u00e9tico de M\u00e9xico"}]},{"@type":"WebSite","@id":"https:\/\/ecpamericas.org\/es\/#website","url":"https:\/\/ecpamericas.org\/es\/","name":"ECPA - Energy and Climate Partnership of the Americas","description":"Promoting cooperation for a sustainable energy future in the Americas","potentialAction":[{"@type":"SearchAction","target":{"@type":"EntryPoint","urlTemplate":"https:\/\/ecpamericas.org\/es\/?s={search_term_string}"},"query-input":"required name=search_term_string"}],"inLanguage":"es"}]}},"_links":{"self":[{"href":"https:\/\/ecpamericas.org\/es\/wp-json\/wp\/v2\/mec-events\/4015","targetHints":{"allow":["GET"]}}],"collection":[{"href":"https:\/\/ecpamericas.org\/es\/wp-json\/wp\/v2\/mec-events"}],"about":[{"href":"https:\/\/ecpamericas.org\/es\/wp-json\/wp\/v2\/types\/mec-events"}],"author":[{"embeddable":true,"href":"https:\/\/ecpamericas.org\/es\/wp-json\/wp\/v2\/users\/1"}],"replies":[{"embeddable":true,"href":"https:\/\/ecpamericas.org\/es\/wp-json\/wp\/v2\/comments?post=4015"}],"wp:attachment":[{"href":"https:\/\/ecpamericas.org\/es\/wp-json\/wp\/v2\/media?parent=4015"}],"wp:term":[{"taxonomy":"post_tag","embeddable":true,"href":"https:\/\/ecpamericas.org\/es\/wp-json\/wp\/v2\/tags?post=4015"},{"taxonomy":"mec_category","embeddable":true,"href":"https:\/\/ecpamericas.org\/es\/wp-json\/wp\/v2\/mec_category?post=4015"}],"curies":[{"name":"wp","href":"https:\/\/api.w.org\/{rel}","templated":true}]}}

[Seminario Virtual]: Transformación del Sector Energético de México

<div id="ctl00_ContentPlaceHolder1_ucEventDetail_divEventItem" class="item">
<div class="date" style="font-style: italic; font-size: 14px;">viernes, 24 de enero de 2014 2:00</div>
<h2 style="margin: 25px 0 35px 0;">[Seminario Virtual]: Transformación del Sector Energético de México</h2>
<p style="margin: 5px 0px; padding: 0px; color: #000000; font-family: arial, helvetica, sans-serif; font-size: 13px; line-height: 21px; background-color: #ffffff;"><strong>Fecha</strong>: 24 de enero <a style="outline: none; text-decoration: none; color: #0358a8;" href="https://www.iamericas.org/sponsorships/IOA_2014_Energy_Webinar_Series.pdf"><img decoding="async" style="border: 1px solid #000000; max-width: 100%; height: auto; box-sizing: border-box; float: right;" src="https://www.iamericas.org/images/stories/webinar.jpg" alt="Webinars" width="160" height="71" /></a><br />
<strong>Hora</strong>: 11am San Diego (2pm New York/ GMT/UTC – 8 hours)<br />
Contacto: <a style="outline: none; text-decoration: none; color: #0358a8;" href="https://www.iamericas.org/en/contact-sp-47665712/27-alexis-arthur">Alexis Arthur</a></p>
<table style="color: #000000; font-family: arial, helvetica, sans-serif; font-size: 13px; line-height: 21px; background-color: #ffffff; width: 84px;" border="0">
<tbody>
<tr>
<td style="text-align: center; background-color: #066999; width: 63px;"><a style="outline: none; text-decoration: none; color: #0358a8;" href="https://www.iamericas.org/en/events/events-registration?task=individual_registration&amp;event_id=44"><span style="color: #ffffff;"><strong>Register</strong></span></a></td>
</tr>
</tbody>
</table>
<p style="margin: 5px 0px; padding: 0px; color: #000000; font-family: arial, helvetica, sans-serif; font-size: 13px; line-height: 21px; background-color: #ffffff;"><img fetchpriority="high" decoding="async" style="border: 1px solid #000000; max-width: 100%; height: auto; box-sizing: border-box; margin-top: 4px; margin-right: 4px; float: left;" src="https://www.iamericas.org/images/stories/Energy/electric_web.jpg" alt="" width="304" height="190" /></p>
<p style="margin: 5px 0px; padding: 0px; color: #000000; font-family: arial, helvetica, sans-serif; font-size: 13px; line-height: 21px; background-color: #ffffff;">El 2014 se perfila a ser un gran año para el sector energético de México. Las reformas energéticas que se pasaron en diciembre de 2013 han generado mucho optimismo. La reestructuración de la empresa estatal CFE y las medidas destinadas a impulsar la inversión privada que pretende aumentar la competencia y mejorar el acceso, la fiabilidad y la asequibilidad de la energía para la industria mexicana y los consumidores. Pero asi como con el sector petrolero del país mucho depende de la segunda legislación en lo que se refiere a que significado tendrán en la práctica, tanto para la generación y transmisión, y el mercado eléctrico mexicano en general.</p>
<p style="margin: 5px 0px; padding: 0px; color: #000000; font-family: arial, helvetica, sans-serif; font-size: 13px; line-height: 21px; background-color: #ffffff;">Únase el Instituto de las Américas para una discusión virtual con Nick Puga, socio de Bates White y connotado observador del sector eléctrico de México, quien examinará los pasos a seguir en el sector enérgetico de México que dará luz a las reformas, con un enfoque en las oportunidades para el sector privado y el gobierno mexicano, y qué desafíos se esperan.</p>
<p style="margin: 5px 0px; padding: 0px; color: #000000; font-family: arial, helvetica, sans-serif; font-size: 13px; line-height: 21px; background-color: #ffffff; text-align: center;"><strong>Patrocinado por:</strong></p>
<p style="margin: 5px 0px; padding: 0px; color: #000000; font-family: arial, helvetica, sans-serif; font-size: 13px; line-height: 21px; background-color: #ffffff; text-align: center;"><a style="outline: none; text-decoration: none; color: #0358a8;" href="http://www.bateswhite.com/home.php" target="_blank" rel="noopener noreferrer"><strong><img decoding="async" style="border: none; max-width: 100%; height: auto; box-sizing: border-box;" src="https://www.iamericas.org/images/stories/Energy/Sponsors/BatesWhite_logo.png" alt="BATES WHITE " /></strong></a></p>
<div id="ctl00_ContentPlaceHolder1_ucEventDetail_divGoogleMap" class="topPad">
<div id="div_GoogleMap"></div>
</div>
<div class="topPad floatL postedBy">ES-Posted By: ES-N/A &#8211; miércoles, 22 enero, 2014 ES-at 12:00</div>
</div>

<p>viernes, 24 de enero de 2014 2:00 [Seminario Virtual]: Transformación del Sector Energético de México Fecha: 24 de enero Hora: 11am San Diego (2pm New York/ GMT/UTC – 8 hours) Contacto: Alexis Arthur Register El 2014 se perfila a ser un gran año para el sector energético de México. Las reformas energéticas que se pasaron [&hellip;]</p>

<!-- This site is optimized with the Yoast SEO plugin v21.7 - https://yoast.com/wordpress/plugins/seo/ -->
<title>[Seminario Virtual]: Transformación del Sector Energético de México - ECPA - Energy and Climate Partnership of the Americas</title>
<meta name="robots" content="index, follow, max-snippet:-1, max-image-preview:large, max-video-preview:-1" />
<link rel="canonical" href="https://ecpamericas.org/es/events/seminario-virtual-transformacion-del-sector-energetico-de-mexico/" />
<meta property="og:locale" content="es_ES" />
<meta property="og:type" content="article" />
<meta property="og:title" content="[Seminario Virtual]: Transformación del Sector Energético de México - ECPA - Energy and Climate Partnership of the Americas" />
<meta property="og:description" content="viernes, 24 de enero de 2014 2:00 [Seminario Virtual]: Transformación del Sector Energético de México Fecha: 24 de enero Hora: 11am San Diego (2pm New York/ GMT/UTC – 8 hours) Contacto: Alexis Arthur Register El 2014 se perfila a ser un gran año para el sector energético de México. Las reformas energéticas que se pasaron [&hellip;]" />
<meta property="og:url" content="https://ecpamericas.org/es/events/seminario-virtual-transformacion-del-sector-energetico-de-mexico/" />
<meta property="og:site_name" content="ECPA - Energy and Climate Partnership of the Americas" />
<meta property="article:modified_time" content="2020-12-31T22:40:06+00:00" />
<meta property="og:image" content="https://www.iamericas.org/images/stories/webinar.jpg" />
<meta name="twitter:card" content="summary_large_image" />
<meta name="twitter:label1" content="Tiempo de lectura" />
	<meta name="twitter:data1" content="1 minuto" />
<script type="application/ld+json" class="yoast-schema-graph">{"@context":"https://schema.org","@graph":[{"@type":"WebPage","@id":"https://ecpamericas.org/es/events/seminario-virtual-transformacion-del-sector-energetico-de-mexico/","url":"https://ecpamericas.org/es/events/seminario-virtual-transformacion-del-sector-energetico-de-mexico/","name":"[Seminario Virtual]: Transformación del Sector Energético de México - ECPA - Energy and Climate Partnership of the Americas","isPartOf":{"@id":"https://ecpamericas.org/es/#website"},"datePublished":"2014-01-24T02:00:00+00:00","dateModified":"2020-12-31T22:40:06+00:00","breadcrumb":{"@id":"https://ecpamericas.org/es/events/seminario-virtual-transformacion-del-sector-energetico-de-mexico/#breadcrumb"},"inLanguage":"es","potentialAction":[{"@type":"ReadAction","target":["https://ecpamericas.org/es/events/seminario-virtual-transformacion-del-sector-energetico-de-mexico/"]}]},{"@type":"BreadcrumbList","@id":"https://ecpamericas.org/es/events/seminario-virtual-transformacion-del-sector-energetico-de-mexico/#breadcrumb","itemListElement":[{"@type":"ListItem","position":1,"name":"Home","item":"https://ecpamericas.org/es/"},{"@type":"ListItem","position":2,"name":"[Seminario Virtual]: Transformación del Sector Energético de México"}]},{"@type":"WebSite","@id":"https://ecpamericas.org/es/#website","url":"https://ecpamericas.org/es/","name":"ECPA - Energy and Climate Partnership of the Americas","description":"Promoting cooperation for a sustainable energy future in the Americas","potentialAction":[{"@type":"SearchAction","target":{"@type":"EntryPoint","urlTemplate":"https://ecpamericas.org/es/?s={search_term_string}"},"query-input":"required name=search_term_string"}],"inLanguage":"es"}]}</script>
<!-- / Yoast SEO plugin. -->

[Seminario Virtual]: Transformación del Sector Energético de México - ECPA - Energy and Climate Partnership of the Americas

viernes, 24 de enero de 2014 2:00 [Seminario Virtual]: Transformación del Sector Energético de México Fecha: 24 de enero Hora: 11am San Diego (2pm New York/ GMT/UTC – 8 hours) Contacto: Alexis Arthur Register El 2014 se perfila a ser un gran año para el sector energético de México. Las reformas energéticas que se pasaron [&hellip;]
