{"id":3977,"date":"2014-10-08T08:30:00","date_gmt":"2014-10-08T08:30:00","guid":{"rendered":"https:\/\/ecpamericas.org\/events\/viii-foro-de-competitividad-de-las-americas\/"},"modified":"2020-12-31T17:26:34","modified_gmt":"2020-12-31T22:26:34","slug":"viii-foro-de-competitividad-de-las-americas","status":"publish","type":"mec-events","link":"https:\/\/ecpamericas.org\/es\/events\/viii-foro-de-competitividad-de-las-americas\/","title":{"rendered":"VIII Foro de Competitividad de las Am\u00e9ricas"},"content":{"rendered":"<div id=\"ctl00_ContentPlaceHolder1_ucEventDetail_divEventItem\" class=\"item\">\n<div class=\"date\" style=\"font-style: italic; font-size: 14px;\">mi\u00e9rcoles, 8 de octubre de 2014 8:30 &#8211; viernes, 10 de octubre de 2014<\/div>\n<h2 style=\"margin: 25px 0 35px 0;\">VIII Foro de Competitividad de las Am\u00e9ricas<\/h2>\n<p><img decoding=\"async\" src=\"https:\/\/ecpamericas.org\/data\/images\/event_images\/2014%20events\/Screen%20Shot%202014-09-15%20at%2011.10.19%20AM.png\" alt=\"\" \/><br \/>\nEl VIII Foro de Competitividad de las Am\u00e9ricas tomar\u00e1 lugar el 8 de octubre en Trinidad y Tobago en el Hyatt Regency Trinidad. Haz clic <a href=\"http:\/\/competitivenessforum.org\/\">aqu\u00ed<\/a> para m\u00e1s informaci\u00f3n.<\/p>\n<p>El Foro de Competitividad de las Am\u00e9ricas (FCA) es el evento mas relevante del hemisferio occidental para l\u00edderes del sector publico y privado para discutir m\u00e9todos innovadores para mejorar la competitividad econ\u00f3mica y promover la innovaci\u00f3n en las Am\u00e9ricas.<\/p>\n<p>El FCA se distingue de otras reuniones internacionales por promover enfoques novedosos para mejorar la competitividad econ\u00f3mica, a la vez que provee oportunidades de negocios e inversi\u00f3n.<\/p>\n<p>El Foro re\u00fane a m\u00e1s de 1,000 l\u00edderes de las 34 naciones de las Am\u00e9ricas, incluyendo Jefes de Estado, miembros de gabinetes ministeriales, l\u00edderes empresariales, delegados comerciales, acad\u00e9micos y representantes de consejos p\u00fablicos y privados de competitividad, organizaciones no gubernamentales e internacionales de la regi\u00f3n. El FCA provee una plataforma de di\u00e1logo sobre la forma de mejorar la habilidad de la regi\u00f3n para competir con m\u00e1s \u00e9xito en el contexto econ\u00f3mico actual.<\/p>\n<div id=\"ctl00_ContentPlaceHolder1_ucEventDetail_divGoogleMap\" class=\"topPad\">\n<div id=\"div_GoogleMap\"><\/div>\n<\/div>\n<div class=\"topPad floatL postedBy\">ES-Posted By: ES-N\/A &#8211; lunes, 15 septiembre, 2014 ES-at 12:00<\/div>\n<\/div>\n","protected":false},"excerpt":{"rendered":"<p>mi\u00e9rcoles, 8 de octubre de 2014 8:30 &#8211; viernes, 10 de octubre de 2014 VIII Foro de Competitividad de las Am\u00e9ricas El VIII Foro de Competitividad de las Am\u00e9ricas tomar\u00e1 lugar el 8 de octubre en Trinidad y Tobago en el Hyatt Regency Trinidad. Haz clic aqu\u00ed para m\u00e1s informaci\u00f3n. El Foro de Competitividad de [&hellip;]<\/p>\n","protected":false},"author":1,"featured_media":0,"comment_status":"open","ping_status":"closed","template":"","tags":[],"mec_category":[],"class_list":["post-3977","mec-events","type-mec-events","status-publish","hentry"],"acf":[],"yoast_head":"<!-- This site is optimized with the Yoast SEO plugin v21.7 - https:\/\/yoast.com\/wordpress\/plugins\/seo\/ -->\n<title>VIII Foro de Competitividad de las Am\u00e9ricas - ECPA - Energy and Climate Partnership of the Americas<\/title>\n<meta name=\"robots\" content=\"index, follow, max-snippet:-1, max-image-preview:large, max-video-preview:-1\" \/>\n<link rel=\"canonical\" href=\"https:\/\/ecpamericas.org\/es\/events\/viii-foro-de-competitividad-de-las-americas\/\" \/>\n<meta property=\"og:locale\" content=\"es_ES\" \/>\n<meta property=\"og:type\" content=\"article\" \/>\n<meta property=\"og:title\" content=\"VIII Foro de Competitividad de las Am\u00e9ricas - ECPA - Energy and Climate Partnership of the Americas\" \/>\n<meta property=\"og:description\" content=\"mi\u00e9rcoles, 8 de octubre de 2014 8:30 &#8211; viernes, 10 de octubre de 2014 VIII Foro de Competitividad de las Am\u00e9ricas El VIII Foro de Competitividad de las Am\u00e9ricas tomar\u00e1 lugar el 8 de octubre en Trinidad y Tobago en el Hyatt Regency Trinidad. Haz clic aqu\u00ed para m\u00e1s informaci\u00f3n. El Foro de Competitividad de [&hellip;]\" \/>\n<meta property=\"og:url\" content=\"https:\/\/ecpamericas.org\/es\/events\/viii-foro-de-competitividad-de-las-americas\/\" \/>\n<meta property=\"og:site_name\" content=\"ECPA - Energy and Climate Partnership of the Americas\" \/>\n<meta property=\"article:modified_time\" content=\"2020-12-31T22:26:34+00:00\" \/>\n<meta property=\"og:image\" content=\"https:\/\/ecpamericas.org\/data\/images\/event_images\/2014%20events\/Screen%20Shot%202014-09-15%20at%2011.10.19%20AM.png\" \/>\n<meta name=\"twitter:card\" content=\"summary_large_image\" \/>\n<meta name=\"twitter:label1\" content=\"Tiempo de lectura\" \/>\n\t<meta name=\"twitter:data1\" content=\"1 minuto\" \/>\n<script type=\"application\/ld+json\" class=\"yoast-schema-graph\">{\"@context\":\"https:\/\/schema.org\",\"@graph\":[{\"@type\":\"WebPage\",\"@id\":\"https:\/\/ecpamericas.org\/es\/events\/viii-foro-de-competitividad-de-las-americas\/\",\"url\":\"https:\/\/ecpamericas.org\/es\/events\/viii-foro-de-competitividad-de-las-americas\/\",\"name\":\"VIII Foro de Competitividad de las Am\u00e9ricas - ECPA - Energy and Climate Partnership of the Americas\",\"isPartOf\":{\"@id\":\"https:\/\/ecpamericas.org\/es\/#website\"},\"datePublished\":\"2014-10-08T08:30:00+00:00\",\"dateModified\":\"2020-12-31T22:26:34+00:00\",\"breadcrumb\":{\"@id\":\"https:\/\/ecpamericas.org\/es\/events\/viii-foro-de-competitividad-de-las-americas\/#breadcrumb\"},\"inLanguage\":\"es\",\"potentialAction\":[{\"@type\":\"ReadAction\",\"target\":[\"https:\/\/ecpamericas.org\/es\/events\/viii-foro-de-competitividad-de-las-americas\/\"]}]},{\"@type\":\"BreadcrumbList\",\"@id\":\"https:\/\/ecpamericas.org\/es\/events\/viii-foro-de-competitividad-de-las-americas\/#breadcrumb\",\"itemListElement\":[{\"@type\":\"ListItem\",\"position\":1,\"name\":\"Home\",\"item\":\"https:\/\/ecpamericas.org\/es\/\"},{\"@type\":\"ListItem\",\"position\":2,\"name\":\"VIII Foro de Competitividad de las Am\u00e9ricas\"}]},{\"@type\":\"WebSite\",\"@id\":\"https:\/\/ecpamericas.org\/es\/#website\",\"url\":\"https:\/\/ecpamericas.org\/es\/\",\"name\":\"ECPA - Energy and Climate Partnership of the Americas\",\"description\":\"Promoting cooperation for a sustainable energy future in the Americas\",\"potentialAction\":[{\"@type\":\"SearchAction\",\"target\":{\"@type\":\"EntryPoint\",\"urlTemplate\":\"https:\/\/ecpamericas.org\/es\/?s={search_term_string}\"},\"query-input\":\"required name=search_term_string\"}],\"inLanguage\":\"es\"}]}<\/script>\n<!-- \/ Yoast SEO plugin. -->","yoast_head_json":{"title":"VIII Foro de Competitividad de las Am\u00e9ricas - ECPA - Energy and Climate Partnership of the Americas","robots":{"index":"index","follow":"follow","max-snippet":"max-snippet:-1","max-image-preview":"max-image-preview:large","max-video-preview":"max-video-preview:-1"},"canonical":"https:\/\/ecpamericas.org\/es\/events\/viii-foro-de-competitividad-de-las-americas\/","og_locale":"es_ES","og_type":"article","og_title":"VIII Foro de Competitividad de las Am\u00e9ricas - ECPA - Energy and Climate Partnership of the Americas","og_description":"mi\u00e9rcoles, 8 de octubre de 2014 8:30 &#8211; viernes, 10 de octubre de 2014 VIII Foro de Competitividad de las Am\u00e9ricas El VIII Foro de Competitividad de las Am\u00e9ricas tomar\u00e1 lugar el 8 de octubre en Trinidad y Tobago en el Hyatt Regency Trinidad. Haz clic aqu\u00ed para m\u00e1s informaci\u00f3n. El Foro de Competitividad de [&hellip;]","og_url":"https:\/\/ecpamericas.org\/es\/events\/viii-foro-de-competitividad-de-las-americas\/","og_site_name":"ECPA - Energy and Climate Partnership of the Americas","article_modified_time":"2020-12-31T22:26:34+00:00","og_image":[{"url":"https:\/\/ecpamericas.org\/data\/images\/event_images\/2014%20events\/Screen%20Shot%202014-09-15%20at%2011.10.19%20AM.png"}],"twitter_card":"summary_large_image","twitter_misc":{"Tiempo de lectura":"1 minuto"},"schema":{"@context":"https:\/\/schema.org","@graph":[{"@type":"WebPage","@id":"https:\/\/ecpamericas.org\/es\/events\/viii-foro-de-competitividad-de-las-americas\/","url":"https:\/\/ecpamericas.org\/es\/events\/viii-foro-de-competitividad-de-las-americas\/","name":"VIII Foro de Competitividad de las Am\u00e9ricas - ECPA - Energy and Climate Partnership of the Americas","isPartOf":{"@id":"https:\/\/ecpamericas.org\/es\/#website"},"datePublished":"2014-10-08T08:30:00+00:00","dateModified":"2020-12-31T22:26:34+00:00","breadcrumb":{"@id":"https:\/\/ecpamericas.org\/es\/events\/viii-foro-de-competitividad-de-las-americas\/#breadcrumb"},"inLanguage":"es","potentialAction":[{"@type":"ReadAction","target":["https:\/\/ecpamericas.org\/es\/events\/viii-foro-de-competitividad-de-las-americas\/"]}]},{"@type":"BreadcrumbList","@id":"https:\/\/ecpamericas.org\/es\/events\/viii-foro-de-competitividad-de-las-americas\/#breadcrumb","itemListElement":[{"@type":"ListItem","position":1,"name":"Home","item":"https:\/\/ecpamericas.org\/es\/"},{"@type":"ListItem","position":2,"name":"VIII Foro de Competitividad de las Am\u00e9ricas"}]},{"@type":"WebSite","@id":"https:\/\/ecpamericas.org\/es\/#website","url":"https:\/\/ecpamericas.org\/es\/","name":"ECPA - Energy and Climate Partnership of the Americas","description":"Promoting cooperation for a sustainable energy future in the Americas","potentialAction":[{"@type":"SearchAction","target":{"@type":"EntryPoint","urlTemplate":"https:\/\/ecpamericas.org\/es\/?s={search_term_string}"},"query-input":"required name=search_term_string"}],"inLanguage":"es"}]}},"_links":{"self":[{"href":"https:\/\/ecpamericas.org\/es\/wp-json\/wp\/v2\/mec-events\/3977","targetHints":{"allow":["GET"]}}],"collection":[{"href":"https:\/\/ecpamericas.org\/es\/wp-json\/wp\/v2\/mec-events"}],"about":[{"href":"https:\/\/ecpamericas.org\/es\/wp-json\/wp\/v2\/types\/mec-events"}],"author":[{"embeddable":true,"href":"https:\/\/ecpamericas.org\/es\/wp-json\/wp\/v2\/users\/1"}],"replies":[{"embeddable":true,"href":"https:\/\/ecpamericas.org\/es\/wp-json\/wp\/v2\/comments?post=3977"}],"wp:attachment":[{"href":"https:\/\/ecpamericas.org\/es\/wp-json\/wp\/v2\/media?parent=3977"}],"wp:term":[{"taxonomy":"post_tag","embeddable":true,"href":"https:\/\/ecpamericas.org\/es\/wp-json\/wp\/v2\/tags?post=3977"},{"taxonomy":"mec_category","embeddable":true,"href":"https:\/\/ecpamericas.org\/es\/wp-json\/wp\/v2\/mec_category?post=3977"}],"curies":[{"name":"wp","href":"https:\/\/api.w.org\/{rel}","templated":true}]}}

VIII Foro de Competitividad de las Américas

<div id="ctl00_ContentPlaceHolder1_ucEventDetail_divEventItem" class="item">
<div class="date" style="font-style: italic; font-size: 14px;">miércoles, 8 de octubre de 2014 8:30 &#8211; viernes, 10 de octubre de 2014</div>
<h2 style="margin: 25px 0 35px 0;">VIII Foro de Competitividad de las Américas</h2>
<p><img decoding="async" src="https://ecpamericas.org/data/images/event_images/2014%20events/Screen%20Shot%202014-09-15%20at%2011.10.19%20AM.png" alt="" /><br />
El VIII Foro de Competitividad de las Américas tomará lugar el 8 de octubre en Trinidad y Tobago en el Hyatt Regency Trinidad. Haz clic <a href="http://competitivenessforum.org/">aquí</a> para más información.</p>
<p>El Foro de Competitividad de las Américas (FCA) es el evento mas relevante del hemisferio occidental para líderes del sector publico y privado para discutir métodos innovadores para mejorar la competitividad económica y promover la innovación en las Américas.</p>
<p>El FCA se distingue de otras reuniones internacionales por promover enfoques novedosos para mejorar la competitividad económica, a la vez que provee oportunidades de negocios e inversión.</p>
<p>El Foro reúne a más de 1,000 líderes de las 34 naciones de las Américas, incluyendo Jefes de Estado, miembros de gabinetes ministeriales, líderes empresariales, delegados comerciales, académicos y representantes de consejos públicos y privados de competitividad, organizaciones no gubernamentales e internacionales de la región. El FCA provee una plataforma de diálogo sobre la forma de mejorar la habilidad de la región para competir con más éxito en el contexto económico actual.</p>
<div id="ctl00_ContentPlaceHolder1_ucEventDetail_divGoogleMap" class="topPad">
<div id="div_GoogleMap"></div>
</div>
<div class="topPad floatL postedBy">ES-Posted By: ES-N/A &#8211; lunes, 15 septiembre, 2014 ES-at 12:00</div>
</div>

<p>miércoles, 8 de octubre de 2014 8:30 &#8211; viernes, 10 de octubre de 2014 VIII Foro de Competitividad de las Américas El VIII Foro de Competitividad de las Américas tomará lugar el 8 de octubre en Trinidad y Tobago en el Hyatt Regency Trinidad. Haz clic aquí para más información. El Foro de Competitividad de [&hellip;]</p>

<!-- This site is optimized with the Yoast SEO plugin v21.7 - https://yoast.com/wordpress/plugins/seo/ -->
<title>VIII Foro de Competitividad de las Américas - ECPA - Energy and Climate Partnership of the Americas</title>
<meta name="robots" content="index, follow, max-snippet:-1, max-image-preview:large, max-video-preview:-1" />
<link rel="canonical" href="https://ecpamericas.org/es/events/viii-foro-de-competitividad-de-las-americas/" />
<meta property="og:locale" content="es_ES" />
<meta property="og:type" content="article" />
<meta property="og:title" content="VIII Foro de Competitividad de las Américas - ECPA - Energy and Climate Partnership of the Americas" />
<meta property="og:description" content="miércoles, 8 de octubre de 2014 8:30 &#8211; viernes, 10 de octubre de 2014 VIII Foro de Competitividad de las Américas El VIII Foro de Competitividad de las Américas tomará lugar el 8 de octubre en Trinidad y Tobago en el Hyatt Regency Trinidad. Haz clic aquí para más información. El Foro de Competitividad de [&hellip;]" />
<meta property="og:url" content="https://ecpamericas.org/es/events/viii-foro-de-competitividad-de-las-americas/" />
<meta property="og:site_name" content="ECPA - Energy and Climate Partnership of the Americas" />
<meta property="article:modified_time" content="2020-12-31T22:26:34+00:00" />
<meta property="og:image" content="https://ecpamericas.org/data/images/event_images/2014%20events/Screen%20Shot%202014-09-15%20at%2011.10.19%20AM.png" />
<meta name="twitter:card" content="summary_large_image" />
<meta name="twitter:label1" content="Tiempo de lectura" />
	<meta name="twitter:data1" content="1 minuto" />
<script type="application/ld+json" class="yoast-schema-graph">{"@context":"https://schema.org","@graph":[{"@type":"WebPage","@id":"https://ecpamericas.org/es/events/viii-foro-de-competitividad-de-las-americas/","url":"https://ecpamericas.org/es/events/viii-foro-de-competitividad-de-las-americas/","name":"VIII Foro de Competitividad de las Américas - ECPA - Energy and Climate Partnership of the Americas","isPartOf":{"@id":"https://ecpamericas.org/es/#website"},"datePublished":"2014-10-08T08:30:00+00:00","dateModified":"2020-12-31T22:26:34+00:00","breadcrumb":{"@id":"https://ecpamericas.org/es/events/viii-foro-de-competitividad-de-las-americas/#breadcrumb"},"inLanguage":"es","potentialAction":[{"@type":"ReadAction","target":["https://ecpamericas.org/es/events/viii-foro-de-competitividad-de-las-americas/"]}]},{"@type":"BreadcrumbList","@id":"https://ecpamericas.org/es/events/viii-foro-de-competitividad-de-las-americas/#breadcrumb","itemListElement":[{"@type":"ListItem","position":1,"name":"Home","item":"https://ecpamericas.org/es/"},{"@type":"ListItem","position":2,"name":"VIII Foro de Competitividad de las Américas"}]},{"@type":"WebSite","@id":"https://ecpamericas.org/es/#website","url":"https://ecpamericas.org/es/","name":"ECPA - Energy and Climate Partnership of the Americas","description":"Promoting cooperation for a sustainable energy future in the Americas","potentialAction":[{"@type":"SearchAction","target":{"@type":"EntryPoint","urlTemplate":"https://ecpamericas.org/es/?s={search_term_string}"},"query-input":"required name=search_term_string"}],"inLanguage":"es"}]}</script>
<!-- / Yoast SEO plugin. -->

VIII Foro de Competitividad de las Américas - ECPA - Energy and Climate Partnership of the Americas

miércoles, 8 de octubre de 2014 8:30 &#8211; viernes, 10 de octubre de 2014 VIII Foro de Competitividad de las Américas El VIII Foro de Competitividad de las Américas tomará lugar el 8 de octubre en Trinidad y Tobago en el Hyatt Regency Trinidad. Haz clic aquí para más información. El Foro de Competitividad de [&hellip;]
