{"id":3975,"date":"2014-10-08T00:00:00","date_gmt":"2014-10-08T00:00:00","guid":{"rendered":"https:\/\/ecpamericas.org\/events\/tercer-taller-regional-de-la-plataforma-leds-lac\/"},"modified":"2020-12-31T17:26:45","modified_gmt":"2020-12-31T22:26:45","slug":"tercer-taller-regional-de-la-plataforma-leds-lac","status":"publish","type":"mec-events","link":"https:\/\/ecpamericas.org\/es\/events\/tercer-taller-regional-de-la-plataforma-leds-lac\/","title":{"rendered":"Tercer Taller Regional de la Plataforma LEDS LAC"},"content":{"rendered":"<div id=\"ctl00_ContentPlaceHolder1_ucEventDetail_divEventItem\" class=\"item\">\n<div class=\"date\" style=\"font-style: italic; font-size: 14px;\">mi\u00e9rcoles, 8 de octubre de 2014 &#8211; viernes, 10 de octubre de 2014<\/div>\n<h2 style=\"margin: 25px 0 35px 0;\">Tercer Taller Regional de la Plataforma LEDS LAC<\/h2>\n<div class=\"chapo\">\n<p>08 al 10 de octubre de 2014<br class=\"autobr\" \/><br \/>\nLugar: CEPAL (Av. Dag Hammarskj\u00f6ld 3477, Vitacura, Santiago de Chile)<\/p>\n<\/div>\n<div class=\"texte\">\n<p>Del 08 al 10 de octubre de 2014 se llevar\u00e1 a cabo en Santiago de Chile el Tercer Taller Regional de la Plataforma: \u201cLEDS en Latinoam\u00e9rica y El Caribe: De la planificaci\u00f3n a la implementaci\u00f3n\u00bb que est\u00e1 siendo organizado de manera conjunta con la Divisi\u00f3n de Desarrollo Sostenible y Asentamientos Humanos de la de la Comisi\u00f3n Econ\u00f3mica para Am\u00e9rica Latina y el Caribe (CEPAL) y la Oficina de Cambio Clim\u00e1tico del Ministerio de Medio Ambiente de Chile.<\/p>\n<p>Este evento proporcionar\u00e1 un foro para que funcionarios de Gobierno, organizaciones internacionales, expertos t\u00e9cnicos y otros actores en la regi\u00f3n puedan compartir experiencias y mejores pr\u00e1cticas, participar en capacitaciones, establecer nexos de colaboraci\u00f3n, y encontrar formas innovadoras para avanzar en materia de desarrollo bajo en emisiones y resiliente al cambio clim\u00e1tico.<\/p>\n<p>Asimismo, se buscar\u00e1 ir consolidando la construcci\u00f3n de una visi\u00f3n compartida, buscar sinergias con otras iniciativas regionales, y ahondar en las prioridades, servicios y actividades colaborativas que ser\u00e1n abordadas por la Plataforma Regional y su plataforma global en el 2015 en respuesta a necesidades comunes de los pa\u00edses de la regi\u00f3n.<\/p>\n<p>EL III Taller es organizado por el Ministerio de Medio Ambiente de Chile, la Comisi\u00f3n Econ\u00f3mica para Am\u00e9rica Latina y el Caribe (CEPAL) y la Plataforma Regional de Latinoam\u00e9rica y el Caribe (LEDS LAC).<\/p>\n<h3 class=\"spip\">Objetivos del taller<\/h3>\n<ul class=\"spip\">\n<li>Promover el desarrollo bajo en emisiones con enfoque de resiliencia a trav\u00e9s del intercambio de enfoques, experiencias, conocimientos y buenas pr\u00e1cticas entre expertos de la regi\u00f3n LAC y el mundo, relacionados especialmente a los temas priorizados por la plataforma.<\/li>\n<li>Socializar y fortalecer iniciativas en marcha relacionadas al desarrollo bajo en emisiones (LEDS) a trav\u00e9s del intercambio y aprendizaje entre proyectos y profesionales (pares) y promoviendo espacios de networking.<\/li>\n<li>Promover los servicios de la plataforma, aprovechar las ofertas de servicios especializados de los grupos de trabajo globales y buscar sinergias con otras iniciativas.<\/li>\n<li>Consolidar avances con respecto a los acuerdos logrados para la regi\u00f3n LAC en el segundo taller regional en Lima, Per\u00fa y el tercer taller global de LEDS GP en Etiop\u00eda, y detallar las prioridades como insumo para el plan de trabajo 2015.<\/li>\n<\/ul>\n<h3 id=\"Programa\" class=\"spip\">Programa<\/h3>\n<p>Descargue el programa general de los tres d\u00edas del Taller <a class=\"spip_in\" href=\"http:\/\/ledslac.org\/IMG\/pdf\/programa_resumido_del_taller.pdf\" type=\"application\/pdf\"><span style=\"color: #0066cc;\">aqu\u00ed<\/span><\/a>.<\/p>\n<dl class=\"spip_document_16 spip_documents spip_documents_center\">\n<dt><a title=\"PDF - 304.6 KB\" href=\"http:\/\/ledslac.org\/IMG\/pdf\/programa_resumido_del_taller.pdf\" type=\"application\/pdf\"><img decoding=\"async\" src=\"http:\/\/ledslac.org\/local\/cache-vignettes\/L52xH52\/pdf-39070.png\" alt=\"PDF - 304.6 KB\" width=\"52\" height=\"52\" \/><\/a><\/dt>\n<dt class=\"spip_doc_titre\" style=\"width: 120px;\"><strong>Programa resumido del Taller<\/strong><\/dt>\n<\/dl>\n<h3 id=\"Aliados\" class=\"spip\"><br class=\"autobr\" \/><\/h3>\n<\/div>\n<div id=\"ctl00_ContentPlaceHolder1_ucEventDetail_divGoogleMap\" class=\"topPad\">\n<div id=\"div_GoogleMap\"><\/div>\n<\/div>\n<div class=\"topPad floatL postedBy\">ES-Posted By: ES-N\/A &#8211; viernes, 26 septiembre, 2014 ES-at 12:00<\/div>\n<\/div>\n","protected":false},"excerpt":{"rendered":"<p>mi\u00e9rcoles, 8 de octubre de 2014 &#8211; viernes, 10 de octubre de 2014 Tercer Taller Regional de la Plataforma LEDS LAC 08 al 10 de octubre de 2014 Lugar: CEPAL (Av. Dag Hammarskj\u00f6ld 3477, Vitacura, Santiago de Chile) Del 08 al 10 de octubre de 2014 se llevar\u00e1 a cabo en Santiago de Chile el [&hellip;]<\/p>\n","protected":false},"author":1,"featured_media":0,"comment_status":"open","ping_status":"closed","template":"","tags":[],"mec_category":[],"class_list":["post-3975","mec-events","type-mec-events","status-publish","hentry"],"acf":[],"yoast_head":"<!-- This site is optimized with the Yoast SEO plugin v21.7 - https:\/\/yoast.com\/wordpress\/plugins\/seo\/ -->\n<title>Tercer Taller Regional de la Plataforma LEDS LAC - ECPA - Energy and Climate Partnership of the Americas<\/title>\n<meta name=\"robots\" content=\"index, follow, max-snippet:-1, max-image-preview:large, max-video-preview:-1\" \/>\n<link rel=\"canonical\" href=\"https:\/\/ecpamericas.org\/es\/events\/tercer-taller-regional-de-la-plataforma-leds-lac\/\" \/>\n<meta property=\"og:locale\" content=\"es_ES\" \/>\n<meta property=\"og:type\" content=\"article\" \/>\n<meta property=\"og:title\" content=\"Tercer Taller Regional de la Plataforma LEDS LAC - ECPA - Energy and Climate Partnership of the Americas\" \/>\n<meta property=\"og:description\" content=\"mi\u00e9rcoles, 8 de octubre de 2014 &#8211; viernes, 10 de octubre de 2014 Tercer Taller Regional de la Plataforma LEDS LAC 08 al 10 de octubre de 2014 Lugar: CEPAL (Av. Dag Hammarskj\u00f6ld 3477, Vitacura, Santiago de Chile) Del 08 al 10 de octubre de 2014 se llevar\u00e1 a cabo en Santiago de Chile el [&hellip;]\" \/>\n<meta property=\"og:url\" content=\"https:\/\/ecpamericas.org\/es\/events\/tercer-taller-regional-de-la-plataforma-leds-lac\/\" \/>\n<meta property=\"og:site_name\" content=\"ECPA - Energy and Climate Partnership of the Americas\" \/>\n<meta property=\"article:modified_time\" content=\"2020-12-31T22:26:45+00:00\" \/>\n<meta property=\"og:image\" content=\"http:\/\/ledslac.org\/local\/cache-vignettes\/L52xH52\/pdf-39070.png\" \/>\n<meta name=\"twitter:card\" content=\"summary_large_image\" \/>\n<meta name=\"twitter:label1\" content=\"Tiempo de lectura\" \/>\n\t<meta name=\"twitter:data1\" content=\"2 minutos\" \/>\n<script type=\"application\/ld+json\" class=\"yoast-schema-graph\">{\"@context\":\"https:\/\/schema.org\",\"@graph\":[{\"@type\":\"WebPage\",\"@id\":\"https:\/\/ecpamericas.org\/es\/events\/tercer-taller-regional-de-la-plataforma-leds-lac\/\",\"url\":\"https:\/\/ecpamericas.org\/es\/events\/tercer-taller-regional-de-la-plataforma-leds-lac\/\",\"name\":\"Tercer Taller Regional de la Plataforma LEDS LAC - ECPA - Energy and Climate Partnership of the Americas\",\"isPartOf\":{\"@id\":\"https:\/\/ecpamericas.org\/es\/#website\"},\"datePublished\":\"2014-10-08T00:00:00+00:00\",\"dateModified\":\"2020-12-31T22:26:45+00:00\",\"breadcrumb\":{\"@id\":\"https:\/\/ecpamericas.org\/es\/events\/tercer-taller-regional-de-la-plataforma-leds-lac\/#breadcrumb\"},\"inLanguage\":\"es\",\"potentialAction\":[{\"@type\":\"ReadAction\",\"target\":[\"https:\/\/ecpamericas.org\/es\/events\/tercer-taller-regional-de-la-plataforma-leds-lac\/\"]}]},{\"@type\":\"BreadcrumbList\",\"@id\":\"https:\/\/ecpamericas.org\/es\/events\/tercer-taller-regional-de-la-plataforma-leds-lac\/#breadcrumb\",\"itemListElement\":[{\"@type\":\"ListItem\",\"position\":1,\"name\":\"Home\",\"item\":\"https:\/\/ecpamericas.org\/es\/\"},{\"@type\":\"ListItem\",\"position\":2,\"name\":\"Tercer Taller Regional de la Plataforma LEDS LAC\"}]},{\"@type\":\"WebSite\",\"@id\":\"https:\/\/ecpamericas.org\/es\/#website\",\"url\":\"https:\/\/ecpamericas.org\/es\/\",\"name\":\"ECPA - Energy and Climate Partnership of the Americas\",\"description\":\"Promoting cooperation for a sustainable energy future in the Americas\",\"potentialAction\":[{\"@type\":\"SearchAction\",\"target\":{\"@type\":\"EntryPoint\",\"urlTemplate\":\"https:\/\/ecpamericas.org\/es\/?s={search_term_string}\"},\"query-input\":\"required name=search_term_string\"}],\"inLanguage\":\"es\"}]}<\/script>\n<!-- \/ Yoast SEO plugin. -->","yoast_head_json":{"title":"Tercer Taller Regional de la Plataforma LEDS LAC - ECPA - Energy and Climate Partnership of the Americas","robots":{"index":"index","follow":"follow","max-snippet":"max-snippet:-1","max-image-preview":"max-image-preview:large","max-video-preview":"max-video-preview:-1"},"canonical":"https:\/\/ecpamericas.org\/es\/events\/tercer-taller-regional-de-la-plataforma-leds-lac\/","og_locale":"es_ES","og_type":"article","og_title":"Tercer Taller Regional de la Plataforma LEDS LAC - ECPA - Energy and Climate Partnership of the Americas","og_description":"mi\u00e9rcoles, 8 de octubre de 2014 &#8211; viernes, 10 de octubre de 2014 Tercer Taller Regional de la Plataforma LEDS LAC 08 al 10 de octubre de 2014 Lugar: CEPAL (Av. Dag Hammarskj\u00f6ld 3477, Vitacura, Santiago de Chile) Del 08 al 10 de octubre de 2014 se llevar\u00e1 a cabo en Santiago de Chile el [&hellip;]","og_url":"https:\/\/ecpamericas.org\/es\/events\/tercer-taller-regional-de-la-plataforma-leds-lac\/","og_site_name":"ECPA - Energy and Climate Partnership of the Americas","article_modified_time":"2020-12-31T22:26:45+00:00","og_image":[{"url":"http:\/\/ledslac.org\/local\/cache-vignettes\/L52xH52\/pdf-39070.png"}],"twitter_card":"summary_large_image","twitter_misc":{"Tiempo de lectura":"2 minutos"},"schema":{"@context":"https:\/\/schema.org","@graph":[{"@type":"WebPage","@id":"https:\/\/ecpamericas.org\/es\/events\/tercer-taller-regional-de-la-plataforma-leds-lac\/","url":"https:\/\/ecpamericas.org\/es\/events\/tercer-taller-regional-de-la-plataforma-leds-lac\/","name":"Tercer Taller Regional de la Plataforma LEDS LAC - ECPA - Energy and Climate Partnership of the Americas","isPartOf":{"@id":"https:\/\/ecpamericas.org\/es\/#website"},"datePublished":"2014-10-08T00:00:00+00:00","dateModified":"2020-12-31T22:26:45+00:00","breadcrumb":{"@id":"https:\/\/ecpamericas.org\/es\/events\/tercer-taller-regional-de-la-plataforma-leds-lac\/#breadcrumb"},"inLanguage":"es","potentialAction":[{"@type":"ReadAction","target":["https:\/\/ecpamericas.org\/es\/events\/tercer-taller-regional-de-la-plataforma-leds-lac\/"]}]},{"@type":"BreadcrumbList","@id":"https:\/\/ecpamericas.org\/es\/events\/tercer-taller-regional-de-la-plataforma-leds-lac\/#breadcrumb","itemListElement":[{"@type":"ListItem","position":1,"name":"Home","item":"https:\/\/ecpamericas.org\/es\/"},{"@type":"ListItem","position":2,"name":"Tercer Taller Regional de la Plataforma LEDS LAC"}]},{"@type":"WebSite","@id":"https:\/\/ecpamericas.org\/es\/#website","url":"https:\/\/ecpamericas.org\/es\/","name":"ECPA - Energy and Climate Partnership of the Americas","description":"Promoting cooperation for a sustainable energy future in the Americas","potentialAction":[{"@type":"SearchAction","target":{"@type":"EntryPoint","urlTemplate":"https:\/\/ecpamericas.org\/es\/?s={search_term_string}"},"query-input":"required name=search_term_string"}],"inLanguage":"es"}]}},"_links":{"self":[{"href":"https:\/\/ecpamericas.org\/es\/wp-json\/wp\/v2\/mec-events\/3975","targetHints":{"allow":["GET"]}}],"collection":[{"href":"https:\/\/ecpamericas.org\/es\/wp-json\/wp\/v2\/mec-events"}],"about":[{"href":"https:\/\/ecpamericas.org\/es\/wp-json\/wp\/v2\/types\/mec-events"}],"author":[{"embeddable":true,"href":"https:\/\/ecpamericas.org\/es\/wp-json\/wp\/v2\/users\/1"}],"replies":[{"embeddable":true,"href":"https:\/\/ecpamericas.org\/es\/wp-json\/wp\/v2\/comments?post=3975"}],"wp:attachment":[{"href":"https:\/\/ecpamericas.org\/es\/wp-json\/wp\/v2\/media?parent=3975"}],"wp:term":[{"taxonomy":"post_tag","embeddable":true,"href":"https:\/\/ecpamericas.org\/es\/wp-json\/wp\/v2\/tags?post=3975"},{"taxonomy":"mec_category","embeddable":true,"href":"https:\/\/ecpamericas.org\/es\/wp-json\/wp\/v2\/mec_category?post=3975"}],"curies":[{"name":"wp","href":"https:\/\/api.w.org\/{rel}","templated":true}]}}

<div id="ctl00_ContentPlaceHolder1_ucEventDetail_divEventItem" class="item">
<div class="date" style="font-style: italic; font-size: 14px;">miércoles, 8 de octubre de 2014 &#8211; viernes, 10 de octubre de 2014</div>
<h2 style="margin: 25px 0 35px 0;">Tercer Taller Regional de la Plataforma LEDS LAC</h2>
<div class="chapo">
<p>08 al 10 de octubre de 2014<br class="autobr" /><br />
Lugar: CEPAL (Av. Dag Hammarskjöld 3477, Vitacura, Santiago de Chile)</p>
</div>
<div class="texte">
<p>Del 08 al 10 de octubre de 2014 se llevará a cabo en Santiago de Chile el Tercer Taller Regional de la Plataforma: “LEDS en Latinoamérica y El Caribe: De la planificación a la implementación» que está siendo organizado de manera conjunta con la División de Desarrollo Sostenible y Asentamientos Humanos de la de la Comisión Económica para América Latina y el Caribe (CEPAL) y la Oficina de Cambio Climático del Ministerio de Medio Ambiente de Chile.</p>
<p>Este evento proporcionará un foro para que funcionarios de Gobierno, organizaciones internacionales, expertos técnicos y otros actores en la región puedan compartir experiencias y mejores prácticas, participar en capacitaciones, establecer nexos de colaboración, y encontrar formas innovadoras para avanzar en materia de desarrollo bajo en emisiones y resiliente al cambio climático.</p>
<p>Asimismo, se buscará ir consolidando la construcción de una visión compartida, buscar sinergias con otras iniciativas regionales, y ahondar en las prioridades, servicios y actividades colaborativas que serán abordadas por la Plataforma Regional y su plataforma global en el 2015 en respuesta a necesidades comunes de los países de la región.</p>
<p>EL III Taller es organizado por el Ministerio de Medio Ambiente de Chile, la Comisión Económica para América Latina y el Caribe (CEPAL) y la Plataforma Regional de Latinoamérica y el Caribe (LEDS LAC).</p>
<h3 class="spip">Objetivos del taller</h3>
<ul class="spip">
<li>Promover el desarrollo bajo en emisiones con enfoque de resiliencia a través del intercambio de enfoques, experiencias, conocimientos y buenas prácticas entre expertos de la región LAC y el mundo, relacionados especialmente a los temas priorizados por la plataforma.</li>
<li>Socializar y fortalecer iniciativas en marcha relacionadas al desarrollo bajo en emisiones (LEDS) a través del intercambio y aprendizaje entre proyectos y profesionales (pares) y promoviendo espacios de networking.</li>
<li>Promover los servicios de la plataforma, aprovechar las ofertas de servicios especializados de los grupos de trabajo globales y buscar sinergias con otras iniciativas.</li>
<li>Consolidar avances con respecto a los acuerdos logrados para la región LAC en el segundo taller regional en Lima, Perú y el tercer taller global de LEDS GP en Etiopía, y detallar las prioridades como insumo para el plan de trabajo 2015.</li>
</ul>
<h3 id="Programa" class="spip">Programa</h3>
<p>Descargue el programa general de los tres días del Taller <a class="spip_in" href="http://ledslac.org/IMG/pdf/programa_resumido_del_taller.pdf" type="application/pdf"><span style="color: #0066cc;">aquí</span></a>.</p>
<dl class="spip_document_16 spip_documents spip_documents_center">
<dt><a title="PDF - 304.6 KB" href="http://ledslac.org/IMG/pdf/programa_resumido_del_taller.pdf" type="application/pdf"><img decoding="async" src="http://ledslac.org/local/cache-vignettes/L52xH52/pdf-39070.png" alt="PDF - 304.6 KB" width="52" height="52" /></a></dt>
<dt class="spip_doc_titre" style="width: 120px;"><strong>Programa resumido del Taller</strong></dt>
</dl>
<h3 id="Aliados" class="spip"><br class="autobr" /></h3>
</div>
<div id="ctl00_ContentPlaceHolder1_ucEventDetail_divGoogleMap" class="topPad">
<div id="div_GoogleMap"></div>
</div>
<div class="topPad floatL postedBy">ES-Posted By: ES-N/A &#8211; viernes, 26 septiembre, 2014 ES-at 12:00</div>
</div>

<p>miércoles, 8 de octubre de 2014 &#8211; viernes, 10 de octubre de 2014 Tercer Taller Regional de la Plataforma LEDS LAC 08 al 10 de octubre de 2014 Lugar: CEPAL (Av. Dag Hammarskjöld 3477, Vitacura, Santiago de Chile) Del 08 al 10 de octubre de 2014 se llevará a cabo en Santiago de Chile el [&hellip;]</p>

<!-- This site is optimized with the Yoast SEO plugin v21.7 - https://yoast.com/wordpress/plugins/seo/ -->
<title>Tercer Taller Regional de la Plataforma LEDS LAC - ECPA - Energy and Climate Partnership of the Americas</title>
<meta name="robots" content="index, follow, max-snippet:-1, max-image-preview:large, max-video-preview:-1" />
<link rel="canonical" href="https://ecpamericas.org/es/events/tercer-taller-regional-de-la-plataforma-leds-lac/" />
<meta property="og:locale" content="es_ES" />
<meta property="og:type" content="article" />
<meta property="og:title" content="Tercer Taller Regional de la Plataforma LEDS LAC - ECPA - Energy and Climate Partnership of the Americas" />
<meta property="og:description" content="miércoles, 8 de octubre de 2014 &#8211; viernes, 10 de octubre de 2014 Tercer Taller Regional de la Plataforma LEDS LAC 08 al 10 de octubre de 2014 Lugar: CEPAL (Av. Dag Hammarskjöld 3477, Vitacura, Santiago de Chile) Del 08 al 10 de octubre de 2014 se llevará a cabo en Santiago de Chile el [&hellip;]" />
<meta property="og:url" content="https://ecpamericas.org/es/events/tercer-taller-regional-de-la-plataforma-leds-lac/" />
<meta property="og:site_name" content="ECPA - Energy and Climate Partnership of the Americas" />
<meta property="article:modified_time" content="2020-12-31T22:26:45+00:00" />
<meta property="og:image" content="http://ledslac.org/local/cache-vignettes/L52xH52/pdf-39070.png" />
<meta name="twitter:card" content="summary_large_image" />
<meta name="twitter:label1" content="Tiempo de lectura" />
	<meta name="twitter:data1" content="2 minutos" />
<script type="application/ld+json" class="yoast-schema-graph">{"@context":"https://schema.org","@graph":[{"@type":"WebPage","@id":"https://ecpamericas.org/es/events/tercer-taller-regional-de-la-plataforma-leds-lac/","url":"https://ecpamericas.org/es/events/tercer-taller-regional-de-la-plataforma-leds-lac/","name":"Tercer Taller Regional de la Plataforma LEDS LAC - ECPA - Energy and Climate Partnership of the Americas","isPartOf":{"@id":"https://ecpamericas.org/es/#website"},"datePublished":"2014-10-08T00:00:00+00:00","dateModified":"2020-12-31T22:26:45+00:00","breadcrumb":{"@id":"https://ecpamericas.org/es/events/tercer-taller-regional-de-la-plataforma-leds-lac/#breadcrumb"},"inLanguage":"es","potentialAction":[{"@type":"ReadAction","target":["https://ecpamericas.org/es/events/tercer-taller-regional-de-la-plataforma-leds-lac/"]}]},{"@type":"BreadcrumbList","@id":"https://ecpamericas.org/es/events/tercer-taller-regional-de-la-plataforma-leds-lac/#breadcrumb","itemListElement":[{"@type":"ListItem","position":1,"name":"Home","item":"https://ecpamericas.org/es/"},{"@type":"ListItem","position":2,"name":"Tercer Taller Regional de la Plataforma LEDS LAC"}]},{"@type":"WebSite","@id":"https://ecpamericas.org/es/#website","url":"https://ecpamericas.org/es/","name":"ECPA - Energy and Climate Partnership of the Americas","description":"Promoting cooperation for a sustainable energy future in the Americas","potentialAction":[{"@type":"SearchAction","target":{"@type":"EntryPoint","urlTemplate":"https://ecpamericas.org/es/?s={search_term_string}"},"query-input":"required name=search_term_string"}],"inLanguage":"es"}]}</script>
<!-- / Yoast SEO plugin. -->

miércoles, 8 de octubre de 2014 &#8211; viernes, 10 de octubre de 2014 Tercer Taller Regional de la Plataforma LEDS LAC 08 al 10 de octubre de 2014 Lugar: CEPAL (Av. Dag Hammarskjöld 3477, Vitacura, Santiago de Chile) Del 08 al 10 de octubre de 2014 se llevará a cabo en Santiago de Chile el [&hellip;]
