{"id":3955,"date":"2015-04-01T00:00:00","date_gmt":"2015-04-01T00:00:00","guid":{"rendered":"https:\/\/ecpamericas.org\/events\/llamado-de-cotizaciones-hacia-la-intensificacion-de-los-esfuerzos-de-eficiencia-energetica-en-el-gobierno-las-empresas-y-los-hogares-en-belice\/"},"modified":"2020-12-31T17:18:28","modified_gmt":"2020-12-31T22:18:28","slug":"llamado-de-cotizaciones-hacia-la-intensificacion-de-los-esfuerzos-de-eficiencia-energetica-en-el-gobierno-las-empresas-y-los-hogares-en-belice","status":"publish","type":"mec-events","link":"https:\/\/ecpamericas.org\/es\/events\/llamado-de-cotizaciones-hacia-la-intensificacion-de-los-esfuerzos-de-eficiencia-energetica-en-el-gobierno-las-empresas-y-los-hogares-en-belice\/","title":{"rendered":"Llamado de Cotizaciones: Hacia la intensificaci\u00f3n de los esfuerzos de eficiencia energ\u00e9tica en el gobierno, las empresas y los hogares en Belice"},"content":{"rendered":"<div id=\"ctl00_ContentPlaceHolder1_ucEventDetail_divEventItem\" class=\"item\">\n<div class=\"date\" style=\"font-style: italic; font-size: 14px;\">mi\u00e9rcoles, 1 de abril de 2015 &#8211; viernes, 8 de mayo de 2015 5:30<\/div>\n<h2 style=\"margin: 25px 0 35px 0;\">Llamado de Cotizaciones: Hacia la intensificaci\u00f3n de los esfuerzos de eficiencia energ\u00e9tica en el gobierno, las empresas y los hogares en Belice<\/h2>\n<p style=\"text-align: justify;\">La Secretar\u00eda General de la Organizaci\u00f3n de los Estados Americanos (SG \/ OEA), a trav\u00e9s de la Iniciativa para Fortalecer la Energ\u00eda Sostenible (SECBI) bajo los auspicios de la Alianza de Energ\u00eda y Clima de las Am\u00e9ricas (ECPA) anuncia esta \u00abSolicitud de Cotizaciones\u00bb.<\/p>\n<p style=\"text-align: justify;\">Se invita a los consultores que deseen presentar sus solicitudes para apoyar Hacia la intensificaci\u00f3n de los esfuerzos de eficiencia energ\u00e9tica en el gobierno, las empresas y los hogares en Belice.<\/p>\n<p style=\"text-align: justify;\">Agradecer\u00edamos recibir la propuesta de su empresa a m\u00e1s tardar a las <strong>17:30 EST, el 8 de mayo de 2015.<\/strong><\/p>\n<p style=\"text-align: justify;\">Favor enviar sus solicitudes a <a href=\"mailto:keterovic@oas.org\">keterovic@oas.org<\/a><span class=\"hps\" style=\"color: #222222; font-family: Arial, sans-serif;\">; <\/span><a href=\"mailto:cmiller@oas.org\">cmiller@oas.org<\/a> y <a href=\"mailto:eparada@oas.org\">eparada@oas.org<\/a>.<\/p>\n<p style=\"text-align: justify;\"><strong><a href=\"https:\/\/ecpamericas.org\/assets\/Site_32\/files\/Iniciativas\/SECBI\/Solicitud%20de%20Cotizaciones%20BE.pdf\">Vea el folleto (pdf)<\/a><\/strong><\/p>\n<p style=\"text-align: justify;\"><strong><a href=\"https:\/\/ecpamericas.org\/assets\/Site_32\/files\/Iniciativas\/SECBI\/OAS%20SECBI%20-%20Belize_TOR%20.pdf\">Vea los t\u00e9rminos de referencia (pdf)<\/a><\/strong><\/p>\n<div id=\"ctl00_ContentPlaceHolder1_ucEventDetail_divGoogleMap\" class=\"topPad\">\n<div id=\"div_GoogleMap\"><\/div>\n<\/div>\n<div class=\"topPad floatL postedBy\">ES-Posted By: AdminR &#8211; lunes, 20 abril, 2015 ES-at 12:00<\/div>\n<\/div>\n","protected":false},"excerpt":{"rendered":"<p>mi\u00e9rcoles, 1 de abril de 2015 &#8211; viernes, 8 de mayo de 2015 5:30 Llamado de Cotizaciones: Hacia la intensificaci\u00f3n de los esfuerzos de eficiencia energ\u00e9tica en el gobierno, las empresas y los hogares en Belice La Secretar\u00eda General de la Organizaci\u00f3n de los Estados Americanos (SG \/ OEA), a trav\u00e9s de la Iniciativa para [&hellip;]<\/p>\n","protected":false},"author":1,"featured_media":0,"comment_status":"open","ping_status":"closed","template":"","tags":[],"mec_category":[],"class_list":["post-3955","mec-events","type-mec-events","status-publish","hentry"],"acf":[],"yoast_head":"<!-- This site is optimized with the Yoast SEO plugin v21.7 - https:\/\/yoast.com\/wordpress\/plugins\/seo\/ -->\n<title>Llamado de Cotizaciones: Hacia la intensificaci\u00f3n de los esfuerzos de eficiencia energ\u00e9tica en el gobierno, las empresas y los hogares en Belice - ECPA - Energy and Climate Partnership of the Americas<\/title>\n<meta name=\"robots\" content=\"index, follow, max-snippet:-1, max-image-preview:large, max-video-preview:-1\" \/>\n<link rel=\"canonical\" href=\"https:\/\/ecpamericas.org\/es\/events\/llamado-de-cotizaciones-hacia-la-intensificacion-de-los-esfuerzos-de-eficiencia-energetica-en-el-gobierno-las-empresas-y-los-hogares-en-belice\/\" \/>\n<meta property=\"og:locale\" content=\"es_ES\" \/>\n<meta property=\"og:type\" content=\"article\" \/>\n<meta property=\"og:title\" content=\"Llamado de Cotizaciones: Hacia la intensificaci\u00f3n de los esfuerzos de eficiencia energ\u00e9tica en el gobierno, las empresas y los hogares en Belice - ECPA - Energy and Climate Partnership of the Americas\" \/>\n<meta property=\"og:description\" content=\"mi\u00e9rcoles, 1 de abril de 2015 &#8211; viernes, 8 de mayo de 2015 5:30 Llamado de Cotizaciones: Hacia la intensificaci\u00f3n de los esfuerzos de eficiencia energ\u00e9tica en el gobierno, las empresas y los hogares en Belice La Secretar\u00eda General de la Organizaci\u00f3n de los Estados Americanos (SG \/ OEA), a trav\u00e9s de la Iniciativa para [&hellip;]\" \/>\n<meta property=\"og:url\" content=\"https:\/\/ecpamericas.org\/es\/events\/llamado-de-cotizaciones-hacia-la-intensificacion-de-los-esfuerzos-de-eficiencia-energetica-en-el-gobierno-las-empresas-y-los-hogares-en-belice\/\" \/>\n<meta property=\"og:site_name\" content=\"ECPA - Energy and Climate Partnership of the Americas\" \/>\n<meta property=\"article:modified_time\" content=\"2020-12-31T22:18:28+00:00\" \/>\n<meta name=\"twitter:card\" content=\"summary_large_image\" \/>\n<meta name=\"twitter:label1\" content=\"Tiempo de lectura\" \/>\n\t<meta name=\"twitter:data1\" content=\"1 minuto\" \/>\n<script type=\"application\/ld+json\" class=\"yoast-schema-graph\">{\"@context\":\"https:\/\/schema.org\",\"@graph\":[{\"@type\":\"WebPage\",\"@id\":\"https:\/\/ecpamericas.org\/es\/events\/llamado-de-cotizaciones-hacia-la-intensificacion-de-los-esfuerzos-de-eficiencia-energetica-en-el-gobierno-las-empresas-y-los-hogares-en-belice\/\",\"url\":\"https:\/\/ecpamericas.org\/es\/events\/llamado-de-cotizaciones-hacia-la-intensificacion-de-los-esfuerzos-de-eficiencia-energetica-en-el-gobierno-las-empresas-y-los-hogares-en-belice\/\",\"name\":\"Llamado de Cotizaciones: Hacia la intensificaci\u00f3n de los esfuerzos de eficiencia energ\u00e9tica en el gobierno, las empresas y los hogares en Belice - ECPA - Energy and Climate Partnership of the Americas\",\"isPartOf\":{\"@id\":\"https:\/\/ecpamericas.org\/es\/#website\"},\"datePublished\":\"2015-04-01T00:00:00+00:00\",\"dateModified\":\"2020-12-31T22:18:28+00:00\",\"breadcrumb\":{\"@id\":\"https:\/\/ecpamericas.org\/es\/events\/llamado-de-cotizaciones-hacia-la-intensificacion-de-los-esfuerzos-de-eficiencia-energetica-en-el-gobierno-las-empresas-y-los-hogares-en-belice\/#breadcrumb\"},\"inLanguage\":\"es\",\"potentialAction\":[{\"@type\":\"ReadAction\",\"target\":[\"https:\/\/ecpamericas.org\/es\/events\/llamado-de-cotizaciones-hacia-la-intensificacion-de-los-esfuerzos-de-eficiencia-energetica-en-el-gobierno-las-empresas-y-los-hogares-en-belice\/\"]}]},{\"@type\":\"BreadcrumbList\",\"@id\":\"https:\/\/ecpamericas.org\/es\/events\/llamado-de-cotizaciones-hacia-la-intensificacion-de-los-esfuerzos-de-eficiencia-energetica-en-el-gobierno-las-empresas-y-los-hogares-en-belice\/#breadcrumb\",\"itemListElement\":[{\"@type\":\"ListItem\",\"position\":1,\"name\":\"Home\",\"item\":\"https:\/\/ecpamericas.org\/es\/\"},{\"@type\":\"ListItem\",\"position\":2,\"name\":\"Llamado de Cotizaciones: Hacia la intensificaci\u00f3n de los esfuerzos de eficiencia energ\u00e9tica en el gobierno, las empresas y los hogares en Belice\"}]},{\"@type\":\"WebSite\",\"@id\":\"https:\/\/ecpamericas.org\/es\/#website\",\"url\":\"https:\/\/ecpamericas.org\/es\/\",\"name\":\"ECPA - Energy and Climate Partnership of the Americas\",\"description\":\"Promoting cooperation for a sustainable energy future in the Americas\",\"potentialAction\":[{\"@type\":\"SearchAction\",\"target\":{\"@type\":\"EntryPoint\",\"urlTemplate\":\"https:\/\/ecpamericas.org\/es\/?s={search_term_string}\"},\"query-input\":\"required name=search_term_string\"}],\"inLanguage\":\"es\"}]}<\/script>\n<!-- \/ Yoast SEO plugin. -->","yoast_head_json":{"title":"Llamado de Cotizaciones: Hacia la intensificaci\u00f3n de los esfuerzos de eficiencia energ\u00e9tica en el gobierno, las empresas y los hogares en Belice - ECPA - Energy and Climate Partnership of the Americas","robots":{"index":"index","follow":"follow","max-snippet":"max-snippet:-1","max-image-preview":"max-image-preview:large","max-video-preview":"max-video-preview:-1"},"canonical":"https:\/\/ecpamericas.org\/es\/events\/llamado-de-cotizaciones-hacia-la-intensificacion-de-los-esfuerzos-de-eficiencia-energetica-en-el-gobierno-las-empresas-y-los-hogares-en-belice\/","og_locale":"es_ES","og_type":"article","og_title":"Llamado de Cotizaciones: Hacia la intensificaci\u00f3n de los esfuerzos de eficiencia energ\u00e9tica en el gobierno, las empresas y los hogares en Belice - ECPA - Energy and Climate Partnership of the Americas","og_description":"mi\u00e9rcoles, 1 de abril de 2015 &#8211; viernes, 8 de mayo de 2015 5:30 Llamado de Cotizaciones: Hacia la intensificaci\u00f3n de los esfuerzos de eficiencia energ\u00e9tica en el gobierno, las empresas y los hogares en Belice La Secretar\u00eda General de la Organizaci\u00f3n de los Estados Americanos (SG \/ OEA), a trav\u00e9s de la Iniciativa para [&hellip;]","og_url":"https:\/\/ecpamericas.org\/es\/events\/llamado-de-cotizaciones-hacia-la-intensificacion-de-los-esfuerzos-de-eficiencia-energetica-en-el-gobierno-las-empresas-y-los-hogares-en-belice\/","og_site_name":"ECPA - Energy and Climate Partnership of the Americas","article_modified_time":"2020-12-31T22:18:28+00:00","twitter_card":"summary_large_image","twitter_misc":{"Tiempo de lectura":"1 minuto"},"schema":{"@context":"https:\/\/schema.org","@graph":[{"@type":"WebPage","@id":"https:\/\/ecpamericas.org\/es\/events\/llamado-de-cotizaciones-hacia-la-intensificacion-de-los-esfuerzos-de-eficiencia-energetica-en-el-gobierno-las-empresas-y-los-hogares-en-belice\/","url":"https:\/\/ecpamericas.org\/es\/events\/llamado-de-cotizaciones-hacia-la-intensificacion-de-los-esfuerzos-de-eficiencia-energetica-en-el-gobierno-las-empresas-y-los-hogares-en-belice\/","name":"Llamado de Cotizaciones: Hacia la intensificaci\u00f3n de los esfuerzos de eficiencia energ\u00e9tica en el gobierno, las empresas y los hogares en Belice - ECPA - Energy and Climate Partnership of the Americas","isPartOf":{"@id":"https:\/\/ecpamericas.org\/es\/#website"},"datePublished":"2015-04-01T00:00:00+00:00","dateModified":"2020-12-31T22:18:28+00:00","breadcrumb":{"@id":"https:\/\/ecpamericas.org\/es\/events\/llamado-de-cotizaciones-hacia-la-intensificacion-de-los-esfuerzos-de-eficiencia-energetica-en-el-gobierno-las-empresas-y-los-hogares-en-belice\/#breadcrumb"},"inLanguage":"es","potentialAction":[{"@type":"ReadAction","target":["https:\/\/ecpamericas.org\/es\/events\/llamado-de-cotizaciones-hacia-la-intensificacion-de-los-esfuerzos-de-eficiencia-energetica-en-el-gobierno-las-empresas-y-los-hogares-en-belice\/"]}]},{"@type":"BreadcrumbList","@id":"https:\/\/ecpamericas.org\/es\/events\/llamado-de-cotizaciones-hacia-la-intensificacion-de-los-esfuerzos-de-eficiencia-energetica-en-el-gobierno-las-empresas-y-los-hogares-en-belice\/#breadcrumb","itemListElement":[{"@type":"ListItem","position":1,"name":"Home","item":"https:\/\/ecpamericas.org\/es\/"},{"@type":"ListItem","position":2,"name":"Llamado de Cotizaciones: Hacia la intensificaci\u00f3n de los esfuerzos de eficiencia energ\u00e9tica en el gobierno, las empresas y los hogares en Belice"}]},{"@type":"WebSite","@id":"https:\/\/ecpamericas.org\/es\/#website","url":"https:\/\/ecpamericas.org\/es\/","name":"ECPA - Energy and Climate Partnership of the Americas","description":"Promoting cooperation for a sustainable energy future in the Americas","potentialAction":[{"@type":"SearchAction","target":{"@type":"EntryPoint","urlTemplate":"https:\/\/ecpamericas.org\/es\/?s={search_term_string}"},"query-input":"required name=search_term_string"}],"inLanguage":"es"}]}},"_links":{"self":[{"href":"https:\/\/ecpamericas.org\/es\/wp-json\/wp\/v2\/mec-events\/3955","targetHints":{"allow":["GET"]}}],"collection":[{"href":"https:\/\/ecpamericas.org\/es\/wp-json\/wp\/v2\/mec-events"}],"about":[{"href":"https:\/\/ecpamericas.org\/es\/wp-json\/wp\/v2\/types\/mec-events"}],"author":[{"embeddable":true,"href":"https:\/\/ecpamericas.org\/es\/wp-json\/wp\/v2\/users\/1"}],"replies":[{"embeddable":true,"href":"https:\/\/ecpamericas.org\/es\/wp-json\/wp\/v2\/comments?post=3955"}],"wp:attachment":[{"href":"https:\/\/ecpamericas.org\/es\/wp-json\/wp\/v2\/media?parent=3955"}],"wp:term":[{"taxonomy":"post_tag","embeddable":true,"href":"https:\/\/ecpamericas.org\/es\/wp-json\/wp\/v2\/tags?post=3955"},{"taxonomy":"mec_category","embeddable":true,"href":"https:\/\/ecpamericas.org\/es\/wp-json\/wp\/v2\/mec_category?post=3955"}],"curies":[{"name":"wp","href":"https:\/\/api.w.org\/{rel}","templated":true}]}}

Llamado de Cotizaciones: Hacia la intensificación de los esfuerzos de eficiencia energética en el gobierno, las empresas y los hogares en Belice

<div id="ctl00_ContentPlaceHolder1_ucEventDetail_divEventItem" class="item">
<div class="date" style="font-style: italic; font-size: 14px;">miércoles, 1 de abril de 2015 &#8211; viernes, 8 de mayo de 2015 5:30</div>
<h2 style="margin: 25px 0 35px 0;">Llamado de Cotizaciones: Hacia la intensificación de los esfuerzos de eficiencia energética en el gobierno, las empresas y los hogares en Belice</h2>
<p style="text-align: justify;">La Secretaría General de la Organización de los Estados Americanos (SG / OEA), a través de la Iniciativa para Fortalecer la Energía Sostenible (SECBI) bajo los auspicios de la Alianza de Energía y Clima de las Américas (ECPA) anuncia esta «Solicitud de Cotizaciones».</p>
<p style="text-align: justify;">Se invita a los consultores que deseen presentar sus solicitudes para apoyar Hacia la intensificación de los esfuerzos de eficiencia energética en el gobierno, las empresas y los hogares en Belice.</p>
<p style="text-align: justify;">Agradeceríamos recibir la propuesta de su empresa a más tardar a las <strong>17:30 EST, el 8 de mayo de 2015.</strong></p>
<p style="text-align: justify;">Favor enviar sus solicitudes a <a href="mailto:keterovic@oas.org">keterovic@oas.org</a><span class="hps" style="color: #222222; font-family: Arial, sans-serif;">; </span><a href="mailto:cmiller@oas.org">cmiller@oas.org</a> y <a href="mailto:eparada@oas.org">eparada@oas.org</a>.</p>
<p style="text-align: justify;"><strong><a href="https://ecpamericas.org/assets/Site_32/files/Iniciativas/SECBI/Solicitud%20de%20Cotizaciones%20BE.pdf">Vea el folleto (pdf)</a></strong></p>
<p style="text-align: justify;"><strong><a href="https://ecpamericas.org/assets/Site_32/files/Iniciativas/SECBI/OAS%20SECBI%20-%20Belize_TOR%20.pdf">Vea los términos de referencia (pdf)</a></strong></p>
<div id="ctl00_ContentPlaceHolder1_ucEventDetail_divGoogleMap" class="topPad">
<div id="div_GoogleMap"></div>
</div>
<div class="topPad floatL postedBy">ES-Posted By: AdminR &#8211; lunes, 20 abril, 2015 ES-at 12:00</div>
</div>

<p>miércoles, 1 de abril de 2015 &#8211; viernes, 8 de mayo de 2015 5:30 Llamado de Cotizaciones: Hacia la intensificación de los esfuerzos de eficiencia energética en el gobierno, las empresas y los hogares en Belice La Secretaría General de la Organización de los Estados Americanos (SG / OEA), a través de la Iniciativa para [&hellip;]</p>

<!-- This site is optimized with the Yoast SEO plugin v21.7 - https://yoast.com/wordpress/plugins/seo/ -->
<title>Llamado de Cotizaciones: Hacia la intensificación de los esfuerzos de eficiencia energética en el gobierno, las empresas y los hogares en Belice - ECPA - Energy and Climate Partnership of the Americas</title>
<meta name="robots" content="index, follow, max-snippet:-1, max-image-preview:large, max-video-preview:-1" />
<link rel="canonical" href="https://ecpamericas.org/es/events/llamado-de-cotizaciones-hacia-la-intensificacion-de-los-esfuerzos-de-eficiencia-energetica-en-el-gobierno-las-empresas-y-los-hogares-en-belice/" />
<meta property="og:locale" content="es_ES" />
<meta property="og:type" content="article" />
<meta property="og:title" content="Llamado de Cotizaciones: Hacia la intensificación de los esfuerzos de eficiencia energética en el gobierno, las empresas y los hogares en Belice - ECPA - Energy and Climate Partnership of the Americas" />
<meta property="og:description" content="miércoles, 1 de abril de 2015 &#8211; viernes, 8 de mayo de 2015 5:30 Llamado de Cotizaciones: Hacia la intensificación de los esfuerzos de eficiencia energética en el gobierno, las empresas y los hogares en Belice La Secretaría General de la Organización de los Estados Americanos (SG / OEA), a través de la Iniciativa para [&hellip;]" />
<meta property="og:url" content="https://ecpamericas.org/es/events/llamado-de-cotizaciones-hacia-la-intensificacion-de-los-esfuerzos-de-eficiencia-energetica-en-el-gobierno-las-empresas-y-los-hogares-en-belice/" />
<meta property="og:site_name" content="ECPA - Energy and Climate Partnership of the Americas" />
<meta property="article:modified_time" content="2020-12-31T22:18:28+00:00" />
<meta name="twitter:card" content="summary_large_image" />
<meta name="twitter:label1" content="Tiempo de lectura" />
	<meta name="twitter:data1" content="1 minuto" />
<script type="application/ld+json" class="yoast-schema-graph">{"@context":"https://schema.org","@graph":[{"@type":"WebPage","@id":"https://ecpamericas.org/es/events/llamado-de-cotizaciones-hacia-la-intensificacion-de-los-esfuerzos-de-eficiencia-energetica-en-el-gobierno-las-empresas-y-los-hogares-en-belice/","url":"https://ecpamericas.org/es/events/llamado-de-cotizaciones-hacia-la-intensificacion-de-los-esfuerzos-de-eficiencia-energetica-en-el-gobierno-las-empresas-y-los-hogares-en-belice/","name":"Llamado de Cotizaciones: Hacia la intensificación de los esfuerzos de eficiencia energética en el gobierno, las empresas y los hogares en Belice - ECPA - Energy and Climate Partnership of the Americas","isPartOf":{"@id":"https://ecpamericas.org/es/#website"},"datePublished":"2015-04-01T00:00:00+00:00","dateModified":"2020-12-31T22:18:28+00:00","breadcrumb":{"@id":"https://ecpamericas.org/es/events/llamado-de-cotizaciones-hacia-la-intensificacion-de-los-esfuerzos-de-eficiencia-energetica-en-el-gobierno-las-empresas-y-los-hogares-en-belice/#breadcrumb"},"inLanguage":"es","potentialAction":[{"@type":"ReadAction","target":["https://ecpamericas.org/es/events/llamado-de-cotizaciones-hacia-la-intensificacion-de-los-esfuerzos-de-eficiencia-energetica-en-el-gobierno-las-empresas-y-los-hogares-en-belice/"]}]},{"@type":"BreadcrumbList","@id":"https://ecpamericas.org/es/events/llamado-de-cotizaciones-hacia-la-intensificacion-de-los-esfuerzos-de-eficiencia-energetica-en-el-gobierno-las-empresas-y-los-hogares-en-belice/#breadcrumb","itemListElement":[{"@type":"ListItem","position":1,"name":"Home","item":"https://ecpamericas.org/es/"},{"@type":"ListItem","position":2,"name":"Llamado de Cotizaciones: Hacia la intensificación de los esfuerzos de eficiencia energética en el gobierno, las empresas y los hogares en Belice"}]},{"@type":"WebSite","@id":"https://ecpamericas.org/es/#website","url":"https://ecpamericas.org/es/","name":"ECPA - Energy and Climate Partnership of the Americas","description":"Promoting cooperation for a sustainable energy future in the Americas","potentialAction":[{"@type":"SearchAction","target":{"@type":"EntryPoint","urlTemplate":"https://ecpamericas.org/es/?s={search_term_string}"},"query-input":"required name=search_term_string"}],"inLanguage":"es"}]}</script>
<!-- / Yoast SEO plugin. -->

Llamado de Cotizaciones: Hacia la intensificación de los esfuerzos de eficiencia energética en el gobierno, las empresas y los hogares en Belice - ECPA - Energy and Climate Partnership of the Americas

miércoles, 1 de abril de 2015 &#8211; viernes, 8 de mayo de 2015 5:30 Llamado de Cotizaciones: Hacia la intensificación de los esfuerzos de eficiencia energética en el gobierno, las empresas y los hogares en Belice La Secretaría General de la Organización de los Estados Americanos (SG / OEA), a través de la Iniciativa para [&hellip;]
