{"id":1680,"date":"2019-08-01T20:34:18","date_gmt":"2019-08-02T01:34:18","guid":{"rendered":"https:\/\/ecpamericas.org\/?post_type=mec-events&#038;p=1680"},"modified":"2020-12-31T16:40:49","modified_gmt":"2020-12-31T21:40:49","slug":"taller-fortalecimiento-de-las-capacidades-tecnicas-control-de-calidad-para-redes-de-monitoreo-de-calidad-del-aire-en-ciudades-latinoamericanas","status":"publish","type":"mec-events","link":"https:\/\/ecpamericas.org\/es\/events\/taller-fortalecimiento-de-las-capacidades-tecnicas-control-de-calidad-para-redes-de-monitoreo-de-calidad-del-aire-en-ciudades-latinoamericanas\/","title":{"rendered":"[Taller] \u00abFortalecimiento de las capacidades t\u00e9cnicas: Control de Calidad para redes de monitoreo de calidad del aire en ciudades Latinoamericanas\u00bb"},"content":{"rendered":"<h3><span style=\"font-size: large;\">Objetivo:<\/span><\/h3>\n<p>El\u00a0objetivo del taller busca\u00a0mejorar la trazabilidad de las mediciones realizadas en las redes de monitoreo atmosf\u00e9rico en Am\u00e9rica Latina y lograr una red de cooperaci\u00f3n a nivel regional.\u00a0Adjunto el borrador de la agenda del evento para su referencia.<\/p>\n<p class=\"m_-8386515842531695187APECForm\">La actividad consistir\u00e1 en un Taller te\u00f3rico pr\u00e1ctico que iniciar\u00e1 con la exposici\u00f3n de la situaci\u00f3n actual de los distintos pa\u00edses seguido de un entrenamiento en los siguientes temas:<\/p>\n<p class=\"m_-8386515842531695187APECForm\">1)\u00a0\u00a0\u00a0\u00a0\u00a0T\u00e9cnica y m\u00e9todos de calibraci\u00f3n para los analizadores autom\u00e1ticos y manuales de part\u00edculas suspendidas (PM10 y PM2.5),\u00a0 c\u00e1lculos para determinar el l\u00edmite m\u00ednimo de detecci\u00f3n y su trazabilidad; M\u00e9todos de contrastaci\u00f3n de m\u00e9todos\u00a0 alternativos\u00a0equivalentes contra m\u00e9todos de referencia.<\/p>\n<p class=\"m_-8386515842531695187APECForm\">2)\u00a0\u00a0\u00a0\u00a0\u00a0M\u00e9todos para asegurar la correcta generaci\u00f3n de patrones de calibraci\u00f3n. Aire zero, ozono y diluciones utilizado sistemas\u00a0 de\u00a0 m\u00e1sica en los sistemas de calibraci\u00f3n de gases criterio. Calculo de incertidumbre de las diluciones.<\/p>\n<p class=\"m_-8386515842531695187APECForm\">3)\u00a0\u00a0\u00a0\u00a0\u00a0\u00a0Determinaci\u00f3n de\u00a0 la incertidumbre en las mediciones de los contaminantes criterio: O3, NOx, CO, SO2 y Material\u00a0 Particulado\u00a0utilizando FRM\/FEM.<\/p>\n<p class=\"m_-8386515842531695187APECForm\">4)\u00a0\u00a0\u00a0\u00a0\u00a0Representatividad del punto de medici\u00f3n: Ubicaci\u00f3n correcta de estaciones de Monitoreo Atmosf\u00e9rico y requerimientos de\u00a0 sistema de toma de muestras.<\/p>\n<p class=\"m_-8386515842531695187APECForm\">5)\u00a0\u00a0\u00a0\u00a0\u00a0T\u00e9cnica y m\u00e9todos de calibraci\u00f3n para los analizadores autom\u00e1ticos y manuales de part\u00edculas suspendidas (PM10 y PM2.5),\u00a0 c\u00e1lculos para determinar el l\u00edmite m\u00ednimo de detecci\u00f3n y su trazabilidad; M\u00e9todos de contrastaci\u00f3n de m\u00e9todos alternativos\u00a0 equivalentes contra m\u00e9todos de referencia.<\/p>\n<p class=\"m_-8386515842531695187APECForm\">6)\u00a0\u00a0\u00a0\u00a0\u00a0M\u00e9todos para asegurar la correcta generaci\u00f3n de patrones de calibraci\u00f3n. Aire zero, ozono y diluciones utilizado sistemas\u00a0 de\u00a0 diluci\u00f3n m\u00e1sica en los sistemas de calibraci\u00f3n de gases criterio. Calculo de incertidumbre de las diluciones.<\/p>\n<p class=\"m_-8386515842531695187APECForm\">7)\u00a0\u00a0\u00a0\u00a0\u00a0Determinaci\u00f3n de\u00a0 la incertidumbre en las mediciones de los contaminantes criterio: O3, NOx, CO, SO2 y Material\u00a0 Particulado\u00a0utilizando FRM\/FEM.<\/p>\n<p class=\"m_-8386515842531695187APECForm\">8)\u00a0\u00a0\u00a0\u00a0\u00a0Representatividad del punto de medici\u00f3n: Ubicaci\u00f3n correcta de estaciones de Monitoreo Atmosf\u00e9rico y requerimientos de\u00a0 sistema de toma de muestras.<\/p>\n<h3><span style=\"font-size: large;\">Organizadores:<\/span><\/h3>\n<p>Esta actividad se enmarca en el proyecto \u201cMetrolog\u00eda como herramienta para las tecnolog\u00edas energ\u00e9ticas sostenibles y el medio ambiente (M4SET)\u201d implementado por la Organizaci\u00f3n de los Estados Americanos (OEA), en cooperaci\u00f3n con el Instituto Nacional de Est\u00e1ndares y Tecnolog\u00eda (NIST) de los Estados Unidos. La actividad est\u00e1 siendo coordinada juntamente con la Secretar\u00eda del Medio Ambiente del Gobierno de la Ciudad de M\u00e9xico (SEDEMA), y la Agencia de Protecci\u00f3n Ambiental del Gobierno de la Ciudad de Buenos Aires (APRA).<\/p>\n","protected":false},"excerpt":{"rendered":"<p>El objetivo del taller busca mejorar la trazabilidad de las mediciones realizadas en las redes de monitoreo atmosf\u00e9rico en Am\u00e9rica Latina y lograr una red de cooperaci\u00f3n a nivel regional. Adjunto el borrador de la agenda del evento para su referencia.<\/p>\n","protected":false},"author":1,"featured_media":0,"comment_status":"open","ping_status":"closed","template":"","tags":[],"mec_category":[88],"class_list":["post-1680","mec-events","type-mec-events","status-publish","hentry","mec_category-2019-es"],"acf":[],"yoast_head":"<!-- This site is optimized with the Yoast SEO plugin v21.7 - https:\/\/yoast.com\/wordpress\/plugins\/seo\/ -->\n<title>[Taller] &quot;Fortalecimiento de las capacidades t\u00e9cnicas: Control de Calidad para redes de monitoreo de calidad del aire en ciudades Latinoamericanas&quot; - ECPA - Energy and Climate Partnership of the Americas<\/title>\n<meta name=\"robots\" content=\"index, follow, max-snippet:-1, max-image-preview:large, max-video-preview:-1\" \/>\n<link rel=\"canonical\" href=\"https:\/\/ecpamericas.org\/es\/events\/taller-fortalecimiento-de-las-capacidades-tecnicas-control-de-calidad-para-redes-de-monitoreo-de-calidad-del-aire-en-ciudades-latinoamericanas\/\" \/>\n<meta property=\"og:locale\" content=\"es_ES\" \/>\n<meta property=\"og:type\" content=\"article\" \/>\n<meta property=\"og:title\" content=\"[Taller] &quot;Fortalecimiento de las capacidades t\u00e9cnicas: Control de Calidad para redes de monitoreo de calidad del aire en ciudades Latinoamericanas&quot; - ECPA - Energy and Climate Partnership of the Americas\" \/>\n<meta property=\"og:description\" content=\"El objetivo del taller busca mejorar la trazabilidad de las mediciones realizadas en las redes de monitoreo atmosf\u00e9rico en Am\u00e9rica Latina y lograr una red de cooperaci\u00f3n a nivel regional. Adjunto el borrador de la agenda del evento para su referencia.\" \/>\n<meta property=\"og:url\" content=\"https:\/\/ecpamericas.org\/es\/events\/taller-fortalecimiento-de-las-capacidades-tecnicas-control-de-calidad-para-redes-de-monitoreo-de-calidad-del-aire-en-ciudades-latinoamericanas\/\" \/>\n<meta property=\"og:site_name\" content=\"ECPA - Energy and Climate Partnership of the Americas\" \/>\n<meta property=\"article:modified_time\" content=\"2020-12-31T21:40:49+00:00\" \/>\n<meta name=\"twitter:card\" content=\"summary_large_image\" \/>\n<meta name=\"twitter:label1\" content=\"Tiempo de lectura\" \/>\n\t<meta name=\"twitter:data1\" content=\"2 minutos\" \/>\n<script type=\"application\/ld+json\" class=\"yoast-schema-graph\">{\"@context\":\"https:\/\/schema.org\",\"@graph\":[{\"@type\":\"WebPage\",\"@id\":\"https:\/\/ecpamericas.org\/es\/events\/taller-fortalecimiento-de-las-capacidades-tecnicas-control-de-calidad-para-redes-de-monitoreo-de-calidad-del-aire-en-ciudades-latinoamericanas\/\",\"url\":\"https:\/\/ecpamericas.org\/es\/events\/taller-fortalecimiento-de-las-capacidades-tecnicas-control-de-calidad-para-redes-de-monitoreo-de-calidad-del-aire-en-ciudades-latinoamericanas\/\",\"name\":\"[Taller] \\\"Fortalecimiento de las capacidades t\u00e9cnicas: Control de Calidad para redes de monitoreo de calidad del aire en ciudades Latinoamericanas\\\" - ECPA - Energy and Climate Partnership of the Americas\",\"isPartOf\":{\"@id\":\"https:\/\/ecpamericas.org\/es\/#website\"},\"datePublished\":\"2019-08-02T01:34:18+00:00\",\"dateModified\":\"2020-12-31T21:40:49+00:00\",\"breadcrumb\":{\"@id\":\"https:\/\/ecpamericas.org\/es\/events\/taller-fortalecimiento-de-las-capacidades-tecnicas-control-de-calidad-para-redes-de-monitoreo-de-calidad-del-aire-en-ciudades-latinoamericanas\/#breadcrumb\"},\"inLanguage\":\"es\",\"potentialAction\":[{\"@type\":\"ReadAction\",\"target\":[\"https:\/\/ecpamericas.org\/es\/events\/taller-fortalecimiento-de-las-capacidades-tecnicas-control-de-calidad-para-redes-de-monitoreo-de-calidad-del-aire-en-ciudades-latinoamericanas\/\"]}]},{\"@type\":\"BreadcrumbList\",\"@id\":\"https:\/\/ecpamericas.org\/es\/events\/taller-fortalecimiento-de-las-capacidades-tecnicas-control-de-calidad-para-redes-de-monitoreo-de-calidad-del-aire-en-ciudades-latinoamericanas\/#breadcrumb\",\"itemListElement\":[{\"@type\":\"ListItem\",\"position\":1,\"name\":\"Home\",\"item\":\"https:\/\/ecpamericas.org\/es\/\"},{\"@type\":\"ListItem\",\"position\":2,\"name\":\"[Taller] &#8220;Fortalecimiento de las capacidades t\u00e9cnicas: Control de Calidad para redes de monitoreo de calidad del aire en ciudades Latinoamericanas&#8221;\"}]},{\"@type\":\"WebSite\",\"@id\":\"https:\/\/ecpamericas.org\/es\/#website\",\"url\":\"https:\/\/ecpamericas.org\/es\/\",\"name\":\"ECPA - Energy and Climate Partnership of the Americas\",\"description\":\"Promoting cooperation for a sustainable energy future in the Americas\",\"potentialAction\":[{\"@type\":\"SearchAction\",\"target\":{\"@type\":\"EntryPoint\",\"urlTemplate\":\"https:\/\/ecpamericas.org\/es\/?s={search_term_string}\"},\"query-input\":\"required name=search_term_string\"}],\"inLanguage\":\"es\"}]}<\/script>\n<!-- \/ Yoast SEO plugin. -->","yoast_head_json":{"title":"[Taller] \"Fortalecimiento de las capacidades t\u00e9cnicas: Control de Calidad para redes de monitoreo de calidad del aire en ciudades Latinoamericanas\" - ECPA - Energy and Climate Partnership of the Americas","robots":{"index":"index","follow":"follow","max-snippet":"max-snippet:-1","max-image-preview":"max-image-preview:large","max-video-preview":"max-video-preview:-1"},"canonical":"https:\/\/ecpamericas.org\/es\/events\/taller-fortalecimiento-de-las-capacidades-tecnicas-control-de-calidad-para-redes-de-monitoreo-de-calidad-del-aire-en-ciudades-latinoamericanas\/","og_locale":"es_ES","og_type":"article","og_title":"[Taller] \"Fortalecimiento de las capacidades t\u00e9cnicas: Control de Calidad para redes de monitoreo de calidad del aire en ciudades Latinoamericanas\" - ECPA - Energy and Climate Partnership of the Americas","og_description":"El objetivo del taller busca mejorar la trazabilidad de las mediciones realizadas en las redes de monitoreo atmosf\u00e9rico en Am\u00e9rica Latina y lograr una red de cooperaci\u00f3n a nivel regional. Adjunto el borrador de la agenda del evento para su referencia.","og_url":"https:\/\/ecpamericas.org\/es\/events\/taller-fortalecimiento-de-las-capacidades-tecnicas-control-de-calidad-para-redes-de-monitoreo-de-calidad-del-aire-en-ciudades-latinoamericanas\/","og_site_name":"ECPA - Energy and Climate Partnership of the Americas","article_modified_time":"2020-12-31T21:40:49+00:00","twitter_card":"summary_large_image","twitter_misc":{"Tiempo de lectura":"2 minutos"},"schema":{"@context":"https:\/\/schema.org","@graph":[{"@type":"WebPage","@id":"https:\/\/ecpamericas.org\/es\/events\/taller-fortalecimiento-de-las-capacidades-tecnicas-control-de-calidad-para-redes-de-monitoreo-de-calidad-del-aire-en-ciudades-latinoamericanas\/","url":"https:\/\/ecpamericas.org\/es\/events\/taller-fortalecimiento-de-las-capacidades-tecnicas-control-de-calidad-para-redes-de-monitoreo-de-calidad-del-aire-en-ciudades-latinoamericanas\/","name":"[Taller] \"Fortalecimiento de las capacidades t\u00e9cnicas: Control de Calidad para redes de monitoreo de calidad del aire en ciudades Latinoamericanas\" - ECPA - Energy and Climate Partnership of the Americas","isPartOf":{"@id":"https:\/\/ecpamericas.org\/es\/#website"},"datePublished":"2019-08-02T01:34:18+00:00","dateModified":"2020-12-31T21:40:49+00:00","breadcrumb":{"@id":"https:\/\/ecpamericas.org\/es\/events\/taller-fortalecimiento-de-las-capacidades-tecnicas-control-de-calidad-para-redes-de-monitoreo-de-calidad-del-aire-en-ciudades-latinoamericanas\/#breadcrumb"},"inLanguage":"es","potentialAction":[{"@type":"ReadAction","target":["https:\/\/ecpamericas.org\/es\/events\/taller-fortalecimiento-de-las-capacidades-tecnicas-control-de-calidad-para-redes-de-monitoreo-de-calidad-del-aire-en-ciudades-latinoamericanas\/"]}]},{"@type":"BreadcrumbList","@id":"https:\/\/ecpamericas.org\/es\/events\/taller-fortalecimiento-de-las-capacidades-tecnicas-control-de-calidad-para-redes-de-monitoreo-de-calidad-del-aire-en-ciudades-latinoamericanas\/#breadcrumb","itemListElement":[{"@type":"ListItem","position":1,"name":"Home","item":"https:\/\/ecpamericas.org\/es\/"},{"@type":"ListItem","position":2,"name":"[Taller] &#8220;Fortalecimiento de las capacidades t\u00e9cnicas: Control de Calidad para redes de monitoreo de calidad del aire en ciudades Latinoamericanas&#8221;"}]},{"@type":"WebSite","@id":"https:\/\/ecpamericas.org\/es\/#website","url":"https:\/\/ecpamericas.org\/es\/","name":"ECPA - Energy and Climate Partnership of the Americas","description":"Promoting cooperation for a sustainable energy future in the Americas","potentialAction":[{"@type":"SearchAction","target":{"@type":"EntryPoint","urlTemplate":"https:\/\/ecpamericas.org\/es\/?s={search_term_string}"},"query-input":"required name=search_term_string"}],"inLanguage":"es"}]}},"_links":{"self":[{"href":"https:\/\/ecpamericas.org\/es\/wp-json\/wp\/v2\/mec-events\/1680","targetHints":{"allow":["GET"]}}],"collection":[{"href":"https:\/\/ecpamericas.org\/es\/wp-json\/wp\/v2\/mec-events"}],"about":[{"href":"https:\/\/ecpamericas.org\/es\/wp-json\/wp\/v2\/types\/mec-events"}],"author":[{"embeddable":true,"href":"https:\/\/ecpamericas.org\/es\/wp-json\/wp\/v2\/users\/1"}],"replies":[{"embeddable":true,"href":"https:\/\/ecpamericas.org\/es\/wp-json\/wp\/v2\/comments?post=1680"}],"wp:attachment":[{"href":"https:\/\/ecpamericas.org\/es\/wp-json\/wp\/v2\/media?parent=1680"}],"wp:term":[{"taxonomy":"post_tag","embeddable":true,"href":"https:\/\/ecpamericas.org\/es\/wp-json\/wp\/v2\/tags?post=1680"},{"taxonomy":"mec_category","embeddable":true,"href":"https:\/\/ecpamericas.org\/es\/wp-json\/wp\/v2\/mec_category?post=1680"}],"curies":[{"name":"wp","href":"https:\/\/api.w.org\/{rel}","templated":true}]}}

[Taller] «Fortalecimiento de las capacidades técnicas: Control de Calidad para redes de monitoreo de calidad del aire en ciudades Latinoamericanas»

<h3><span style="font-size: large;">Objetivo:</span></h3>
<p>El objetivo del taller busca mejorar la trazabilidad de las mediciones realizadas en las redes de monitoreo atmosférico en América Latina y lograr una red de cooperación a nivel regional. Adjunto el borrador de la agenda del evento para su referencia.</p>
<p class="m_-8386515842531695187APECForm">La actividad consistirá en un Taller teórico práctico que iniciará con la exposición de la situación actual de los distintos países seguido de un entrenamiento en los siguientes temas:</p>
<p class="m_-8386515842531695187APECForm">1)     Técnica y métodos de calibración para los analizadores automáticos y manuales de partículas suspendidas (PM10 y PM2.5),  cálculos para determinar el límite mínimo de detección y su trazabilidad; Métodos de contrastación de métodos  alternativos equivalentes contra métodos de referencia.</p>
<p class="m_-8386515842531695187APECForm">2)     Métodos para asegurar la correcta generación de patrones de calibración. Aire zero, ozono y diluciones utilizado sistemas  de  másica en los sistemas de calibración de gases criterio. Calculo de incertidumbre de las diluciones.</p>
<p class="m_-8386515842531695187APECForm">3)      Determinación de  la incertidumbre en las mediciones de los contaminantes criterio: O3, NOx, CO, SO2 y Material  Particulado utilizando FRM/FEM.</p>
<p class="m_-8386515842531695187APECForm">4)     Representatividad del punto de medición: Ubicación correcta de estaciones de Monitoreo Atmosférico y requerimientos de  sistema de toma de muestras.</p>
<p class="m_-8386515842531695187APECForm">5)     Técnica y métodos de calibración para los analizadores automáticos y manuales de partículas suspendidas (PM10 y PM2.5),  cálculos para determinar el límite mínimo de detección y su trazabilidad; Métodos de contrastación de métodos alternativos  equivalentes contra métodos de referencia.</p>
<p class="m_-8386515842531695187APECForm">6)     Métodos para asegurar la correcta generación de patrones de calibración. Aire zero, ozono y diluciones utilizado sistemas  de  dilución másica en los sistemas de calibración de gases criterio. Calculo de incertidumbre de las diluciones.</p>
<p class="m_-8386515842531695187APECForm">7)     Determinación de  la incertidumbre en las mediciones de los contaminantes criterio: O3, NOx, CO, SO2 y Material  Particulado utilizando FRM/FEM.</p>
<p class="m_-8386515842531695187APECForm">8)     Representatividad del punto de medición: Ubicación correcta de estaciones de Monitoreo Atmosférico y requerimientos de  sistema de toma de muestras.</p>
<h3><span style="font-size: large;">Organizadores:</span></h3>
<p>Esta actividad se enmarca en el proyecto “Metrología como herramienta para las tecnologías energéticas sostenibles y el medio ambiente (M4SET)” implementado por la Organización de los Estados Americanos (OEA), en cooperación con el Instituto Nacional de Estándares y Tecnología (NIST) de los Estados Unidos. La actividad está siendo coordinada juntamente con la Secretaría del Medio Ambiente del Gobierno de la Ciudad de México (SEDEMA), y la Agencia de Protección Ambiental del Gobierno de la Ciudad de Buenos Aires (APRA).</p>

<p>El objetivo del taller busca mejorar la trazabilidad de las mediciones realizadas en las redes de monitoreo atmosférico en América Latina y lograr una red de cooperación a nivel regional. Adjunto el borrador de la agenda del evento para su referencia.</p>

<!-- This site is optimized with the Yoast SEO plugin v21.7 - https://yoast.com/wordpress/plugins/seo/ -->
<title>[Taller] &quot;Fortalecimiento de las capacidades técnicas: Control de Calidad para redes de monitoreo de calidad del aire en ciudades Latinoamericanas&quot; - ECPA - Energy and Climate Partnership of the Americas</title>
<meta name="robots" content="index, follow, max-snippet:-1, max-image-preview:large, max-video-preview:-1" />
<link rel="canonical" href="https://ecpamericas.org/es/events/taller-fortalecimiento-de-las-capacidades-tecnicas-control-de-calidad-para-redes-de-monitoreo-de-calidad-del-aire-en-ciudades-latinoamericanas/" />
<meta property="og:locale" content="es_ES" />
<meta property="og:type" content="article" />
<meta property="og:title" content="[Taller] &quot;Fortalecimiento de las capacidades técnicas: Control de Calidad para redes de monitoreo de calidad del aire en ciudades Latinoamericanas&quot; - ECPA - Energy and Climate Partnership of the Americas" />
<meta property="og:description" content="El objetivo del taller busca mejorar la trazabilidad de las mediciones realizadas en las redes de monitoreo atmosférico en América Latina y lograr una red de cooperación a nivel regional. Adjunto el borrador de la agenda del evento para su referencia." />
<meta property="og:url" content="https://ecpamericas.org/es/events/taller-fortalecimiento-de-las-capacidades-tecnicas-control-de-calidad-para-redes-de-monitoreo-de-calidad-del-aire-en-ciudades-latinoamericanas/" />
<meta property="og:site_name" content="ECPA - Energy and Climate Partnership of the Americas" />
<meta property="article:modified_time" content="2020-12-31T21:40:49+00:00" />
<meta name="twitter:card" content="summary_large_image" />
<meta name="twitter:label1" content="Tiempo de lectura" />
	<meta name="twitter:data1" content="2 minutos" />
<script type="application/ld+json" class="yoast-schema-graph">{"@context":"https://schema.org","@graph":[{"@type":"WebPage","@id":"https://ecpamericas.org/es/events/taller-fortalecimiento-de-las-capacidades-tecnicas-control-de-calidad-para-redes-de-monitoreo-de-calidad-del-aire-en-ciudades-latinoamericanas/","url":"https://ecpamericas.org/es/events/taller-fortalecimiento-de-las-capacidades-tecnicas-control-de-calidad-para-redes-de-monitoreo-de-calidad-del-aire-en-ciudades-latinoamericanas/","name":"[Taller] \"Fortalecimiento de las capacidades técnicas: Control de Calidad para redes de monitoreo de calidad del aire en ciudades Latinoamericanas\" - ECPA - Energy and Climate Partnership of the Americas","isPartOf":{"@id":"https://ecpamericas.org/es/#website"},"datePublished":"2019-08-02T01:34:18+00:00","dateModified":"2020-12-31T21:40:49+00:00","breadcrumb":{"@id":"https://ecpamericas.org/es/events/taller-fortalecimiento-de-las-capacidades-tecnicas-control-de-calidad-para-redes-de-monitoreo-de-calidad-del-aire-en-ciudades-latinoamericanas/#breadcrumb"},"inLanguage":"es","potentialAction":[{"@type":"ReadAction","target":["https://ecpamericas.org/es/events/taller-fortalecimiento-de-las-capacidades-tecnicas-control-de-calidad-para-redes-de-monitoreo-de-calidad-del-aire-en-ciudades-latinoamericanas/"]}]},{"@type":"BreadcrumbList","@id":"https://ecpamericas.org/es/events/taller-fortalecimiento-de-las-capacidades-tecnicas-control-de-calidad-para-redes-de-monitoreo-de-calidad-del-aire-en-ciudades-latinoamericanas/#breadcrumb","itemListElement":[{"@type":"ListItem","position":1,"name":"Home","item":"https://ecpamericas.org/es/"},{"@type":"ListItem","position":2,"name":"[Taller] &#8220;Fortalecimiento de las capacidades técnicas: Control de Calidad para redes de monitoreo de calidad del aire en ciudades Latinoamericanas&#8221;"}]},{"@type":"WebSite","@id":"https://ecpamericas.org/es/#website","url":"https://ecpamericas.org/es/","name":"ECPA - Energy and Climate Partnership of the Americas","description":"Promoting cooperation for a sustainable energy future in the Americas","potentialAction":[{"@type":"SearchAction","target":{"@type":"EntryPoint","urlTemplate":"https://ecpamericas.org/es/?s={search_term_string}"},"query-input":"required name=search_term_string"}],"inLanguage":"es"}]}</script>
<!-- / Yoast SEO plugin. -->

[Taller] "Fortalecimiento de las capacidades técnicas: Control de Calidad para redes de monitoreo de calidad del aire en ciudades Latinoamericanas" - ECPA - Energy and Climate Partnership of the Americas

El objetivo del taller busca mejorar la trazabilidad de las mediciones realizadas en las redes de monitoreo atmosférico en América Latina y lograr una red de cooperación a nivel regional. Adjunto el borrador de la agenda del evento para su referencia.

[Taller] &#8220;Fortalecimiento de las capacidades técnicas: Control de Calidad para redes de monitoreo de calidad del aire en ciudades Latinoamericanas&#8221;
