{"id":1668,"date":"2019-08-22T19:50:23","date_gmt":"2019-08-23T00:50:23","guid":{"rendered":"https:\/\/ecpamericas.org\/?post_type=mec-events&#038;p=1668"},"modified":"2020-12-31T16:40:08","modified_gmt":"2020-12-31T21:40:08","slug":"movilidad-electrica-en-el-caribe-diseno-de-una-hoja-ruta-hacia-el-transporte-sostenible","status":"publish","type":"mec-events","link":"https:\/\/ecpamericas.org\/es\/events\/movilidad-electrica-en-el-caribe-diseno-de-una-hoja-ruta-hacia-el-transporte-sostenible\/","title":{"rendered":"Movilidad el\u00e9ctrica en el Caribe: dise\u00f1o de una hoja ruta hacia el transporte sostenible"},"content":{"rendered":"<p>.<\/p>\n","protected":false},"excerpt":{"rendered":"<p>El Di\u00e1logo Interamericano y New Energy Events, en asociaci\u00f3n con el Banco Interamericano de Desarrollo y la Organizaci\u00f3n de los Estados Americanos, se complace en anunciar un taller durante el Foro de Energ\u00eda Renovable del Caribe de 2019.<\/p>\n","protected":false},"author":1,"featured_media":0,"comment_status":"open","ping_status":"closed","template":"","tags":[],"mec_category":[88],"class_list":["post-1668","mec-events","type-mec-events","status-publish","hentry","mec_category-2019-es"],"acf":[],"yoast_head":"<!-- This site is optimized with the Yoast SEO plugin v21.7 - https:\/\/yoast.com\/wordpress\/plugins\/seo\/ -->\n<title>Movilidad el\u00e9ctrica en el Caribe: dise\u00f1o de una hoja ruta hacia el transporte sostenible - ECPA - Energy and Climate Partnership of the Americas<\/title>\n<meta name=\"robots\" content=\"index, follow, max-snippet:-1, max-image-preview:large, max-video-preview:-1\" \/>\n<link rel=\"canonical\" href=\"https:\/\/ecpamericas.org\/es\/events\/movilidad-electrica-en-el-caribe-diseno-de-una-hoja-ruta-hacia-el-transporte-sostenible\/\" \/>\n<meta property=\"og:locale\" content=\"es_ES\" \/>\n<meta property=\"og:type\" content=\"article\" \/>\n<meta property=\"og:title\" content=\"Movilidad el\u00e9ctrica en el Caribe: dise\u00f1o de una hoja ruta hacia el transporte sostenible - ECPA - Energy and Climate Partnership of the Americas\" \/>\n<meta property=\"og:description\" content=\"El Di\u00e1logo Interamericano y New Energy Events, en asociaci\u00f3n con el Banco Interamericano de Desarrollo y la Organizaci\u00f3n de los Estados Americanos, se complace en anunciar un taller durante el Foro de Energ\u00eda Renovable del Caribe de 2019.\" \/>\n<meta property=\"og:url\" content=\"https:\/\/ecpamericas.org\/es\/events\/movilidad-electrica-en-el-caribe-diseno-de-una-hoja-ruta-hacia-el-transporte-sostenible\/\" \/>\n<meta property=\"og:site_name\" content=\"ECPA - Energy and Climate Partnership of the Americas\" \/>\n<meta property=\"article:modified_time\" content=\"2020-12-31T21:40:08+00:00\" \/>\n<meta name=\"twitter:card\" content=\"summary_large_image\" \/>\n<script type=\"application\/ld+json\" class=\"yoast-schema-graph\">{\"@context\":\"https:\/\/schema.org\",\"@graph\":[{\"@type\":\"WebPage\",\"@id\":\"https:\/\/ecpamericas.org\/es\/events\/movilidad-electrica-en-el-caribe-diseno-de-una-hoja-ruta-hacia-el-transporte-sostenible\/\",\"url\":\"https:\/\/ecpamericas.org\/es\/events\/movilidad-electrica-en-el-caribe-diseno-de-una-hoja-ruta-hacia-el-transporte-sostenible\/\",\"name\":\"Movilidad el\u00e9ctrica en el Caribe: dise\u00f1o de una hoja ruta hacia el transporte sostenible - ECPA - Energy and Climate Partnership of the Americas\",\"isPartOf\":{\"@id\":\"https:\/\/ecpamericas.org\/es\/#website\"},\"datePublished\":\"2019-08-23T00:50:23+00:00\",\"dateModified\":\"2020-12-31T21:40:08+00:00\",\"breadcrumb\":{\"@id\":\"https:\/\/ecpamericas.org\/es\/events\/movilidad-electrica-en-el-caribe-diseno-de-una-hoja-ruta-hacia-el-transporte-sostenible\/#breadcrumb\"},\"inLanguage\":\"es\",\"potentialAction\":[{\"@type\":\"ReadAction\",\"target\":[\"https:\/\/ecpamericas.org\/es\/events\/movilidad-electrica-en-el-caribe-diseno-de-una-hoja-ruta-hacia-el-transporte-sostenible\/\"]}]},{\"@type\":\"BreadcrumbList\",\"@id\":\"https:\/\/ecpamericas.org\/es\/events\/movilidad-electrica-en-el-caribe-diseno-de-una-hoja-ruta-hacia-el-transporte-sostenible\/#breadcrumb\",\"itemListElement\":[{\"@type\":\"ListItem\",\"position\":1,\"name\":\"Home\",\"item\":\"https:\/\/ecpamericas.org\/es\/\"},{\"@type\":\"ListItem\",\"position\":2,\"name\":\"Movilidad el\u00e9ctrica en el Caribe: dise\u00f1o de una hoja ruta hacia el transporte sostenible\"}]},{\"@type\":\"WebSite\",\"@id\":\"https:\/\/ecpamericas.org\/es\/#website\",\"url\":\"https:\/\/ecpamericas.org\/es\/\",\"name\":\"ECPA - Energy and Climate Partnership of the Americas\",\"description\":\"Promoting cooperation for a sustainable energy future in the Americas\",\"potentialAction\":[{\"@type\":\"SearchAction\",\"target\":{\"@type\":\"EntryPoint\",\"urlTemplate\":\"https:\/\/ecpamericas.org\/es\/?s={search_term_string}\"},\"query-input\":\"required name=search_term_string\"}],\"inLanguage\":\"es\"}]}<\/script>\n<!-- \/ Yoast SEO plugin. -->","yoast_head_json":{"title":"Movilidad el\u00e9ctrica en el Caribe: dise\u00f1o de una hoja ruta hacia el transporte sostenible - ECPA - Energy and Climate Partnership of the Americas","robots":{"index":"index","follow":"follow","max-snippet":"max-snippet:-1","max-image-preview":"max-image-preview:large","max-video-preview":"max-video-preview:-1"},"canonical":"https:\/\/ecpamericas.org\/es\/events\/movilidad-electrica-en-el-caribe-diseno-de-una-hoja-ruta-hacia-el-transporte-sostenible\/","og_locale":"es_ES","og_type":"article","og_title":"Movilidad el\u00e9ctrica en el Caribe: dise\u00f1o de una hoja ruta hacia el transporte sostenible - ECPA - Energy and Climate Partnership of the Americas","og_description":"El Di\u00e1logo Interamericano y New Energy Events, en asociaci\u00f3n con el Banco Interamericano de Desarrollo y la Organizaci\u00f3n de los Estados Americanos, se complace en anunciar un taller durante el Foro de Energ\u00eda Renovable del Caribe de 2019.","og_url":"https:\/\/ecpamericas.org\/es\/events\/movilidad-electrica-en-el-caribe-diseno-de-una-hoja-ruta-hacia-el-transporte-sostenible\/","og_site_name":"ECPA - Energy and Climate Partnership of the Americas","article_modified_time":"2020-12-31T21:40:08+00:00","twitter_card":"summary_large_image","schema":{"@context":"https:\/\/schema.org","@graph":[{"@type":"WebPage","@id":"https:\/\/ecpamericas.org\/es\/events\/movilidad-electrica-en-el-caribe-diseno-de-una-hoja-ruta-hacia-el-transporte-sostenible\/","url":"https:\/\/ecpamericas.org\/es\/events\/movilidad-electrica-en-el-caribe-diseno-de-una-hoja-ruta-hacia-el-transporte-sostenible\/","name":"Movilidad el\u00e9ctrica en el Caribe: dise\u00f1o de una hoja ruta hacia el transporte sostenible - ECPA - Energy and Climate Partnership of the Americas","isPartOf":{"@id":"https:\/\/ecpamericas.org\/es\/#website"},"datePublished":"2019-08-23T00:50:23+00:00","dateModified":"2020-12-31T21:40:08+00:00","breadcrumb":{"@id":"https:\/\/ecpamericas.org\/es\/events\/movilidad-electrica-en-el-caribe-diseno-de-una-hoja-ruta-hacia-el-transporte-sostenible\/#breadcrumb"},"inLanguage":"es","potentialAction":[{"@type":"ReadAction","target":["https:\/\/ecpamericas.org\/es\/events\/movilidad-electrica-en-el-caribe-diseno-de-una-hoja-ruta-hacia-el-transporte-sostenible\/"]}]},{"@type":"BreadcrumbList","@id":"https:\/\/ecpamericas.org\/es\/events\/movilidad-electrica-en-el-caribe-diseno-de-una-hoja-ruta-hacia-el-transporte-sostenible\/#breadcrumb","itemListElement":[{"@type":"ListItem","position":1,"name":"Home","item":"https:\/\/ecpamericas.org\/es\/"},{"@type":"ListItem","position":2,"name":"Movilidad el\u00e9ctrica en el Caribe: dise\u00f1o de una hoja ruta hacia el transporte sostenible"}]},{"@type":"WebSite","@id":"https:\/\/ecpamericas.org\/es\/#website","url":"https:\/\/ecpamericas.org\/es\/","name":"ECPA - Energy and Climate Partnership of the Americas","description":"Promoting cooperation for a sustainable energy future in the Americas","potentialAction":[{"@type":"SearchAction","target":{"@type":"EntryPoint","urlTemplate":"https:\/\/ecpamericas.org\/es\/?s={search_term_string}"},"query-input":"required name=search_term_string"}],"inLanguage":"es"}]}},"_links":{"self":[{"href":"https:\/\/ecpamericas.org\/es\/wp-json\/wp\/v2\/mec-events\/1668","targetHints":{"allow":["GET"]}}],"collection":[{"href":"https:\/\/ecpamericas.org\/es\/wp-json\/wp\/v2\/mec-events"}],"about":[{"href":"https:\/\/ecpamericas.org\/es\/wp-json\/wp\/v2\/types\/mec-events"}],"author":[{"embeddable":true,"href":"https:\/\/ecpamericas.org\/es\/wp-json\/wp\/v2\/users\/1"}],"replies":[{"embeddable":true,"href":"https:\/\/ecpamericas.org\/es\/wp-json\/wp\/v2\/comments?post=1668"}],"wp:attachment":[{"href":"https:\/\/ecpamericas.org\/es\/wp-json\/wp\/v2\/media?parent=1668"}],"wp:term":[{"taxonomy":"post_tag","embeddable":true,"href":"https:\/\/ecpamericas.org\/es\/wp-json\/wp\/v2\/tags?post=1668"},{"taxonomy":"mec_category","embeddable":true,"href":"https:\/\/ecpamericas.org\/es\/wp-json\/wp\/v2\/mec_category?post=1668"}],"curies":[{"name":"wp","href":"https:\/\/api.w.org\/{rel}","templated":true}]}}

Movilidad eléctrica en el Caribe: diseño de una hoja ruta hacia el transporte sostenible

<p>El Diálogo Interamericano y New Energy Events, en asociación con el Banco Interamericano de Desarrollo y la Organización de los Estados Americanos, se complace en anunciar un taller durante el Foro de Energía Renovable del Caribe de 2019.</p>

<!-- This site is optimized with the Yoast SEO plugin v21.7 - https://yoast.com/wordpress/plugins/seo/ -->
<title>Movilidad eléctrica en el Caribe: diseño de una hoja ruta hacia el transporte sostenible - ECPA - Energy and Climate Partnership of the Americas</title>
<meta name="robots" content="index, follow, max-snippet:-1, max-image-preview:large, max-video-preview:-1" />
<link rel="canonical" href="https://ecpamericas.org/es/events/movilidad-electrica-en-el-caribe-diseno-de-una-hoja-ruta-hacia-el-transporte-sostenible/" />
<meta property="og:locale" content="es_ES" />
<meta property="og:type" content="article" />
<meta property="og:title" content="Movilidad eléctrica en el Caribe: diseño de una hoja ruta hacia el transporte sostenible - ECPA - Energy and Climate Partnership of the Americas" />
<meta property="og:description" content="El Diálogo Interamericano y New Energy Events, en asociación con el Banco Interamericano de Desarrollo y la Organización de los Estados Americanos, se complace en anunciar un taller durante el Foro de Energía Renovable del Caribe de 2019." />
<meta property="og:url" content="https://ecpamericas.org/es/events/movilidad-electrica-en-el-caribe-diseno-de-una-hoja-ruta-hacia-el-transporte-sostenible/" />
<meta property="og:site_name" content="ECPA - Energy and Climate Partnership of the Americas" />
<meta property="article:modified_time" content="2020-12-31T21:40:08+00:00" />
<meta name="twitter:card" content="summary_large_image" />
<script type="application/ld+json" class="yoast-schema-graph">{"@context":"https://schema.org","@graph":[{"@type":"WebPage","@id":"https://ecpamericas.org/es/events/movilidad-electrica-en-el-caribe-diseno-de-una-hoja-ruta-hacia-el-transporte-sostenible/","url":"https://ecpamericas.org/es/events/movilidad-electrica-en-el-caribe-diseno-de-una-hoja-ruta-hacia-el-transporte-sostenible/","name":"Movilidad eléctrica en el Caribe: diseño de una hoja ruta hacia el transporte sostenible - ECPA - Energy and Climate Partnership of the Americas","isPartOf":{"@id":"https://ecpamericas.org/es/#website"},"datePublished":"2019-08-23T00:50:23+00:00","dateModified":"2020-12-31T21:40:08+00:00","breadcrumb":{"@id":"https://ecpamericas.org/es/events/movilidad-electrica-en-el-caribe-diseno-de-una-hoja-ruta-hacia-el-transporte-sostenible/#breadcrumb"},"inLanguage":"es","potentialAction":[{"@type":"ReadAction","target":["https://ecpamericas.org/es/events/movilidad-electrica-en-el-caribe-diseno-de-una-hoja-ruta-hacia-el-transporte-sostenible/"]}]},{"@type":"BreadcrumbList","@id":"https://ecpamericas.org/es/events/movilidad-electrica-en-el-caribe-diseno-de-una-hoja-ruta-hacia-el-transporte-sostenible/#breadcrumb","itemListElement":[{"@type":"ListItem","position":1,"name":"Home","item":"https://ecpamericas.org/es/"},{"@type":"ListItem","position":2,"name":"Movilidad eléctrica en el Caribe: diseño de una hoja ruta hacia el transporte sostenible"}]},{"@type":"WebSite","@id":"https://ecpamericas.org/es/#website","url":"https://ecpamericas.org/es/","name":"ECPA - Energy and Climate Partnership of the Americas","description":"Promoting cooperation for a sustainable energy future in the Americas","potentialAction":[{"@type":"SearchAction","target":{"@type":"EntryPoint","urlTemplate":"https://ecpamericas.org/es/?s={search_term_string}"},"query-input":"required name=search_term_string"}],"inLanguage":"es"}]}</script>
<!-- / Yoast SEO plugin. -->

Movilidad eléctrica en el Caribe: diseño de una hoja ruta hacia el transporte sostenible - ECPA - Energy and Climate Partnership of the Americas

El Diálogo Interamericano y New Energy Events, en asociación con el Banco Interamericano de Desarrollo y la Organización de los Estados Americanos, se complace en anunciar un taller durante el Foro de Energía Renovable del Caribe de 2019.
