{"id":1666,"date":"2019-04-01T19:39:50","date_gmt":"2019-04-02T00:39:50","guid":{"rendered":"https:\/\/ecpamericas.org\/?post_type=mec-events&#038;p=1666"},"modified":"2020-12-31T16:42:07","modified_gmt":"2020-12-31T21:42:07","slug":"movilidad-electrica-en-las-americas-estrategias-regionales-para-los-desafios-comunes","status":"publish","type":"mec-events","link":"https:\/\/ecpamericas.org\/es\/events\/movilidad-electrica-en-las-americas-estrategias-regionales-para-los-desafios-comunes\/","title":{"rendered":"Movilidad El\u00e9ctrica en las Am\u00e9ricas: Estrategias Regionales para los Desaf\u00edos Comunes"},"content":{"rendered":"<h3>\u00a0 \u00a0 \u00a0 \u00a0 \u00a0 \u00a0\u00a0<a href=\"http:\/\/www.oas.org\/es\/default.asp\"><img decoding=\"async\" src=\"https:\/\/ecpamericas.org\/assets\/Site_32\/images\/Logos\/OAS%20Logos\/OEA-ESP-Main-01%20small.png\" alt=\"\" \/><\/a><span style=\"color: #777777;\">\u00a0 \u00a0 \u00a0 \u00a0 \u00a0 \u00a0 \u00a0 \u00a0\u00a0<\/span><a href=\"http:\/\/www.energia.gob.cl\/\"><img decoding=\"async\" src=\"https:\/\/ecpamericas.org\/assets\/Site_32\/images\/Logos\/Logotipo_del_Ministerio_de_Energ%C3%ADa_de_Chile%20SM.png\" alt=\"\" \/><\/a><\/h3>\n<h3><span style=\"font-size: x-large;\">\u00a0Seminario y Taller<\/span><\/h3>\n<h3><span style=\"font-size: medium;\">Participantes:<\/span><\/h3>\n<p>-Expertos y tomadores de decisiones de los ministerios de energ\u00eda en los pa\u00edses de las Am\u00e9ricas.<\/p>\n<p>-Emprendedores, Industria, e Instituciones financieras.<\/p>\n<p>-Autom\u00f3vil Clubes.<\/p>\n<p>-Instituciones acad\u00e9micas y de investigaci\u00f3n.<\/p>\n<h3><span style=\"font-size: medium;\">Objetivo:<\/span><\/h3>\n<p>Facilitar el intercambio de experiencias y lecciones aprendidas en movilidad el\u00e9ctrica entre los pa\u00edses de las Am\u00e9ricas para contribuir al despligue de pol\u00edticas, regulaciones y est\u00e1dalres consistentes. Adem\u00e1s, el seminario y el taller promover\u00e1n los esfuerzos de coordinaci\u00f3n entre las partes interesadas con respecto al conocimiento y promover\u00e1n un di\u00e1logo sobre los desaf\u00edos relacionados con los procesos de implementaci\u00f3n de la movilidad el\u00e9ctrica. Los participantes lograr\u00e1n:<\/p>\n<p>1. Obtener informaci\u00f3n sobre estrategias de movilidad el\u00e9ctrica, mejores pr\u00e1cticas y lecciones aprendidas dentro y fuera de la regi\u00f3n.<\/p>\n<p>2. Compartir conocimientos sobre las nomras y regulaciones de las estaciones de carga seguras, eficientes y sostenibles.<\/p>\n<p>3. Explorar oportunidades para la implementaci\u00f3n de cadenas de valor regionales.<\/p>\n<p>4. Facilitar la colaboraci\u00f3n para abordar los desaf\u00edops de la movilidad el\u00e9ctrica compartida.<\/p>\n<p>Todas las sesiones ser\u00e1n grabadas para preparar un Documento de Conclusiones tras el evento.<\/p>\n<h3><span style=\"font-size: medium;\">Resultados esperados:<\/span><\/h3>\n<p>Dise\u00f1o e implementaci\u00f3n de acuerdos voluntarios entre pa\u00edses, orientados a identificar sinergias y proponer acciones de colaboraci\u00f3n en movilidad el\u00e9ctrica.<\/p>\n<p>Vea agenda,\u00a0<a href=\"https:\/\/ecpamericas.org\/assets\/Site_32\/files\/Eventos\/2019\/San%20Jose%20Prep%20Meeting%20Agenda_esp.pdf\">aqu\u00ed<\/a>.<\/p>\n<p><strong>Art\u00edculos relacionados:<\/strong><\/p>\n<p>jueves, 09 mayo, 2019 &#8211;\u00a0<a href=\"http:\/\/http\/\/sp.ecpamericas.org\/News\/Default.aspx?id=3559\">Ministra Jim\u00e9nez encanbez Seminario Internacional de Electromovilidad para las Am\u00e9ricas<\/a><\/p>\n<p>viernes, 03 de mayo de 2019 &#8211;\u00a0<a href=\"http:\/\/http\/\/sp.ecpamericas.org\/News\/Default.aspx?id=3555\">Repensar el transporte urbano<\/a><\/p>\n","protected":false},"excerpt":{"rendered":"<p>Dise\u00f1o e implementaci\u00f3n de acuerdos voluntarios entre pa\u00edses, orientados a identificar sinergias y proponer acciones de colaboraci\u00f3n en movilidad el\u00e9ctrica.<\/p>\n","protected":false},"author":1,"featured_media":0,"comment_status":"open","ping_status":"closed","template":"","tags":[],"mec_category":[88],"class_list":["post-1666","mec-events","type-mec-events","status-publish","hentry","mec_category-2019-es"],"acf":[],"yoast_head":"<!-- This site is optimized with the Yoast SEO plugin v21.7 - https:\/\/yoast.com\/wordpress\/plugins\/seo\/ -->\n<title>Movilidad El\u00e9ctrica en las Am\u00e9ricas: Estrategias Regionales para los Desaf\u00edos Comunes - ECPA - Energy and Climate Partnership of the Americas<\/title>\n<meta name=\"robots\" content=\"index, follow, max-snippet:-1, max-image-preview:large, max-video-preview:-1\" \/>\n<link rel=\"canonical\" href=\"https:\/\/ecpamericas.org\/es\/events\/movilidad-electrica-en-las-americas-estrategias-regionales-para-los-desafios-comunes\/\" \/>\n<meta property=\"og:locale\" content=\"es_ES\" \/>\n<meta property=\"og:type\" content=\"article\" \/>\n<meta property=\"og:title\" content=\"Movilidad El\u00e9ctrica en las Am\u00e9ricas: Estrategias Regionales para los Desaf\u00edos Comunes - ECPA - Energy and Climate Partnership of the Americas\" \/>\n<meta property=\"og:description\" content=\"Dise\u00f1o e implementaci\u00f3n de acuerdos voluntarios entre pa\u00edses, orientados a identificar sinergias y proponer acciones de colaboraci\u00f3n en movilidad el\u00e9ctrica.\" \/>\n<meta property=\"og:url\" content=\"https:\/\/ecpamericas.org\/es\/events\/movilidad-electrica-en-las-americas-estrategias-regionales-para-los-desafios-comunes\/\" \/>\n<meta property=\"og:site_name\" content=\"ECPA - Energy and Climate Partnership of the Americas\" \/>\n<meta property=\"article:modified_time\" content=\"2020-12-31T21:42:07+00:00\" \/>\n<meta property=\"og:image\" content=\"https:\/\/ecpamericas.org\/assets\/Site_32\/images\/Logos\/OAS%20Logos\/OEA-ESP-Main-01%20small.png\" \/>\n<meta name=\"twitter:card\" content=\"summary_large_image\" \/>\n<meta name=\"twitter:label1\" content=\"Tiempo de lectura\" \/>\n\t<meta name=\"twitter:data1\" content=\"1 minuto\" \/>\n<script type=\"application\/ld+json\" class=\"yoast-schema-graph\">{\"@context\":\"https:\/\/schema.org\",\"@graph\":[{\"@type\":\"WebPage\",\"@id\":\"https:\/\/ecpamericas.org\/es\/events\/movilidad-electrica-en-las-americas-estrategias-regionales-para-los-desafios-comunes\/\",\"url\":\"https:\/\/ecpamericas.org\/es\/events\/movilidad-electrica-en-las-americas-estrategias-regionales-para-los-desafios-comunes\/\",\"name\":\"Movilidad El\u00e9ctrica en las Am\u00e9ricas: Estrategias Regionales para los Desaf\u00edos Comunes - ECPA - Energy and Climate Partnership of the Americas\",\"isPartOf\":{\"@id\":\"https:\/\/ecpamericas.org\/es\/#website\"},\"datePublished\":\"2019-04-02T00:39:50+00:00\",\"dateModified\":\"2020-12-31T21:42:07+00:00\",\"breadcrumb\":{\"@id\":\"https:\/\/ecpamericas.org\/es\/events\/movilidad-electrica-en-las-americas-estrategias-regionales-para-los-desafios-comunes\/#breadcrumb\"},\"inLanguage\":\"es\",\"potentialAction\":[{\"@type\":\"ReadAction\",\"target\":[\"https:\/\/ecpamericas.org\/es\/events\/movilidad-electrica-en-las-americas-estrategias-regionales-para-los-desafios-comunes\/\"]}]},{\"@type\":\"BreadcrumbList\",\"@id\":\"https:\/\/ecpamericas.org\/es\/events\/movilidad-electrica-en-las-americas-estrategias-regionales-para-los-desafios-comunes\/#breadcrumb\",\"itemListElement\":[{\"@type\":\"ListItem\",\"position\":1,\"name\":\"Home\",\"item\":\"https:\/\/ecpamericas.org\/es\/\"},{\"@type\":\"ListItem\",\"position\":2,\"name\":\"Movilidad El\u00e9ctrica en las Am\u00e9ricas: Estrategias Regionales para los Desaf\u00edos Comunes\"}]},{\"@type\":\"WebSite\",\"@id\":\"https:\/\/ecpamericas.org\/es\/#website\",\"url\":\"https:\/\/ecpamericas.org\/es\/\",\"name\":\"ECPA - Energy and Climate Partnership of the Americas\",\"description\":\"Promoting cooperation for a sustainable energy future in the Americas\",\"potentialAction\":[{\"@type\":\"SearchAction\",\"target\":{\"@type\":\"EntryPoint\",\"urlTemplate\":\"https:\/\/ecpamericas.org\/es\/?s={search_term_string}\"},\"query-input\":\"required name=search_term_string\"}],\"inLanguage\":\"es\"}]}<\/script>\n<!-- \/ Yoast SEO plugin. -->","yoast_head_json":{"title":"Movilidad El\u00e9ctrica en las Am\u00e9ricas: Estrategias Regionales para los Desaf\u00edos Comunes - ECPA - Energy and Climate Partnership of the Americas","robots":{"index":"index","follow":"follow","max-snippet":"max-snippet:-1","max-image-preview":"max-image-preview:large","max-video-preview":"max-video-preview:-1"},"canonical":"https:\/\/ecpamericas.org\/es\/events\/movilidad-electrica-en-las-americas-estrategias-regionales-para-los-desafios-comunes\/","og_locale":"es_ES","og_type":"article","og_title":"Movilidad El\u00e9ctrica en las Am\u00e9ricas: Estrategias Regionales para los Desaf\u00edos Comunes - ECPA - Energy and Climate Partnership of the Americas","og_description":"Dise\u00f1o e implementaci\u00f3n de acuerdos voluntarios entre pa\u00edses, orientados a identificar sinergias y proponer acciones de colaboraci\u00f3n en movilidad el\u00e9ctrica.","og_url":"https:\/\/ecpamericas.org\/es\/events\/movilidad-electrica-en-las-americas-estrategias-regionales-para-los-desafios-comunes\/","og_site_name":"ECPA - Energy and Climate Partnership of the Americas","article_modified_time":"2020-12-31T21:42:07+00:00","og_image":[{"url":"https:\/\/ecpamericas.org\/assets\/Site_32\/images\/Logos\/OAS%20Logos\/OEA-ESP-Main-01%20small.png"}],"twitter_card":"summary_large_image","twitter_misc":{"Tiempo de lectura":"1 minuto"},"schema":{"@context":"https:\/\/schema.org","@graph":[{"@type":"WebPage","@id":"https:\/\/ecpamericas.org\/es\/events\/movilidad-electrica-en-las-americas-estrategias-regionales-para-los-desafios-comunes\/","url":"https:\/\/ecpamericas.org\/es\/events\/movilidad-electrica-en-las-americas-estrategias-regionales-para-los-desafios-comunes\/","name":"Movilidad El\u00e9ctrica en las Am\u00e9ricas: Estrategias Regionales para los Desaf\u00edos Comunes - ECPA - Energy and Climate Partnership of the Americas","isPartOf":{"@id":"https:\/\/ecpamericas.org\/es\/#website"},"datePublished":"2019-04-02T00:39:50+00:00","dateModified":"2020-12-31T21:42:07+00:00","breadcrumb":{"@id":"https:\/\/ecpamericas.org\/es\/events\/movilidad-electrica-en-las-americas-estrategias-regionales-para-los-desafios-comunes\/#breadcrumb"},"inLanguage":"es","potentialAction":[{"@type":"ReadAction","target":["https:\/\/ecpamericas.org\/es\/events\/movilidad-electrica-en-las-americas-estrategias-regionales-para-los-desafios-comunes\/"]}]},{"@type":"BreadcrumbList","@id":"https:\/\/ecpamericas.org\/es\/events\/movilidad-electrica-en-las-americas-estrategias-regionales-para-los-desafios-comunes\/#breadcrumb","itemListElement":[{"@type":"ListItem","position":1,"name":"Home","item":"https:\/\/ecpamericas.org\/es\/"},{"@type":"ListItem","position":2,"name":"Movilidad El\u00e9ctrica en las Am\u00e9ricas: Estrategias Regionales para los Desaf\u00edos Comunes"}]},{"@type":"WebSite","@id":"https:\/\/ecpamericas.org\/es\/#website","url":"https:\/\/ecpamericas.org\/es\/","name":"ECPA - Energy and Climate Partnership of the Americas","description":"Promoting cooperation for a sustainable energy future in the Americas","potentialAction":[{"@type":"SearchAction","target":{"@type":"EntryPoint","urlTemplate":"https:\/\/ecpamericas.org\/es\/?s={search_term_string}"},"query-input":"required name=search_term_string"}],"inLanguage":"es"}]}},"_links":{"self":[{"href":"https:\/\/ecpamericas.org\/es\/wp-json\/wp\/v2\/mec-events\/1666","targetHints":{"allow":["GET"]}}],"collection":[{"href":"https:\/\/ecpamericas.org\/es\/wp-json\/wp\/v2\/mec-events"}],"about":[{"href":"https:\/\/ecpamericas.org\/es\/wp-json\/wp\/v2\/types\/mec-events"}],"author":[{"embeddable":true,"href":"https:\/\/ecpamericas.org\/es\/wp-json\/wp\/v2\/users\/1"}],"replies":[{"embeddable":true,"href":"https:\/\/ecpamericas.org\/es\/wp-json\/wp\/v2\/comments?post=1666"}],"wp:attachment":[{"href":"https:\/\/ecpamericas.org\/es\/wp-json\/wp\/v2\/media?parent=1666"}],"wp:term":[{"taxonomy":"post_tag","embeddable":true,"href":"https:\/\/ecpamericas.org\/es\/wp-json\/wp\/v2\/tags?post=1666"},{"taxonomy":"mec_category","embeddable":true,"href":"https:\/\/ecpamericas.org\/es\/wp-json\/wp\/v2\/mec_category?post=1666"}],"curies":[{"name":"wp","href":"https:\/\/api.w.org\/{rel}","templated":true}]}}

Movilidad Eléctrica en las Américas: Estrategias Regionales para los Desafíos Comunes

<h3>            <a href="http://www.oas.org/es/default.asp"><img decoding="async" src="https://ecpamericas.org/assets/Site_32/images/Logos/OAS%20Logos/OEA-ESP-Main-01%20small.png" alt="" /></a><span style="color: #777777;">                </span><a href="http://www.energia.gob.cl/"><img decoding="async" src="https://ecpamericas.org/assets/Site_32/images/Logos/Logotipo_del_Ministerio_de_Energ%C3%ADa_de_Chile%20SM.png" alt="" /></a></h3>
<h3><span style="font-size: x-large;"> Seminario y Taller</span></h3>
<h3><span style="font-size: medium;">Participantes:</span></h3>
<p>-Expertos y tomadores de decisiones de los ministerios de energía en los países de las Américas.</p>
<p>-Emprendedores, Industria, e Instituciones financieras.</p>
<p>-Automóvil Clubes.</p>
<p>-Instituciones académicas y de investigación.</p>
<h3><span style="font-size: medium;">Objetivo:</span></h3>
<p>Facilitar el intercambio de experiencias y lecciones aprendidas en movilidad eléctrica entre los países de las Américas para contribuir al despligue de políticas, regulaciones y estádalres consistentes. Además, el seminario y el taller promoverán los esfuerzos de coordinación entre las partes interesadas con respecto al conocimiento y promoverán un diálogo sobre los desafíos relacionados con los procesos de implementación de la movilidad eléctrica. Los participantes lograrán:</p>
<p>1. Obtener información sobre estrategias de movilidad eléctrica, mejores prácticas y lecciones aprendidas dentro y fuera de la región.</p>
<p>2. Compartir conocimientos sobre las nomras y regulaciones de las estaciones de carga seguras, eficientes y sostenibles.</p>
<p>3. Explorar oportunidades para la implementación de cadenas de valor regionales.</p>
<p>4. Facilitar la colaboración para abordar los desafíops de la movilidad eléctrica compartida.</p>
<p>Todas las sesiones serán grabadas para preparar un Documento de Conclusiones tras el evento.</p>
<h3><span style="font-size: medium;">Resultados esperados:</span></h3>
<p>Diseño e implementación de acuerdos voluntarios entre países, orientados a identificar sinergias y proponer acciones de colaboración en movilidad eléctrica.</p>
<p>Vea agenda, <a href="https://ecpamericas.org/assets/Site_32/files/Eventos/2019/San%20Jose%20Prep%20Meeting%20Agenda_esp.pdf">aquí</a>.</p>
<p><strong>Artículos relacionados:</strong></p>
<p>jueves, 09 mayo, 2019 &#8211; <a href="http://http//sp.ecpamericas.org/News/Default.aspx?id=3559">Ministra Jiménez encanbez Seminario Internacional de Electromovilidad para las Américas</a></p>
<p>viernes, 03 de mayo de 2019 &#8211; <a href="http://http//sp.ecpamericas.org/News/Default.aspx?id=3555">Repensar el transporte urbano</a></p>

<p>Diseño e implementación de acuerdos voluntarios entre países, orientados a identificar sinergias y proponer acciones de colaboración en movilidad eléctrica.</p>

<!-- This site is optimized with the Yoast SEO plugin v21.7 - https://yoast.com/wordpress/plugins/seo/ -->
<title>Movilidad Eléctrica en las Américas: Estrategias Regionales para los Desafíos Comunes - ECPA - Energy and Climate Partnership of the Americas</title>
<meta name="robots" content="index, follow, max-snippet:-1, max-image-preview:large, max-video-preview:-1" />
<link rel="canonical" href="https://ecpamericas.org/es/events/movilidad-electrica-en-las-americas-estrategias-regionales-para-los-desafios-comunes/" />
<meta property="og:locale" content="es_ES" />
<meta property="og:type" content="article" />
<meta property="og:title" content="Movilidad Eléctrica en las Américas: Estrategias Regionales para los Desafíos Comunes - ECPA - Energy and Climate Partnership of the Americas" />
<meta property="og:description" content="Diseño e implementación de acuerdos voluntarios entre países, orientados a identificar sinergias y proponer acciones de colaboración en movilidad eléctrica." />
<meta property="og:url" content="https://ecpamericas.org/es/events/movilidad-electrica-en-las-americas-estrategias-regionales-para-los-desafios-comunes/" />
<meta property="og:site_name" content="ECPA - Energy and Climate Partnership of the Americas" />
<meta property="article:modified_time" content="2020-12-31T21:42:07+00:00" />
<meta property="og:image" content="https://ecpamericas.org/assets/Site_32/images/Logos/OAS%20Logos/OEA-ESP-Main-01%20small.png" />
<meta name="twitter:card" content="summary_large_image" />
<meta name="twitter:label1" content="Tiempo de lectura" />
	<meta name="twitter:data1" content="1 minuto" />
<script type="application/ld+json" class="yoast-schema-graph">{"@context":"https://schema.org","@graph":[{"@type":"WebPage","@id":"https://ecpamericas.org/es/events/movilidad-electrica-en-las-americas-estrategias-regionales-para-los-desafios-comunes/","url":"https://ecpamericas.org/es/events/movilidad-electrica-en-las-americas-estrategias-regionales-para-los-desafios-comunes/","name":"Movilidad Eléctrica en las Américas: Estrategias Regionales para los Desafíos Comunes - ECPA - Energy and Climate Partnership of the Americas","isPartOf":{"@id":"https://ecpamericas.org/es/#website"},"datePublished":"2019-04-02T00:39:50+00:00","dateModified":"2020-12-31T21:42:07+00:00","breadcrumb":{"@id":"https://ecpamericas.org/es/events/movilidad-electrica-en-las-americas-estrategias-regionales-para-los-desafios-comunes/#breadcrumb"},"inLanguage":"es","potentialAction":[{"@type":"ReadAction","target":["https://ecpamericas.org/es/events/movilidad-electrica-en-las-americas-estrategias-regionales-para-los-desafios-comunes/"]}]},{"@type":"BreadcrumbList","@id":"https://ecpamericas.org/es/events/movilidad-electrica-en-las-americas-estrategias-regionales-para-los-desafios-comunes/#breadcrumb","itemListElement":[{"@type":"ListItem","position":1,"name":"Home","item":"https://ecpamericas.org/es/"},{"@type":"ListItem","position":2,"name":"Movilidad Eléctrica en las Américas: Estrategias Regionales para los Desafíos Comunes"}]},{"@type":"WebSite","@id":"https://ecpamericas.org/es/#website","url":"https://ecpamericas.org/es/","name":"ECPA - Energy and Climate Partnership of the Americas","description":"Promoting cooperation for a sustainable energy future in the Americas","potentialAction":[{"@type":"SearchAction","target":{"@type":"EntryPoint","urlTemplate":"https://ecpamericas.org/es/?s={search_term_string}"},"query-input":"required name=search_term_string"}],"inLanguage":"es"}]}</script>
<!-- / Yoast SEO plugin. -->

Movilidad Eléctrica en las Américas: Estrategias Regionales para los Desafíos Comunes - ECPA - Energy and Climate Partnership of the Americas

Diseño e implementación de acuerdos voluntarios entre países, orientados a identificar sinergias y proponer acciones de colaboración en movilidad eléctrica.
