{"id":1619,"date":"2019-05-22T17:36:25","date_gmt":"2019-05-22T22:36:25","guid":{"rendered":"https:\/\/ecpamericas.org\/?post_type=mec-events&#038;p=1619"},"modified":"2020-12-31T16:41:42","modified_gmt":"2020-12-31T21:41:42","slug":"29-sesion-cuadrienal-de-la-comision-internacional-de-la-iluminacion-cie","status":"publish","type":"mec-events","link":"https:\/\/ecpamericas.org\/es\/events\/29-sesion-cuadrienal-de-la-comision-internacional-de-la-iluminacion-cie\/","title":{"rendered":"29\u00b0 Sesi\u00f3n cuadrienal de la Comisi\u00f3n Internacional de la Iluminaci\u00f3n (CIE)"},"content":{"rendered":"<p><img decoding=\"async\" src=\"https:\/\/ecpamericas.org\/assets\/Site_32\/images\/ECPA%20Events\/2019\/metrology\/CrosQ.jpg\" alt=\"\" \/>Conferencia de tres d\u00edas organizada por la\u00a0<a href=\"http:\/\/www.cie.co.at\/\" target=\"_blank\" rel=\"noopener noreferrer\">Comisi\u00f3n Nacional de la Iluminaci\u00f3n de los Estados Unidos (CIE)<\/a>, para el intercambio de conocimientos t\u00e9cnico con la participaci\u00f3n de miembros internacionales de la CIE, junto con otros expertos y partes interesadas en las \u00e1reas de iluminaci\u00f3n.Se ha invitado a los estados miembros del\u00a0<a href=\"https:\/\/www.sica.int\/sica\/sica_breve_en.aspx\">Sistema de Integraci\u00f3n Centroamericana (SICA)<\/a>\u00a0a participar.<\/p>\n<p>En este contexto, y teniendo en cuenta el trabajo del Grupo T\u00e9cnico de Eficiencia Energ\u00e9tica (GTEE) del SICA sobre las regulaciones de eficiencia energ\u00e9tica para iluminaci\u00f3n de interiores y exteriores de los Estados miembros de SICA, el proyecto:\u00a0<a href=\"http:\/\/sp.ecpamericas.org\/Initiatives\/default.aspx?id=95\">Metrolog\u00eda para Tecnolog\u00edas Energ\u00e9ticamente Eficientes (M4EE)<\/a>\u00a0est\u00e1 alentando a los estados miembros del SICA a participar en los talleres y secciones que se llevar\u00e1n a cabo del 17 al 19 de junio de 2019, ya que cubrir\u00e1n todos los temas relevantes, tales como pruebas de productos, m\u00e9tricas de color y artefactos de luz temporal; Eso ser\u00e1 cubierto bajo el reglamento.<\/p>\n<p>Para mayor informaci\u00f3n, visite:\u00a0visit:\u00a0<a href=\"http:\/\/washington2019.cie.co.at\/welcome-29th-quadrennial-session-cie\">http:\/\/washington2019.cie.co.at\/welcome-29th-quadrennial-session-cie<\/a><\/p>\n","protected":false},"excerpt":{"rendered":"<p>Conferencia de tres d\u00edas organizada por la Comisi\u00f3n Nacional de la Iluminaci\u00f3n de los Estados Unidos (CIE), para el intercambio de conocimientos t\u00e9cnico con la participaci\u00f3n de miembros internacionales de la CIE, junto con otros expertos y partes interesadas en las \u00e1reas de iluminaci\u00f3n.<\/p>\n","protected":false},"author":1,"featured_media":0,"comment_status":"open","ping_status":"closed","template":"","tags":[],"mec_category":[88],"class_list":["post-1619","mec-events","type-mec-events","status-publish","hentry","mec_category-2019-es"],"acf":[],"yoast_head":"<!-- This site is optimized with the Yoast SEO plugin v21.7 - https:\/\/yoast.com\/wordpress\/plugins\/seo\/ -->\n<title>29\u00b0 Sesi\u00f3n cuadrienal de la Comisi\u00f3n Internacional de la Iluminaci\u00f3n (CIE) - ECPA - Energy and Climate Partnership of the Americas<\/title>\n<meta name=\"robots\" content=\"index, follow, max-snippet:-1, max-image-preview:large, max-video-preview:-1\" \/>\n<link rel=\"canonical\" href=\"https:\/\/ecpamericas.org\/es\/events\/29-sesion-cuadrienal-de-la-comision-internacional-de-la-iluminacion-cie\/\" \/>\n<meta property=\"og:locale\" content=\"es_ES\" \/>\n<meta property=\"og:type\" content=\"article\" \/>\n<meta property=\"og:title\" content=\"29\u00b0 Sesi\u00f3n cuadrienal de la Comisi\u00f3n Internacional de la Iluminaci\u00f3n (CIE) - ECPA - Energy and Climate Partnership of the Americas\" \/>\n<meta property=\"og:description\" content=\"Conferencia de tres d\u00edas organizada por la Comisi\u00f3n Nacional de la Iluminaci\u00f3n de los Estados Unidos (CIE), para el intercambio de conocimientos t\u00e9cnico con la participaci\u00f3n de miembros internacionales de la CIE, junto con otros expertos y partes interesadas en las \u00e1reas de iluminaci\u00f3n.\" \/>\n<meta property=\"og:url\" content=\"https:\/\/ecpamericas.org\/es\/events\/29-sesion-cuadrienal-de-la-comision-internacional-de-la-iluminacion-cie\/\" \/>\n<meta property=\"og:site_name\" content=\"ECPA - Energy and Climate Partnership of the Americas\" \/>\n<meta property=\"article:modified_time\" content=\"2020-12-31T21:41:42+00:00\" \/>\n<meta property=\"og:image\" content=\"https:\/\/ecpamericas.org\/assets\/Site_32\/images\/ECPA%20Events\/2019\/metrology\/CrosQ.jpg\" \/>\n<meta name=\"twitter:card\" content=\"summary_large_image\" \/>\n<meta name=\"twitter:label1\" content=\"Tiempo de lectura\" \/>\n\t<meta name=\"twitter:data1\" content=\"1 minuto\" \/>\n<script type=\"application\/ld+json\" class=\"yoast-schema-graph\">{\"@context\":\"https:\/\/schema.org\",\"@graph\":[{\"@type\":\"WebPage\",\"@id\":\"https:\/\/ecpamericas.org\/es\/events\/29-sesion-cuadrienal-de-la-comision-internacional-de-la-iluminacion-cie\/\",\"url\":\"https:\/\/ecpamericas.org\/es\/events\/29-sesion-cuadrienal-de-la-comision-internacional-de-la-iluminacion-cie\/\",\"name\":\"29\u00b0 Sesi\u00f3n cuadrienal de la Comisi\u00f3n Internacional de la Iluminaci\u00f3n (CIE) - ECPA - Energy and Climate Partnership of the Americas\",\"isPartOf\":{\"@id\":\"https:\/\/ecpamericas.org\/es\/#website\"},\"datePublished\":\"2019-05-22T22:36:25+00:00\",\"dateModified\":\"2020-12-31T21:41:42+00:00\",\"breadcrumb\":{\"@id\":\"https:\/\/ecpamericas.org\/es\/events\/29-sesion-cuadrienal-de-la-comision-internacional-de-la-iluminacion-cie\/#breadcrumb\"},\"inLanguage\":\"es\",\"potentialAction\":[{\"@type\":\"ReadAction\",\"target\":[\"https:\/\/ecpamericas.org\/es\/events\/29-sesion-cuadrienal-de-la-comision-internacional-de-la-iluminacion-cie\/\"]}]},{\"@type\":\"BreadcrumbList\",\"@id\":\"https:\/\/ecpamericas.org\/es\/events\/29-sesion-cuadrienal-de-la-comision-internacional-de-la-iluminacion-cie\/#breadcrumb\",\"itemListElement\":[{\"@type\":\"ListItem\",\"position\":1,\"name\":\"Home\",\"item\":\"https:\/\/ecpamericas.org\/es\/\"},{\"@type\":\"ListItem\",\"position\":2,\"name\":\"29\u00b0 Sesi\u00f3n cuadrienal de la Comisi\u00f3n Internacional de la Iluminaci\u00f3n (CIE)\"}]},{\"@type\":\"WebSite\",\"@id\":\"https:\/\/ecpamericas.org\/es\/#website\",\"url\":\"https:\/\/ecpamericas.org\/es\/\",\"name\":\"ECPA - Energy and Climate Partnership of the Americas\",\"description\":\"Promoting cooperation for a sustainable energy future in the Americas\",\"potentialAction\":[{\"@type\":\"SearchAction\",\"target\":{\"@type\":\"EntryPoint\",\"urlTemplate\":\"https:\/\/ecpamericas.org\/es\/?s={search_term_string}\"},\"query-input\":\"required name=search_term_string\"}],\"inLanguage\":\"es\"}]}<\/script>\n<!-- \/ Yoast SEO plugin. -->","yoast_head_json":{"title":"29\u00b0 Sesi\u00f3n cuadrienal de la Comisi\u00f3n Internacional de la Iluminaci\u00f3n (CIE) - ECPA - Energy and Climate Partnership of the Americas","robots":{"index":"index","follow":"follow","max-snippet":"max-snippet:-1","max-image-preview":"max-image-preview:large","max-video-preview":"max-video-preview:-1"},"canonical":"https:\/\/ecpamericas.org\/es\/events\/29-sesion-cuadrienal-de-la-comision-internacional-de-la-iluminacion-cie\/","og_locale":"es_ES","og_type":"article","og_title":"29\u00b0 Sesi\u00f3n cuadrienal de la Comisi\u00f3n Internacional de la Iluminaci\u00f3n (CIE) - ECPA - Energy and Climate Partnership of the Americas","og_description":"Conferencia de tres d\u00edas organizada por la Comisi\u00f3n Nacional de la Iluminaci\u00f3n de los Estados Unidos (CIE), para el intercambio de conocimientos t\u00e9cnico con la participaci\u00f3n de miembros internacionales de la CIE, junto con otros expertos y partes interesadas en las \u00e1reas de iluminaci\u00f3n.","og_url":"https:\/\/ecpamericas.org\/es\/events\/29-sesion-cuadrienal-de-la-comision-internacional-de-la-iluminacion-cie\/","og_site_name":"ECPA - Energy and Climate Partnership of the Americas","article_modified_time":"2020-12-31T21:41:42+00:00","og_image":[{"url":"https:\/\/ecpamericas.org\/assets\/Site_32\/images\/ECPA%20Events\/2019\/metrology\/CrosQ.jpg"}],"twitter_card":"summary_large_image","twitter_misc":{"Tiempo de lectura":"1 minuto"},"schema":{"@context":"https:\/\/schema.org","@graph":[{"@type":"WebPage","@id":"https:\/\/ecpamericas.org\/es\/events\/29-sesion-cuadrienal-de-la-comision-internacional-de-la-iluminacion-cie\/","url":"https:\/\/ecpamericas.org\/es\/events\/29-sesion-cuadrienal-de-la-comision-internacional-de-la-iluminacion-cie\/","name":"29\u00b0 Sesi\u00f3n cuadrienal de la Comisi\u00f3n Internacional de la Iluminaci\u00f3n (CIE) - ECPA - Energy and Climate Partnership of the Americas","isPartOf":{"@id":"https:\/\/ecpamericas.org\/es\/#website"},"datePublished":"2019-05-22T22:36:25+00:00","dateModified":"2020-12-31T21:41:42+00:00","breadcrumb":{"@id":"https:\/\/ecpamericas.org\/es\/events\/29-sesion-cuadrienal-de-la-comision-internacional-de-la-iluminacion-cie\/#breadcrumb"},"inLanguage":"es","potentialAction":[{"@type":"ReadAction","target":["https:\/\/ecpamericas.org\/es\/events\/29-sesion-cuadrienal-de-la-comision-internacional-de-la-iluminacion-cie\/"]}]},{"@type":"BreadcrumbList","@id":"https:\/\/ecpamericas.org\/es\/events\/29-sesion-cuadrienal-de-la-comision-internacional-de-la-iluminacion-cie\/#breadcrumb","itemListElement":[{"@type":"ListItem","position":1,"name":"Home","item":"https:\/\/ecpamericas.org\/es\/"},{"@type":"ListItem","position":2,"name":"29\u00b0 Sesi\u00f3n cuadrienal de la Comisi\u00f3n Internacional de la Iluminaci\u00f3n (CIE)"}]},{"@type":"WebSite","@id":"https:\/\/ecpamericas.org\/es\/#website","url":"https:\/\/ecpamericas.org\/es\/","name":"ECPA - Energy and Climate Partnership of the Americas","description":"Promoting cooperation for a sustainable energy future in the Americas","potentialAction":[{"@type":"SearchAction","target":{"@type":"EntryPoint","urlTemplate":"https:\/\/ecpamericas.org\/es\/?s={search_term_string}"},"query-input":"required name=search_term_string"}],"inLanguage":"es"}]}},"_links":{"self":[{"href":"https:\/\/ecpamericas.org\/es\/wp-json\/wp\/v2\/mec-events\/1619","targetHints":{"allow":["GET"]}}],"collection":[{"href":"https:\/\/ecpamericas.org\/es\/wp-json\/wp\/v2\/mec-events"}],"about":[{"href":"https:\/\/ecpamericas.org\/es\/wp-json\/wp\/v2\/types\/mec-events"}],"author":[{"embeddable":true,"href":"https:\/\/ecpamericas.org\/es\/wp-json\/wp\/v2\/users\/1"}],"replies":[{"embeddable":true,"href":"https:\/\/ecpamericas.org\/es\/wp-json\/wp\/v2\/comments?post=1619"}],"wp:attachment":[{"href":"https:\/\/ecpamericas.org\/es\/wp-json\/wp\/v2\/media?parent=1619"}],"wp:term":[{"taxonomy":"post_tag","embeddable":true,"href":"https:\/\/ecpamericas.org\/es\/wp-json\/wp\/v2\/tags?post=1619"},{"taxonomy":"mec_category","embeddable":true,"href":"https:\/\/ecpamericas.org\/es\/wp-json\/wp\/v2\/mec_category?post=1619"}],"curies":[{"name":"wp","href":"https:\/\/api.w.org\/{rel}","templated":true}]}}

29° Sesión cuadrienal de la Comisión Internacional de la Iluminación (CIE)

<p><img decoding="async" src="https://ecpamericas.org/assets/Site_32/images/ECPA%20Events/2019/metrology/CrosQ.jpg" alt="" />Conferencia de tres días organizada por la <a href="http://www.cie.co.at/" target="_blank" rel="noopener noreferrer">Comisión Nacional de la Iluminación de los Estados Unidos (CIE)</a>, para el intercambio de conocimientos técnico con la participación de miembros internacionales de la CIE, junto con otros expertos y partes interesadas en las áreas de iluminación.Se ha invitado a los estados miembros del <a href="https://www.sica.int/sica/sica_breve_en.aspx">Sistema de Integración Centroamericana (SICA)</a> a participar.</p>
<p>En este contexto, y teniendo en cuenta el trabajo del Grupo Técnico de Eficiencia Energética (GTEE) del SICA sobre las regulaciones de eficiencia energética para iluminación de interiores y exteriores de los Estados miembros de SICA, el proyecto: <a href="http://sp.ecpamericas.org/Initiatives/default.aspx?id=95">Metrología para Tecnologías Energéticamente Eficientes (M4EE)</a> está alentando a los estados miembros del SICA a participar en los talleres y secciones que se llevarán a cabo del 17 al 19 de junio de 2019, ya que cubrirán todos los temas relevantes, tales como pruebas de productos, métricas de color y artefactos de luz temporal; Eso será cubierto bajo el reglamento.</p>
<p>Para mayor información, visite: visit: <a href="http://washington2019.cie.co.at/welcome-29th-quadrennial-session-cie">http://washington2019.cie.co.at/welcome-29th-quadrennial-session-cie</a></p>

<p>Conferencia de tres días organizada por la Comisión Nacional de la Iluminación de los Estados Unidos (CIE), para el intercambio de conocimientos técnico con la participación de miembros internacionales de la CIE, junto con otros expertos y partes interesadas en las áreas de iluminación.</p>

<!-- This site is optimized with the Yoast SEO plugin v21.7 - https://yoast.com/wordpress/plugins/seo/ -->
<title>29° Sesión cuadrienal de la Comisión Internacional de la Iluminación (CIE) - ECPA - Energy and Climate Partnership of the Americas</title>
<meta name="robots" content="index, follow, max-snippet:-1, max-image-preview:large, max-video-preview:-1" />
<link rel="canonical" href="https://ecpamericas.org/es/events/29-sesion-cuadrienal-de-la-comision-internacional-de-la-iluminacion-cie/" />
<meta property="og:locale" content="es_ES" />
<meta property="og:type" content="article" />
<meta property="og:title" content="29° Sesión cuadrienal de la Comisión Internacional de la Iluminación (CIE) - ECPA - Energy and Climate Partnership of the Americas" />
<meta property="og:description" content="Conferencia de tres días organizada por la Comisión Nacional de la Iluminación de los Estados Unidos (CIE), para el intercambio de conocimientos técnico con la participación de miembros internacionales de la CIE, junto con otros expertos y partes interesadas en las áreas de iluminación." />
<meta property="og:url" content="https://ecpamericas.org/es/events/29-sesion-cuadrienal-de-la-comision-internacional-de-la-iluminacion-cie/" />
<meta property="og:site_name" content="ECPA - Energy and Climate Partnership of the Americas" />
<meta property="article:modified_time" content="2020-12-31T21:41:42+00:00" />
<meta property="og:image" content="https://ecpamericas.org/assets/Site_32/images/ECPA%20Events/2019/metrology/CrosQ.jpg" />
<meta name="twitter:card" content="summary_large_image" />
<meta name="twitter:label1" content="Tiempo de lectura" />
	<meta name="twitter:data1" content="1 minuto" />
<script type="application/ld+json" class="yoast-schema-graph">{"@context":"https://schema.org","@graph":[{"@type":"WebPage","@id":"https://ecpamericas.org/es/events/29-sesion-cuadrienal-de-la-comision-internacional-de-la-iluminacion-cie/","url":"https://ecpamericas.org/es/events/29-sesion-cuadrienal-de-la-comision-internacional-de-la-iluminacion-cie/","name":"29° Sesión cuadrienal de la Comisión Internacional de la Iluminación (CIE) - ECPA - Energy and Climate Partnership of the Americas","isPartOf":{"@id":"https://ecpamericas.org/es/#website"},"datePublished":"2019-05-22T22:36:25+00:00","dateModified":"2020-12-31T21:41:42+00:00","breadcrumb":{"@id":"https://ecpamericas.org/es/events/29-sesion-cuadrienal-de-la-comision-internacional-de-la-iluminacion-cie/#breadcrumb"},"inLanguage":"es","potentialAction":[{"@type":"ReadAction","target":["https://ecpamericas.org/es/events/29-sesion-cuadrienal-de-la-comision-internacional-de-la-iluminacion-cie/"]}]},{"@type":"BreadcrumbList","@id":"https://ecpamericas.org/es/events/29-sesion-cuadrienal-de-la-comision-internacional-de-la-iluminacion-cie/#breadcrumb","itemListElement":[{"@type":"ListItem","position":1,"name":"Home","item":"https://ecpamericas.org/es/"},{"@type":"ListItem","position":2,"name":"29° Sesión cuadrienal de la Comisión Internacional de la Iluminación (CIE)"}]},{"@type":"WebSite","@id":"https://ecpamericas.org/es/#website","url":"https://ecpamericas.org/es/","name":"ECPA - Energy and Climate Partnership of the Americas","description":"Promoting cooperation for a sustainable energy future in the Americas","potentialAction":[{"@type":"SearchAction","target":{"@type":"EntryPoint","urlTemplate":"https://ecpamericas.org/es/?s={search_term_string}"},"query-input":"required name=search_term_string"}],"inLanguage":"es"}]}</script>
<!-- / Yoast SEO plugin. -->

29° Sesión cuadrienal de la Comisión Internacional de la Iluminación (CIE) - ECPA - Energy and Climate Partnership of the Americas

Conferencia de tres días organizada por la Comisión Nacional de la Iluminación de los Estados Unidos (CIE), para el intercambio de conocimientos técnico con la participación de miembros internacionales de la CIE, junto con otros expertos y partes interesadas en las áreas de iluminación.
