{"version":"1.0","provider_name":"ECPA - Energy and Climate Partnership of the Americas","provider_url":"https:\/\/ecpamericas.org\/es\/","title":"Rep\u00fablica Dominicana: Un \u00abgran salto\u00bb hacia las renovables - ECPA - Energy and Climate Partnership of the Americas","type":"rich","width":600,"height":338,"html":"<blockquote class=\"wp-embedded-content\" data-secret=\"C3063aVh6b\"><a href=\"https:\/\/ecpamericas.org\/es\/newsletters\/republica-dominicana-un-gran-salto-hacia-las-renovables\/\">Rep\u00fablica Dominicana: Un \u00abgran salto\u00bb hacia las renovables<\/a><\/blockquote><iframe sandbox=\"allow-scripts\" security=\"restricted\" src=\"https:\/\/ecpamericas.org\/es\/newsletters\/republica-dominicana-un-gran-salto-hacia-las-renovables\/embed\/#?secret=C3063aVh6b\" width=\"600\" height=\"338\" title=\"\u00abRep\u00fablica Dominicana: Un \u00abgran salto\u00bb hacia las renovables\u00bb \u2014 ECPA - Energy and Climate Partnership of the Americas\" data-secret=\"C3063aVh6b\" frameborder=\"0\" marginwidth=\"0\" marginheight=\"0\" scrolling=\"no\" class=\"wp-embedded-content\"><\/iframe><script type=\"text\/javascript\">\n\/* <![CDATA[ *\/\n\/*! This file is auto-generated *\/\n!function(d,l){\"use strict\";l.querySelector&&d.addEventListener&&\"undefined\"!=typeof URL&&(d.wp=d.wp||{},d.wp.receiveEmbedMessage||(d.wp.receiveEmbedMessage=function(e){var t=e.data;if((t||t.secret||t.message||t.value)&&!\/[^a-zA-Z0-9]\/.test(t.secret)){for(var s,r,n,a=l.querySelectorAll('iframe[data-secret=\"'+t.secret+'\"]'),o=l.querySelectorAll('blockquote[data-secret=\"'+t.secret+'\"]'),c=new RegExp(\"^https?:$\",\"i\"),i=0;i<o.length;i++)o[i].style.display=\"none\";for(i=0;i<a.length;i++)s=a[i],e.source===s.contentWindow&&(s.removeAttribute(\"style\"),\"height\"===t.message?(1e3<(r=parseInt(t.value,10))?r=1e3:~~r<200&&(r=200),s.height=r):\"link\"===t.message&&(r=new URL(s.getAttribute(\"src\")),n=new URL(t.value),c.test(n.protocol))&&n.host===r.host&&l.activeElement===s&&(d.top.location.href=t.value))}},d.addEventListener(\"message\",d.wp.receiveEmbedMessage,!1),l.addEventListener(\"DOMContentLoaded\",function(){for(var e,t,s=l.querySelectorAll(\"iframe.wp-embedded-content\"),r=0;r<s.length;r++)(t=(e=s[r]).getAttribute(\"data-secret\"))||(t=Math.random().toString(36).substring(2,12),e.src+=\"#?secret=\"+t,e.setAttribute(\"data-secret\",t)),e.contentWindow.postMessage({message:\"ready\",secret:t},\"*\")},!1)))}(window,document);\n\/\/# sourceURL=https:\/\/ecpamericas.org\/wp-includes\/js\/wp-embed.min.js\n\/* ]]> *\/\n<\/script>\n","thumbnail_url":"https:\/\/ecpamericas.org\/wp-content\/uploads\/2023\/06\/unnamed.png","thumbnail_width":1024,"thumbnail_height":768,"description":"Con 17 proyectos en construcci\u00f3n, la Rep\u00fablica Dominicana est\u00e1 experimentando un auge de la energ\u00eda renovable. \u00bfA qu\u00e9 se debe este \u00e9xito? \u00bfQu\u00e9 medidas est\u00e1 tomando el pa\u00eds para superar los retos? &nbsp; Antonio Almonte, Ministro de Energ\u00eda y Minas, destac\u00f3 que la aplicaci\u00f3n de pol\u00edticas p\u00fablicas s\u00f3lidas, con menos burocracia y m\u00e1s transparencia, ha [&hellip;]"}

República Dominicana: Un «gran salto» hacia las renovables - ECPA - Energy and Climate Partnership of the Americas

<blockquote class="wp-embedded-content" data-secret="C3063aVh6b"><a href="https://ecpamericas.org/es/newsletters/republica-dominicana-un-gran-salto-hacia-las-renovables/">República Dominicana: Un «gran salto» hacia las renovables</a></blockquote><iframe sandbox="allow-scripts" security="restricted" src="https://ecpamericas.org/es/newsletters/republica-dominicana-un-gran-salto-hacia-las-renovables/embed/#?secret=C3063aVh6b" width="600" height="338" title="«República Dominicana: Un «gran salto» hacia las renovables» — ECPA - Energy and Climate Partnership of the Americas" data-secret="C3063aVh6b" frameborder="0" marginwidth="0" marginheight="0" scrolling="no" class="wp-embedded-content"></iframe><script type="text/javascript">
/* <![CDATA[ */
/*! This file is auto-generated */
!function(d,l){"use strict";l.querySelector&&d.addEventListener&&"undefined"!=typeof URL&&(d.wp=d.wp||{},d.wp.receiveEmbedMessage||(d.wp.receiveEmbedMessage=function(e){var t=e.data;if((t||t.secret||t.message||t.value)&&!/[^a-zA-Z0-9]/.test(t.secret)){for(var s,r,n,a=l.querySelectorAll('iframe[data-secret="'+t.secret+'"]'),o=l.querySelectorAll('blockquote[data-secret="'+t.secret+'"]'),c=new RegExp("^https?:$","i"),i=0;i<o.length;i++)o[i].style.display="none";for(i=0;i<a.length;i++)s=a[i],e.source===s.contentWindow&&(s.removeAttribute("style"),"height"===t.message?(1e3<(r=parseInt(t.value,10))?r=1e3:~~r<200&&(r=200),s.height=r):"link"===t.message&&(r=new URL(s.getAttribute("src")),n=new URL(t.value),c.test(n.protocol))&&n.host===r.host&&l.activeElement===s&&(d.top.location.href=t.value))}},d.addEventListener("message",d.wp.receiveEmbedMessage,!1),l.addEventListener("DOMContentLoaded",function(){for(var e,t,s=l.querySelectorAll("iframe.wp-embedded-content"),r=0;r<s.length;r++)(t=(e=s[r]).getAttribute("data-secret"))||(t=Math.random().toString(36).substring(2,12),e.src+="#?secret="+t,e.setAttribute("data-secret",t)),e.contentWindow.postMessage({message:"ready",secret:t},"*")},!1)))}(window,document);
//# sourceURL=https://ecpamericas.org/wp-includes/js/wp-embed.min.js
/* ]]> */
</script>

Con 17 proyectos en construcción, la República Dominicana está experimentando un auge de la energía renovable. ¿A qué se debe este éxito? ¿Qué medidas está tomando el país para superar los retos? &nbsp; Antonio Almonte, Ministro de Energía y Minas, destacó que la aplicación de políticas públicas sólidas, con menos burocracia y más transparencia, ha [&hellip;]
