{"version":"1.0","provider_name":"ECPA - Energy and Climate Partnership of the Americas","provider_url":"https:\/\/ecpamericas.org\/es\/","title":"Noticias sobre el Acuerdo de Par\u00eds - ECPA - Energy and Climate Partnership of the Americas","type":"rich","width":600,"height":338,"html":"<blockquote class=\"wp-embedded-content\" data-secret=\"5rhDPQdOc0\"><a href=\"https:\/\/ecpamericas.org\/es\/newsletters\/noticias-sobre-el-acuerdo-de-paris\/\">Noticias sobre el Acuerdo de Par\u00eds<\/a><\/blockquote><iframe sandbox=\"allow-scripts\" security=\"restricted\" src=\"https:\/\/ecpamericas.org\/es\/newsletters\/noticias-sobre-el-acuerdo-de-paris\/embed\/#?secret=5rhDPQdOc0\" width=\"600\" height=\"338\" title=\"\u00abNoticias sobre el Acuerdo de Par\u00eds\u00bb \u2014 ECPA - Energy and Climate Partnership of the Americas\" data-secret=\"5rhDPQdOc0\" frameborder=\"0\" marginwidth=\"0\" marginheight=\"0\" scrolling=\"no\" class=\"wp-embedded-content\"><\/iframe><script type=\"text\/javascript\">\n\/* <![CDATA[ *\/\n\/*! This file is auto-generated *\/\n!function(d,l){\"use strict\";l.querySelector&&d.addEventListener&&\"undefined\"!=typeof URL&&(d.wp=d.wp||{},d.wp.receiveEmbedMessage||(d.wp.receiveEmbedMessage=function(e){var t=e.data;if((t||t.secret||t.message||t.value)&&!\/[^a-zA-Z0-9]\/.test(t.secret)){for(var s,r,n,a=l.querySelectorAll('iframe[data-secret=\"'+t.secret+'\"]'),o=l.querySelectorAll('blockquote[data-secret=\"'+t.secret+'\"]'),c=new RegExp(\"^https?:$\",\"i\"),i=0;i<o.length;i++)o[i].style.display=\"none\";for(i=0;i<a.length;i++)s=a[i],e.source===s.contentWindow&&(s.removeAttribute(\"style\"),\"height\"===t.message?(1e3<(r=parseInt(t.value,10))?r=1e3:~~r<200&&(r=200),s.height=r):\"link\"===t.message&&(r=new URL(s.getAttribute(\"src\")),n=new URL(t.value),c.test(n.protocol))&&n.host===r.host&&l.activeElement===s&&(d.top.location.href=t.value))}},d.addEventListener(\"message\",d.wp.receiveEmbedMessage,!1),l.addEventListener(\"DOMContentLoaded\",function(){for(var e,t,s=l.querySelectorAll(\"iframe.wp-embedded-content\"),r=0;r<s.length;r++)(t=(e=s[r]).getAttribute(\"data-secret\"))||(t=Math.random().toString(36).substring(2,12),e.src+=\"#?secret=\"+t,e.setAttribute(\"data-secret\",t)),e.contentWindow.postMessage({message:\"ready\",secret:t},\"*\")},!1)))}(window,document);\n\/\/# sourceURL=https:\/\/ecpamericas.org\/wp-includes\/js\/wp-embed.min.js\n\/* ]]> *\/\n<\/script>\n","description":"Acuerdo de Par\u00eds ratificado en tiempo r\u00e9cord: las Partes se alistan para ponerse manos a la obra Octubre de 2016 ser\u00e1 un mes para recordar, al haber sido testigo de la consecuci\u00f3n del doble del umbral requerido para que el Acuerdo de Par\u00eds entrara en vigor. El Acuerdo de Par\u00eds iniciar\u00e1 a partir del 4 [&hellip;]","thumbnail_url":"https:\/\/ecpamericas.org\/assets\/Site_32\/images\/Newsletter\/2016\/November%202016\/COPP22%202.jpg"}

Noticias sobre el Acuerdo de París - ECPA - Energy and Climate Partnership of the Americas

<blockquote class="wp-embedded-content" data-secret="5rhDPQdOc0"><a href="https://ecpamericas.org/es/newsletters/noticias-sobre-el-acuerdo-de-paris/">Noticias sobre el Acuerdo de París</a></blockquote><iframe sandbox="allow-scripts" security="restricted" src="https://ecpamericas.org/es/newsletters/noticias-sobre-el-acuerdo-de-paris/embed/#?secret=5rhDPQdOc0" width="600" height="338" title="«Noticias sobre el Acuerdo de París» — ECPA - Energy and Climate Partnership of the Americas" data-secret="5rhDPQdOc0" frameborder="0" marginwidth="0" marginheight="0" scrolling="no" class="wp-embedded-content"></iframe><script type="text/javascript">
/* <![CDATA[ */
/*! This file is auto-generated */
!function(d,l){"use strict";l.querySelector&&d.addEventListener&&"undefined"!=typeof URL&&(d.wp=d.wp||{},d.wp.receiveEmbedMessage||(d.wp.receiveEmbedMessage=function(e){var t=e.data;if((t||t.secret||t.message||t.value)&&!/[^a-zA-Z0-9]/.test(t.secret)){for(var s,r,n,a=l.querySelectorAll('iframe[data-secret="'+t.secret+'"]'),o=l.querySelectorAll('blockquote[data-secret="'+t.secret+'"]'),c=new RegExp("^https?:$","i"),i=0;i<o.length;i++)o[i].style.display="none";for(i=0;i<a.length;i++)s=a[i],e.source===s.contentWindow&&(s.removeAttribute("style"),"height"===t.message?(1e3<(r=parseInt(t.value,10))?r=1e3:~~r<200&&(r=200),s.height=r):"link"===t.message&&(r=new URL(s.getAttribute("src")),n=new URL(t.value),c.test(n.protocol))&&n.host===r.host&&l.activeElement===s&&(d.top.location.href=t.value))}},d.addEventListener("message",d.wp.receiveEmbedMessage,!1),l.addEventListener("DOMContentLoaded",function(){for(var e,t,s=l.querySelectorAll("iframe.wp-embedded-content"),r=0;r<s.length;r++)(t=(e=s[r]).getAttribute("data-secret"))||(t=Math.random().toString(36).substring(2,12),e.src+="#?secret="+t,e.setAttribute("data-secret",t)),e.contentWindow.postMessage({message:"ready",secret:t},"*")},!1)))}(window,document);
//# sourceURL=https://ecpamericas.org/wp-includes/js/wp-embed.min.js
/* ]]> */
</script>

Acuerdo de París ratificado en tiempo récord: las Partes se alistan para ponerse manos a la obra Octubre de 2016 será un mes para recordar, al haber sido testigo de la consecución del doble del umbral requerido para que el Acuerdo de París entrara en vigor. El Acuerdo de París iniciará a partir del 4 [&hellip;]
