{"version":"1.0","provider_name":"ECPA - Energy and Climate Partnership of the Americas","provider_url":"https:\/\/ecpamericas.org\/es\/","title":"Las empresas el\u00e9ctricas sienten los efectos secundarios - ECPA - Energy and Climate Partnership of the Americas","type":"rich","width":600,"height":338,"html":"<blockquote class=\"wp-embedded-content\" data-secret=\"xa7IorbD2a\"><a href=\"https:\/\/ecpamericas.org\/es\/newsletters\/las-empresas-electricas-sienten-los-efectos-secundarios\/\">Las empresas el\u00e9ctricas sienten los efectos secundarios<\/a><\/blockquote><iframe sandbox=\"allow-scripts\" security=\"restricted\" src=\"https:\/\/ecpamericas.org\/es\/newsletters\/las-empresas-electricas-sienten-los-efectos-secundarios\/embed\/#?secret=xa7IorbD2a\" width=\"600\" height=\"338\" title=\"\u00abLas empresas el\u00e9ctricas sienten los efectos secundarios\u00bb \u2014 ECPA - Energy and Climate Partnership of the Americas\" data-secret=\"xa7IorbD2a\" frameborder=\"0\" marginwidth=\"0\" marginheight=\"0\" scrolling=\"no\" class=\"wp-embedded-content\"><\/iframe><script type=\"text\/javascript\">\n\/* <![CDATA[ *\/\n\/*! This file is auto-generated *\/\n!function(d,l){\"use strict\";l.querySelector&&d.addEventListener&&\"undefined\"!=typeof URL&&(d.wp=d.wp||{},d.wp.receiveEmbedMessage||(d.wp.receiveEmbedMessage=function(e){var t=e.data;if((t||t.secret||t.message||t.value)&&!\/[^a-zA-Z0-9]\/.test(t.secret)){for(var s,r,n,a=l.querySelectorAll('iframe[data-secret=\"'+t.secret+'\"]'),o=l.querySelectorAll('blockquote[data-secret=\"'+t.secret+'\"]'),c=new RegExp(\"^https?:$\",\"i\"),i=0;i<o.length;i++)o[i].style.display=\"none\";for(i=0;i<a.length;i++)s=a[i],e.source===s.contentWindow&&(s.removeAttribute(\"style\"),\"height\"===t.message?(1e3<(r=parseInt(t.value,10))?r=1e3:~~r<200&&(r=200),s.height=r):\"link\"===t.message&&(r=new URL(s.getAttribute(\"src\")),n=new URL(t.value),c.test(n.protocol))&&n.host===r.host&&l.activeElement===s&&(d.top.location.href=t.value))}},d.addEventListener(\"message\",d.wp.receiveEmbedMessage,!1),l.addEventListener(\"DOMContentLoaded\",function(){for(var e,t,s=l.querySelectorAll(\"iframe.wp-embedded-content\"),r=0;r<s.length;r++)(t=(e=s[r]).getAttribute(\"data-secret\"))||(t=Math.random().toString(36).substring(2,12),e.src+=\"#?secret=\"+t,e.setAttribute(\"data-secret\",t)),e.contentWindow.postMessage({message:\"ready\",secret:t},\"*\")},!1)))}(window,document);\n\/\/# sourceURL=https:\/\/ecpamericas.org\/wp-includes\/js\/wp-embed.min.js\n\/* ]]> *\/\n<\/script>\n","description":"No importa cu\u00e1ntas pel\u00edculas miren las familias aisladas en sus hogares, o cu\u00e1ntas horas usen el aire acondicionado, escuchen la radio o trabajen desde sus computadoras. No utilizar\u00e1n tanta electricidad como una f\u00e1brica o un concurrido hotel. El cierre generalizado de la actividad comercial e industrial en toda la regi\u00f3n ha resultado en una menor demanda de energ\u00eda el\u00e9ctrica. Esto crea desaf\u00edos para las empresas de servicios el\u00e9ctricos, especialmente en un momento en el que muchos de sus clientes tendr\u00e1n dificultades para pagar sus facturas de electricidad.","thumbnail_url":"https:\/\/ecpamericas.org\/assets\/Site_32\/images\/Newsletter\/2020\/abril\/electric%20companies.png"}

Las empresas eléctricas sienten los efectos secundarios - ECPA - Energy and Climate Partnership of the Americas

<blockquote class="wp-embedded-content" data-secret="xa7IorbD2a"><a href="https://ecpamericas.org/es/newsletters/las-empresas-electricas-sienten-los-efectos-secundarios/">Las empresas eléctricas sienten los efectos secundarios</a></blockquote><iframe sandbox="allow-scripts" security="restricted" src="https://ecpamericas.org/es/newsletters/las-empresas-electricas-sienten-los-efectos-secundarios/embed/#?secret=xa7IorbD2a" width="600" height="338" title="«Las empresas eléctricas sienten los efectos secundarios» — ECPA - Energy and Climate Partnership of the Americas" data-secret="xa7IorbD2a" frameborder="0" marginwidth="0" marginheight="0" scrolling="no" class="wp-embedded-content"></iframe><script type="text/javascript">
/* <![CDATA[ */
/*! This file is auto-generated */
!function(d,l){"use strict";l.querySelector&&d.addEventListener&&"undefined"!=typeof URL&&(d.wp=d.wp||{},d.wp.receiveEmbedMessage||(d.wp.receiveEmbedMessage=function(e){var t=e.data;if((t||t.secret||t.message||t.value)&&!/[^a-zA-Z0-9]/.test(t.secret)){for(var s,r,n,a=l.querySelectorAll('iframe[data-secret="'+t.secret+'"]'),o=l.querySelectorAll('blockquote[data-secret="'+t.secret+'"]'),c=new RegExp("^https?:$","i"),i=0;i<o.length;i++)o[i].style.display="none";for(i=0;i<a.length;i++)s=a[i],e.source===s.contentWindow&&(s.removeAttribute("style"),"height"===t.message?(1e3<(r=parseInt(t.value,10))?r=1e3:~~r<200&&(r=200),s.height=r):"link"===t.message&&(r=new URL(s.getAttribute("src")),n=new URL(t.value),c.test(n.protocol))&&n.host===r.host&&l.activeElement===s&&(d.top.location.href=t.value))}},d.addEventListener("message",d.wp.receiveEmbedMessage,!1),l.addEventListener("DOMContentLoaded",function(){for(var e,t,s=l.querySelectorAll("iframe.wp-embedded-content"),r=0;r<s.length;r++)(t=(e=s[r]).getAttribute("data-secret"))||(t=Math.random().toString(36).substring(2,12),e.src+="#?secret="+t,e.setAttribute("data-secret",t)),e.contentWindow.postMessage({message:"ready",secret:t},"*")},!1)))}(window,document);
//# sourceURL=https://ecpamericas.org/wp-includes/js/wp-embed.min.js
/* ]]> */
</script>

No importa cuántas películas miren las familias aisladas en sus hogares, o cuántas horas usen el aire acondicionado, escuchen la radio o trabajen desde sus computadoras. No utilizarán tanta electricidad como una fábrica o un concurrido hotel. El cierre generalizado de la actividad comercial e industrial en toda la región ha resultado en una menor demanda de energía eléctrica. Esto crea desafíos para las empresas de servicios eléctricos, especialmente en un momento en el que muchos de sus clientes tendrán dificultades para pagar sus facturas de electricidad.
